{"id":10059,"date":"2024-03-08T18:26:54","date_gmt":"2024-03-08T16:26:54","guid":{"rendered":"https:\/\/quintett.eu\/?product=kali-audio-in-5"},"modified":"2025-07-04T11:10:03","modified_gmt":"2025-07-04T09:10:03","slug":"kali-audio-in-5","status":"publish","type":"product","link":"https:\/\/quintett.eu\/?product=kali-audio-in-5","title":{"rendered":"Kali Audio IN-5"},"content":{"rendered":"<p>Monitor Studio Activ\u00a0Kali Audio IN-5<\/p>\n<ul>\n<li>Configura\u021bie pe 3 c\u0103i cu woofer, difuzor midrange coaxial si tweeter<\/li>\n<li>Woofer de 5&#8243;<\/li>\n<li>Difuzor midrange coaxial de 4&#8243;<\/li>\n<li>Tweeter textil soft dome de 1&#8243;<\/li>\n<li>SPL maxim: 115 dB<\/li>\n<li>Putere: 160 Watt (Tri-Amped)\n<ul>\n<li>Woofer: 80W<\/li>\n<li>Midrange: 40W<\/li>\n<li>Tweeter: 40W<\/li>\n<\/ul>\n<\/li>\n<li>R\u0103spuns frecven\u021b\u0103\n<ul>\n<li>-10 dB: 39Hz &#8211; 25kHz<\/li>\n<li>-\/+3 dB:\u00a047 Hz &#8211; 21 kHz<\/li>\n<\/ul>\n<\/li>\n<li>Crossover Woofer &#8211; Midrange: 280 Hz<\/li>\n<li>Crossover Midrange &#8211; Tweeter: 2800 Hz<\/li>\n<li>Distan\u021b\u0103 ascultare recomandat\u0103:\u00a00.2 &#8211; 2.2 metri<\/li>\n<li>Distorsiune armonic\u0103 total\u0103:\u00a0&lt; 2% System THD &#8211;\u00a085 dB @ 1M<\/li>\n<li>EQ pentru ajustarea loca\u021biei<\/li>\n<li>Conectori:\n<ul>\n<li>Intrare XLR balansat\u0103: -4 dBu<\/li>\n<li>Intrare Jack TRS Stereo 6.3mm balansat\u0103: -4 dBu<\/li>\n<li>Intrare RCA nebalansat\u0103: -10 dBV<\/li>\n<\/ul>\n<\/li>\n<li>Dimensiuni (L\u0103\u021bime x \u00cen\u0103l\u021bime x Ad\u00e2ncime): 382 x 286 x 205mm<\/li>\n<li>Greutate: 10.4kg<\/li>\n<li>Unitate v\u00e2nzare: 1 buc<\/li>\n<\/ul>\n<p><strong>Video DEMO:<\/strong><\/p>\n<p><strong><iframe src=\"https:\/\/www.youtube.com\/embed\/FfrMGIMq3zQ\" width=\"560\" height=\"315\" frameborder=\"0\"><\/iframe><\/strong><\/p>\n","protected":false},"excerpt":{"rendered":"<p>Monitor Studio Activ\u00a0Kali Audio IN-5 cu difuzor de 5&#8243; si putere 160W care combin\u0103 avantajele naturale ale designului pe 3 c\u0103i cu imagine stereo hyper-realistic\u0103 cu un difuzor midrange coaxial si tweeter oferind mai mult transparenta, distorsie sc\u0103zut\u0103 \u0219i performan\u021b\u0103 ridicat\u0103.<\/p>\n","protected":false},"featured_media":10181,"comment_status":"open","ping_status":"closed","template":"","meta":[],"product_brand":[],"product_cat":[961],"product_tag":[410,305,301,951],"class_list":{"0":"post-10059","1":"product","2":"type-product","3":"status-publish","4":"has-post-thumbnail","6":"product_cat-kali-audio","7":"product_tag-boxe-active","8":"product_tag-boxe-studio","9":"product_tag-kali-audio","10":"product_tag-kali-audio-in-5","12":"first","13":"instock","14":"purchasable","15":"product-type-simple"},"jetpack_sharing_enabled":true,"_links":{"self":[{"href":"https:\/\/quintett.eu\/index.php?rest_route=\/wp\/v2\/product\/10059","targetHints":{"allow":["GET"]}}],"collection":[{"href":"https:\/\/quintett.eu\/index.php?rest_route=\/wp\/v2\/product"}],"about":[{"href":"https:\/\/quintett.eu\/index.php?rest_route=\/wp\/v2\/types\/product"}],"replies":[{"embeddable":true,"href":"https:\/\/quintett.eu\/index.php?rest_route=%2Fwp%2Fv2%2Fcomments&post=10059"}],"wp:featuredmedia":[{"embeddable":true,"href":"https:\/\/quintett.eu\/index.php?rest_route=\/wp\/v2\/media\/10181"}],"wp:attachment":[{"href":"https:\/\/quintett.eu\/index.php?rest_route=%2Fwp%2Fv2%2Fmedia&parent=10059"}],"wp:term":[{"taxonomy":"product_brand","embeddable":true,"href":"https:\/\/quintett.eu\/index.php?rest_route=%2Fwp%2Fv2%2Fproduct_brand&post=10059"},{"taxonomy":"product_cat","embeddable":true,"href":"https:\/\/quintett.eu\/index.php?rest_route=%2Fwp%2Fv2%2Fproduct_cat&post=10059"},{"taxonomy":"product_tag","embeddable":true,"href":"https:\/\/quintett.eu\/index.php?rest_route=%2Fwp%2Fv2%2Fproduct_tag&post=10059"}],"curies":[{"name":"wp","href":"https:\/\/api.w.org\/{rel}","templated":true}]}}