{"id":10279,"date":"2024-04-03T20:20:57","date_gmt":"2024-04-03T18:20:57","guid":{"rendered":"https:\/\/quintett.eu\/?post_type=product&#038;p=10279"},"modified":"2024-04-03T20:27:44","modified_gmt":"2024-04-03T18:27:44","slug":"zoom-v3","status":"publish","type":"product","link":"https:\/\/quintett.eu\/?product=zoom-v3","title":{"rendered":"ZOOM V3"},"content":{"rendered":"<p>Procesor vocal<\/p>\n<p>16 efecte creative pentru procesarea vocii, cum ar fi Harmony, Vocoder, Robot, Telephone, Beat Box sau Talk Box<\/p>\n","protected":false},"excerpt":{"rendered":"<p>Procesor vocal<\/p>\n<p>16 efecte creative pentru procesarea vocii, cum ar fi Harmony, Vocoder, Robot, Telephone, Beat Box sau Talk Box<br \/>\nTasta selectabil\u0103 pentru efectele Harmony, Talk Box, Vocoder \u0219i Pitch Correct<br \/>\nPot fi utilizate p\u00e2n\u0103 la 5 efecte \u00een acela\u0219i timp<br \/>\nEfecte suplimentare: compresor, delay \u0219i reverb &#8211; fiecare cu control al intensit\u0103\u021bii<br \/>\nFunc\u021bia de \u00eembun\u0103t\u0103\u021bire pentru optimizarea automat\u0103 a semnalului microfonului<br \/>\nInterfa\u021b\u0103 audio USB 2.0 integrat\u0103 cu 16\/24\/32 bi\u021bi \u0219i 44,1 kHz (2 In\/2 Out)<br \/>\nIntrare microfon: XLR (+48V phantom power comutabil)<br \/>\nIntrare pedal\u0103: jack de 6,3 mm<br \/>\nIntrare Aux: muf\u0103 stereo de 3,5 mm<br \/>\nPort micro USB-B<br \/>\nIe\u0219ire pentru c\u0103\u0219ti: muf\u0103 stereo de 3,5 mm<br \/>\nIe\u0219ire de linie stereo: 2x jack de 6,3 mm<br \/>\nFunc\u021bionare cu baterii (4 AA Mignon) sau bloc de alimentare op\u021bional Zoom AD-16 (Art.105835, nu este inclus)<br \/>\nDimensiuni (L x A x A): 190 x 150 x 50 mm<br \/>\nGreutate: 590 g<br \/>\nInclude manual de instruc\u021biuni<\/p>\n","protected":false},"featured_media":10280,"comment_status":"open","ping_status":"closed","template":"","meta":[],"product_brand":[],"product_cat":[391],"product_tag":[997,996],"class_list":{"0":"post-10279","1":"product","2":"type-product","3":"status-publish","4":"has-post-thumbnail","6":"product_cat-thomann","7":"product_tag-procesor-voce","8":"product_tag-zoom-v3","10":"first","11":"instock","12":"purchasable","13":"product-type-simple"},"jetpack_sharing_enabled":true,"_links":{"self":[{"href":"https:\/\/quintett.eu\/index.php?rest_route=\/wp\/v2\/product\/10279","targetHints":{"allow":["GET"]}}],"collection":[{"href":"https:\/\/quintett.eu\/index.php?rest_route=\/wp\/v2\/product"}],"about":[{"href":"https:\/\/quintett.eu\/index.php?rest_route=\/wp\/v2\/types\/product"}],"replies":[{"embeddable":true,"href":"https:\/\/quintett.eu\/index.php?rest_route=%2Fwp%2Fv2%2Fcomments&post=10279"}],"wp:featuredmedia":[{"embeddable":true,"href":"https:\/\/quintett.eu\/index.php?rest_route=\/wp\/v2\/media\/10280"}],"wp:attachment":[{"href":"https:\/\/quintett.eu\/index.php?rest_route=%2Fwp%2Fv2%2Fmedia&parent=10279"}],"wp:term":[{"taxonomy":"product_brand","embeddable":true,"href":"https:\/\/quintett.eu\/index.php?rest_route=%2Fwp%2Fv2%2Fproduct_brand&post=10279"},{"taxonomy":"product_cat","embeddable":true,"href":"https:\/\/quintett.eu\/index.php?rest_route=%2Fwp%2Fv2%2Fproduct_cat&post=10279"},{"taxonomy":"product_tag","embeddable":true,"href":"https:\/\/quintett.eu\/index.php?rest_route=%2Fwp%2Fv2%2Fproduct_tag&post=10279"}],"curies":[{"name":"wp","href":"https:\/\/api.w.org\/{rel}","templated":true}]}}