{"id":10502,"date":"2024-04-20T17:02:53","date_gmt":"2024-04-20T15:02:53","guid":{"rendered":"https:\/\/quintett.eu\/?post_type=product&#038;p=10502"},"modified":"2024-04-20T17:07:36","modified_gmt":"2024-04-20T15:07:36","slug":"kali-audio-lp-unf","status":"publish","type":"product","link":"https:\/\/quintett.eu\/?product=kali-audio-lp-unf","title":{"rendered":"Kali Audio LP-UNF"},"content":{"rendered":"<p>Monitoare studio active Kali Audio LP-UNF<\/p>\n<p>Monitoare studio de masa cu USB \u0219i Bluetooth<br \/>\nControlul volumului la atingere<br \/>\nBoundary EQ pentru adaptarea sunetului la diferite camere<br \/>\nEchipat cu: woofer de 4,5&#8243; \u0219i driver de compresie de 1&#8243;.<br \/>\nAmplificator clasa D: 80 W (40 W \/ 40 W bi-amplificat) per canal<br \/>\nFrecven\u021ba crossover la 1950 kHz<br \/>\nPresiune sonor\u0103 maxim\u0103: 103 dB<br \/>\nGama de frecventa: 47 &#8211; 21.000 Hz (-3 dB)<br \/>\nIntr\u0103ri: 2x muf\u0103 jack 6.3mm balansat\u0103, RCA stereo, USB-C (24 bi\u021bi\/48 kHz), Bluetooth (5.1)<br \/>\nDimensiuni: 254 x 164 x 186 mm<br \/>\nGreutate: 3,2 kg (monitor activ), 3 kg (monitor pasiv)<\/p>\n","protected":false},"excerpt":{"rendered":"<p>Monitoare studio active Kali Audio LP-UNF cu conexiune Bluetooth si USB.<\/p>\n","protected":false},"featured_media":10503,"comment_status":"open","ping_status":"closed","template":"","meta":[],"product_brand":[],"product_cat":[961],"product_tag":[410,1036,305,301,1037],"class_list":{"0":"post-10502","1":"product","2":"type-product","3":"status-publish","4":"has-post-thumbnail","6":"product_cat-kali-audio","7":"product_tag-boxe-active","8":"product_tag-boxe-kali-audio","9":"product_tag-boxe-studio","10":"product_tag-kali-audio","11":"product_tag-kali-lp-unf","13":"first","14":"instock","15":"purchasable","16":"product-type-simple"},"jetpack_sharing_enabled":true,"_links":{"self":[{"href":"https:\/\/quintett.eu\/index.php?rest_route=\/wp\/v2\/product\/10502","targetHints":{"allow":["GET"]}}],"collection":[{"href":"https:\/\/quintett.eu\/index.php?rest_route=\/wp\/v2\/product"}],"about":[{"href":"https:\/\/quintett.eu\/index.php?rest_route=\/wp\/v2\/types\/product"}],"replies":[{"embeddable":true,"href":"https:\/\/quintett.eu\/index.php?rest_route=%2Fwp%2Fv2%2Fcomments&post=10502"}],"wp:featuredmedia":[{"embeddable":true,"href":"https:\/\/quintett.eu\/index.php?rest_route=\/wp\/v2\/media\/10503"}],"wp:attachment":[{"href":"https:\/\/quintett.eu\/index.php?rest_route=%2Fwp%2Fv2%2Fmedia&parent=10502"}],"wp:term":[{"taxonomy":"product_brand","embeddable":true,"href":"https:\/\/quintett.eu\/index.php?rest_route=%2Fwp%2Fv2%2Fproduct_brand&post=10502"},{"taxonomy":"product_cat","embeddable":true,"href":"https:\/\/quintett.eu\/index.php?rest_route=%2Fwp%2Fv2%2Fproduct_cat&post=10502"},{"taxonomy":"product_tag","embeddable":true,"href":"https:\/\/quintett.eu\/index.php?rest_route=%2Fwp%2Fv2%2Fproduct_tag&post=10502"}],"curies":[{"name":"wp","href":"https:\/\/api.w.org\/{rel}","templated":true}]}}