{"id":10643,"date":"2024-06-20T20:59:23","date_gmt":"2024-06-20T18:59:23","guid":{"rendered":"https:\/\/quintett.eu\/?post_type=product&#038;p=10643"},"modified":"2025-03-17T16:38:22","modified_gmt":"2025-03-17T14:38:22","slug":"laserworld-cs-2000rgb-fx","status":"publish","type":"product","link":"https:\/\/quintett.eu\/?product=laserworld-cs-2000rgb-fx","title":{"rendered":"Laserworld CS-2000RGB FX"},"content":{"rendered":"<p>Laserworld CS-2000RGB FX, este un laser cu diod\u0103 pur semi-profesional puternic, capabil de efecte laser standard intense, cum ar fi fascicule, valuri \u0219i tuneluri, dar \u0219i grafic\u0103 de baz\u0103, toate care se pot combina cu cele 2 efecte de re\u021bea \u00eencorporate pentru a deveni o adev\u0103rat\u0103 umplere a \u00eenc\u0103perii. Acest laser are moduri plug and play u\u0219or, sound-to-light \u0219i stand-alone, control DMX, astfel \u00eenc\u00e2t poate fi controlat cu restul luminii, dar are \u0219i un port ILDA pentru controlul computerului. Perfect pentru instala\u021bii de cluburi de noapte de dimensiuni medii p\u00e2n\u0103 la mari, evenimente interioare \u0219i mici \u00een aer liber.<\/p>\n<p>Specificatii tehnice:<\/p>\n<p>    Cu diode semiconductoare, modula\u021bie analogic\u0103 \u0219i putere total\u0103 de p\u00e2n\u0103 la 2000 mW \u0219i o putere minim\u0103 de 1600 mW<br \/>\n    Ro\u0219u: 250 mW \/ 635 nm<br \/>\n    Verde: 250 mW \/ 532 nm<br \/>\n    Albastru: 1100 mW \/ 445 nm<br \/>\n    Include trei efecte de re\u021bea comutabile: Re\u021bea de linie, Re\u021bea de explozie \u0219i Re\u021bea radial\u0103<br \/>\n    Control: Auto, Muzic\u0103, DMX, ILDA<br \/>\n    Diametrul fasciculului: aprox. 3 mm<br \/>\n    Divergen\u021ba fasciculului: 1,1 mrad<br \/>\n    Vitez\u0103 de scanare de p\u00e2n\u0103 la 28 kpps @8\u00b0<br \/>\n    Interblocare IN prin conector RJ45<br \/>\n    Alimentare: Power Twist In \/ Out<br \/>\n    T\u0103ia\u021bi Poti pentru dimensiunea X\/Y<br \/>\n    Meniu nou cu diverse set\u0103ri, inclusiv inversarea axei \/ valori DMX \/ efecte interne etc.<br \/>\n    Laser clasa 4<br \/>\n    Alimentare: 85V &#8211; 250V AC<br \/>\n    Incl. un cablu de alimentare, instruc\u021biuni de utilizare, un dispozitiv de blocare \u0219i o cheie<\/p>\n<p>Fara recenzii<\/p>\n","protected":false},"excerpt":{"rendered":"<p>Laserworld CS-2000RGB FX, este un laser cu diod\u0103 pur semi-profesional puternic, capabil de efecte laser standard intense, cum ar fi fascicule, valuri \u0219i tuneluri, dar \u0219i grafic\u0103 de baz\u0103, toate care se pot combina cu cele 2 efecte de re\u021bea \u00eencorporate pentru a deveni o adev\u0103rat\u0103 umplere a \u00eenc\u0103perii. Acest laser are moduri plug and play u\u0219or, sound-to-light \u0219i stand-alone, control DMX, astfel \u00eenc\u00e2t poate fi controlat cu restul luminii, dar are \u0219i un port ILDA pentru controlul computerului. Perfect pentru instala\u021bii de cluburi de noapte de dimensiuni medii p\u00e2n\u0103 la mari, evenimente interioare \u0219i mici \u00een aer liber.<\/p>\n","protected":false},"featured_media":10789,"comment_status":"open","ping_status":"closed","template":"","meta":[],"product_brand":[],"product_cat":[391],"product_tag":[1070,1071,1069,1068,1067],"class_list":{"0":"post-10643","1":"product","2":"type-product","3":"status-publish","4":"has-post-thumbnail","6":"product_cat-thomann","7":"product_tag-cs-2000-rgb","8":"product_tag-cs2000","9":"product_tag-lase-cs-8000-fx-mkii","10":"product_tag-laser-rgb","11":"product_tag-laserworld","13":"first","14":"instock","15":"purchasable","16":"product-type-simple"},"jetpack_sharing_enabled":true,"_links":{"self":[{"href":"https:\/\/quintett.eu\/index.php?rest_route=\/wp\/v2\/product\/10643","targetHints":{"allow":["GET"]}}],"collection":[{"href":"https:\/\/quintett.eu\/index.php?rest_route=\/wp\/v2\/product"}],"about":[{"href":"https:\/\/quintett.eu\/index.php?rest_route=\/wp\/v2\/types\/product"}],"replies":[{"embeddable":true,"href":"https:\/\/quintett.eu\/index.php?rest_route=%2Fwp%2Fv2%2Fcomments&post=10643"}],"wp:featuredmedia":[{"embeddable":true,"href":"https:\/\/quintett.eu\/index.php?rest_route=\/wp\/v2\/media\/10789"}],"wp:attachment":[{"href":"https:\/\/quintett.eu\/index.php?rest_route=%2Fwp%2Fv2%2Fmedia&parent=10643"}],"wp:term":[{"taxonomy":"product_brand","embeddable":true,"href":"https:\/\/quintett.eu\/index.php?rest_route=%2Fwp%2Fv2%2Fproduct_brand&post=10643"},{"taxonomy":"product_cat","embeddable":true,"href":"https:\/\/quintett.eu\/index.php?rest_route=%2Fwp%2Fv2%2Fproduct_cat&post=10643"},{"taxonomy":"product_tag","embeddable":true,"href":"https:\/\/quintett.eu\/index.php?rest_route=%2Fwp%2Fv2%2Fproduct_tag&post=10643"}],"curies":[{"name":"wp","href":"https:\/\/api.w.org\/{rel}","templated":true}]}}