{"id":10986,"date":"2024-07-25T15:22:09","date_gmt":"2024-07-25T13:22:09","guid":{"rendered":"https:\/\/quintett.eu\/?post_type=product&#038;p=10986"},"modified":"2024-07-25T15:23:40","modified_gmt":"2024-07-25T13:23:40","slug":"pp-world-percussion-pp242-gig-block","status":"publish","type":"product","link":"https:\/\/quintett.eu\/?product=pp-world-percussion-pp242-gig-block","title":{"rendered":"PP WORLD PERCUSSION PP242 Gig Block"},"content":{"rendered":"<p>Blocul din plastic durabil cu acordaj \u00eenalt inconfundabil poate rezista loviturilor chiar \u0219i celor mai pasiona\u021bi percu\u021bioni\u0219ti. \u00cen pachet este inclus un suport universal pentru fixarea pe un stativ.<\/p>\n<p>Parametri<\/p>\n<p>    Material: Plastic<br \/>\n    Dimensiune: 15 cm<br \/>\n    Montare set de baterie : Da<br \/>\n    \u0162ara de fabrica\u0163ie: China<\/p>\n","protected":false},"excerpt":{"rendered":"<p>PP WORLD Percussion v\u0103 ajut\u0103 s\u0103 introduce\u021bi copiii mici \u00een lumea muzicii. \u00cen portofoliul s\u0103u ve\u021bi g\u0103si carillone, instrumente de percu\u021bie \u0219i multe alte instrumente muzicale simple care nu numai c\u0103 le vor oferi copiilor divertisment, dar vor sprijini \u0219i dezvoltarea abilit\u0103\u021bilor lor fizice \u0219i cognitive.<\/p>\n","protected":false},"featured_media":10987,"comment_status":"open","ping_status":"closed","template":"","meta":[],"product_brand":[],"product_cat":[391],"product_tag":[1138,1132,1134,1131,1126,1124,1130,1127,1128,1125,1129,1137,1136,1133,1135],"class_list":{"0":"post-10986","1":"product","2":"type-product","3":"status-publish","4":"has-post-thumbnail","6":"product_cat-thomann","7":"product_tag-bongos","8":"product_tag-castaniete","9":"product_tag-clopotel","10":"product_tag-guiro","11":"product_tag-instrumente-de-percutie-pentru-scoala","12":"product_tag-jucarii-pentru-copii","13":"product_tag-maracas","14":"product_tag-percutie","15":"product_tag-percutie-kids","16":"product_tag-percutie-pentru-copii","17":"product_tag-pp-world-percution","18":"product_tag-roto-toms","19":"product_tag-shaker","20":"product_tag-tamburina","21":"product_tag-trianglu","23":"first","24":"instock","25":"purchasable","26":"product-type-simple"},"jetpack_sharing_enabled":true,"_links":{"self":[{"href":"https:\/\/quintett.eu\/index.php?rest_route=\/wp\/v2\/product\/10986","targetHints":{"allow":["GET"]}}],"collection":[{"href":"https:\/\/quintett.eu\/index.php?rest_route=\/wp\/v2\/product"}],"about":[{"href":"https:\/\/quintett.eu\/index.php?rest_route=\/wp\/v2\/types\/product"}],"replies":[{"embeddable":true,"href":"https:\/\/quintett.eu\/index.php?rest_route=%2Fwp%2Fv2%2Fcomments&post=10986"}],"wp:featuredmedia":[{"embeddable":true,"href":"https:\/\/quintett.eu\/index.php?rest_route=\/wp\/v2\/media\/10987"}],"wp:attachment":[{"href":"https:\/\/quintett.eu\/index.php?rest_route=%2Fwp%2Fv2%2Fmedia&parent=10986"}],"wp:term":[{"taxonomy":"product_brand","embeddable":true,"href":"https:\/\/quintett.eu\/index.php?rest_route=%2Fwp%2Fv2%2Fproduct_brand&post=10986"},{"taxonomy":"product_cat","embeddable":true,"href":"https:\/\/quintett.eu\/index.php?rest_route=%2Fwp%2Fv2%2Fproduct_cat&post=10986"},{"taxonomy":"product_tag","embeddable":true,"href":"https:\/\/quintett.eu\/index.php?rest_route=%2Fwp%2Fv2%2Fproduct_tag&post=10986"}],"curies":[{"name":"wp","href":"https:\/\/api.w.org\/{rel}","templated":true}]}}