{"id":11091,"date":"2024-09-02T15:56:09","date_gmt":"2024-09-02T13:56:09","guid":{"rendered":"https:\/\/quintett.eu\/?post_type=product&#038;p=11091"},"modified":"2025-07-04T11:07:44","modified_gmt":"2025-07-04T09:07:44","slug":"receiver-av-pioneer-9-2-vsx-lx505","status":"publish","type":"product","link":"https:\/\/quintett.eu\/?product=receiver-av-pioneer-9-2-vsx-lx505","title":{"rendered":"RECEIVER AV PIONEER 9.2 VSX-LX505"},"content":{"rendered":"<p>Alte caracteristici<br \/>\nIMAX Enhanced<br \/>\nDolby Atmos\u00ae, Dolby Surround Upmixer supports DTS Formats<br \/>\nDTS:X\u00ae, DTS Neural:X\u00ae Upmixer supports Dolby Formats<br \/>\nDolby Atmos Height Virtualizer<br \/>\nDolby\u00ae TrueHD, Dolby Digital Plus<br \/>\nDTS-HD Master Audio, DTS-HD High Resolution Audio, DTS 96\/24, DTS-ES, DTS Express<br \/>\nDSD Disc (SACD) Playback via HDMI (2.8 MHz\/2 ch, 5.1 ch)<br \/>\nDigital Quad-Core 32-bit DSP (Cirrus Logic) + Aureus&#x2122; floating-point DSP (TI)<br \/>\n192 kHz\/24-bit D\/A Conversion for Hi-Res Audio<\/p>\n<p>Support HDMI 2.1*1 with 8K, VRR (Variable Refresh Rate), ALLM (Auto Low Latency Mode), QFT (Quick Frame transport), DSC (Display Stream Compression), and QMS (Quick Media Switching) pass-through<br \/>\nSupports HDR10+, HDR10, and HLG; 8K\/60p (4:2:0\/10-bit), 8K\/30p (4:4:4\/10bit, 4:2:2\/12-bit), 4K\/120p (4:4:4\/10-bit, 4:2:2\/12-bit), 4K60p (4:4:4\/12-bit) and BT.2020 color; DeepColor&#x2122; (36-bit), \u201cx.v.Color\u201d, LipSync, and HDCP 2.3<br \/>\nDolby Vision Compatible<br \/>\nUltra HD Upscaling (4K to 8K, 1080p to 8K\/4K)<\/p>\n<p>DTS Play-Fi with Pioneer Music Control App*3 supporting Hi-Res Audio Playback<br \/>\nApple AirPlay 2 with Siri Voice Control<br \/>\nWorks with SONOS supporting multiple Sonos Connect control and Volume Pass Through mode<br \/>\nAmazon Music HD*4, Pandora\u00ae, Spotify, TIDAL, and Deezer Hi-Fi MusicStreaming Services Ready<br \/>\nInternet Radio with TuneIn<br \/>\nHi-Res Audio File Playback via USB\/Network<br \/>\nUp to 192 kHz\/24-bit ALAC*6, AIFF, FLAC, WAV (RIFF) and 11.2 MHz DSD <\/p>\n","protected":false},"excerpt":{"rendered":"<p>Receiver AV pe 9.2 Canale, 8K\/4K HDR, 120W\/canal<\/p>\n<p>    Cu 9.2 canale \u0219i capacitate de 11.2 canale de procesare, acest AVR este plin de putere \u0219i func\u021bii premium pentru divertisment complet la domiciliu.<br \/>\n    Cu 120 de Watti pe canal (8 ohmi, 20 Hz-20 kHz, THD 0,08 %, 2ch Driven FTC), VSX-LX505 poate alimenta o configura\u021bie de 9,2 canale sau poate suporta p\u00e2n\u0103 la 11,2 canale cu amplificare suplimentar\u0103, configura\u021bie de teatru cu un plus de putere.<br \/>\n    Pentru a asigura cea mai bun\u0103 experien\u021b\u0103 de divertisment posibil la domiciliu, VSX-LX505 este echipat cu IMAX\u00ae Enhanced Audio \u0219i Dirac Live\u00ae Room Correction, regleaz\u0103 sunetul \u00een func\u021bie de spa\u021biu \u0219i difuzoare, oferind \u00een acela\u0219i timp o punere \u00een scen\u0103 muzical\u0103 \u00eembun\u0103t\u0103\u021bit\u0103 \u0219i bas mai profund. \u0218i pute\u021bi dep\u0103\u0219i o experien\u021b\u0103 \u00eentr-o singur\u0103 camer\u0103 \u2013 Pioneer VSX-LX505 ofer\u0103 sunet \u0219i imagini de calitate cinematografic\u0103 \u00een mai multe camere, astfel \u00eenc\u00e2t s\u0103 pute\u021bi avea o experien\u021b\u0103 premium \u00een mai multe camere simultan.<br \/>\n    Experimenta\u021bi imagini \u0219i sunet puternic 4K HDR cu con\u021binut remasterizat digital IMAX, a\u0219a cum a inten\u021bionat realizatorul. Modul IMAX \u00eembun\u0103t\u0103\u021bit de la Pioneer este optimizat meticulos pentru a reda con\u021binut remasterizat digital pentru a oferi cea mai bun\u0103 experien\u021b\u0103 de vizionare \u0219i ascultare.<br \/>\n    Vizionare super captivant\u0103 \u2013 HDMI 2.1 accept\u0103 o gam\u0103 larg\u0103 de rezolu\u021bii video, inclusiv 8K60, 4K120 \u0219i Dynamic HDR. Combina\u021bi asta cu ratele de 60 Hz pentru o redare lin\u0103 \u0219i clar\u0103, chiar \u0219i pentru ac\u021biune de mare vitez\u0103.<br \/>\n    E-ARC (Enhanced Audio Return Channel) simplific\u0103 conectivitatea \u0219i accept\u0103 cele mai recente formate audio cu rate de bi\u021bi ridicate, inclusiv Dolby Atmos\u00ae, DTS-HD Master Audio&#x2122;, DTS:X\u00ae \u0219i Dolby TrueHD. Saluta\u021bi sunetul real, cu mi\u0219c\u0103ri fluide \u0219i curbate sau cu efecte realiste<br \/>\n    Tehnologia de ultim\u0103 or\u0103 de corec\u021bie Dirac Live scoate camera din ecua\u021bie \u0219i deblocheaz\u0103 \u00eentregul poten\u021bial al difuzoarelor tale \u2013 nu este nevoie de upgrade. Calibreaz\u0103 automat sunetul \u00een camer\u0103 folosind fie un smartphone + microfonul cu fir inclus, fie aplica\u021bia Dirac Live PC\/MacOS + un microfon USB ter\u021b\u0103 parte (nu este inclus). Ve\u021bi ob\u021bine o m\u0103surare mai precis\u0103 a pozi\u021bion\u0103rii sunetului surround \u0219i un sunet mai precis \u0219i echilibrat \u00een ansamblu.<br \/>\n    Sistemul de calibrare acustic\u0103 multicanal (MCACC) de la Pioneer, ajusteaz\u0103 automat sunetul \u00een func\u021bie de zona dvs. de ascultare \u0219i de difuzoare, suprim\u00e2nd undele sta\u021bionare care apar \u00eentre pere\u021bi sau tavan \u0219i podea. \u00cen plus, Auto Phase Control Plus face o analiz\u0103 \u00een timp real a diferen\u021bei de faz\u0103 \u0219i compenseaz\u0103 automat decalajul, rezult\u00e2nd un bas puternic \u0219i un sunet clar de \u00eenalt\u0103 frecven\u021b\u0103.<br \/>\n    Bluetooth bidirec\u021bional \u2013 Acum, conectivitatea Bluetooth este \u0219i mai bun\u0103 cu Bluetooth bidirec\u021bional. Transmite\u021bi \u00een flux de pe dispozitivul dvs. catre AVR utiliz\u00e2nd codecuri SBC sau AAC sau redati audio prin AVR c\u0103tre c\u0103\u0219ti wireless compatibile.<br \/>\n    Streaming \u2013 Cu acces la mai multe servicii de streaming precum Works with Sonos, Chromecast built-in&#x2122;, AirPlay 2, DTS Play-Fi\u00ae, Spotify\u00ae, Amazon Music, Pandora\u00ae, TIDAL, Deezer \u0219i TuneIn, nu vei r\u0103m\u00e2ne f\u0103r\u0103 muzic\u0103.<\/p>\n","protected":false},"featured_media":11094,"comment_status":"open","ping_status":"closed","template":"","meta":[],"product_brand":[],"product_cat":[391],"product_tag":[1202,1201,1203],"class_list":{"0":"post-11091","1":"product","2":"type-product","3":"status-publish","4":"has-post-thumbnail","6":"product_cat-thomann","7":"product_tag-pionner","8":"product_tag-receiver-av-pioneer-9-2-vsx-lx505","9":"product_tag-receiver-vsx-lx505","11":"first","12":"instock","13":"purchasable","14":"product-type-simple"},"jetpack_sharing_enabled":true,"_links":{"self":[{"href":"https:\/\/quintett.eu\/index.php?rest_route=\/wp\/v2\/product\/11091","targetHints":{"allow":["GET"]}}],"collection":[{"href":"https:\/\/quintett.eu\/index.php?rest_route=\/wp\/v2\/product"}],"about":[{"href":"https:\/\/quintett.eu\/index.php?rest_route=\/wp\/v2\/types\/product"}],"replies":[{"embeddable":true,"href":"https:\/\/quintett.eu\/index.php?rest_route=%2Fwp%2Fv2%2Fcomments&post=11091"}],"wp:featuredmedia":[{"embeddable":true,"href":"https:\/\/quintett.eu\/index.php?rest_route=\/wp\/v2\/media\/11094"}],"wp:attachment":[{"href":"https:\/\/quintett.eu\/index.php?rest_route=%2Fwp%2Fv2%2Fmedia&parent=11091"}],"wp:term":[{"taxonomy":"product_brand","embeddable":true,"href":"https:\/\/quintett.eu\/index.php?rest_route=%2Fwp%2Fv2%2Fproduct_brand&post=11091"},{"taxonomy":"product_cat","embeddable":true,"href":"https:\/\/quintett.eu\/index.php?rest_route=%2Fwp%2Fv2%2Fproduct_cat&post=11091"},{"taxonomy":"product_tag","embeddable":true,"href":"https:\/\/quintett.eu\/index.php?rest_route=%2Fwp%2Fv2%2Fproduct_tag&post=11091"}],"curies":[{"name":"wp","href":"https:\/\/api.w.org\/{rel}","templated":true}]}}