{"id":11489,"date":"2024-11-28T12:26:33","date_gmt":"2024-11-28T10:26:33","guid":{"rendered":"https:\/\/quintett.eu\/?post_type=product&#038;p=11489"},"modified":"2024-11-28T12:26:33","modified_gmt":"2024-11-28T10:26:33","slug":"schoeps-stereo-set-mk-4","status":"publish","type":"product","link":"https:\/\/quintett.eu\/?product=schoeps-stereo-set-mk-4","title":{"rendered":"Schoeps Stereo-Set MK 4"},"content":{"rendered":"<p>Set microfon stereo SCHOEPS MK4<\/p>\n<p>Const\u0103 din 2 amplificatoare de microfon SCHOEPS CMC 6 pereche \u0219i 2 capsule cardioide MK 4<br \/>\nInclude 2 x cleme de microfon SG20 \u0219i 2 x windscreen B5D \u00een carcas\u0103 elegant\u0103 din lemn<br \/>\nMai multe informa\u021bii<\/p>\n<p>Alimentare cu baterie: Nu<br \/>\nMicrofon direc\u021bional: Nu<br \/>\nPereche stereo: Da<br \/>\nLowcut comutabil: Nu<br \/>\nPad comutabil: Nu<\/p>\n","protected":false},"excerpt":{"rendered":"<p>Set microfon stereo<\/p>\n<p>Const\u0103 din 2 amplificatoare de microfon SCHOEPS CMC 6 pereche \u0219i 2 capsule cardioide MK 4<br \/>\nInclude 2 x cleme de microfon SG20 \u0219i 2 x windscreen B5D \u00een carcas\u0103 elegant\u0103 din lemn<br \/>\nMai multe informa\u021bii<\/p>\n<p>Alimentare cu baterie: Nu<br \/>\nMicrofon direc\u021bional: Nu<br \/>\nPereche stereo: Da<br \/>\nLowcut comutabil: Nu<br \/>\nPad comutabil: Nu<\/p>\n","protected":false},"featured_media":11500,"comment_status":"open","ping_status":"closed","template":"","meta":[],"product_brand":[],"product_cat":[1277],"product_tag":[1280,1279,1278,1284],"class_list":{"0":"post-11489","1":"product","2":"type-product","3":"status-publish","4":"has-post-thumbnail","6":"product_cat-schoeps-dealer","7":"product_tag-microfoane-schoeps","8":"product_tag-microfon-schoeps","9":"product_tag-schoeps","10":"product_tag-schoeps-mk4","12":"first","13":"instock","14":"purchasable","15":"product-type-simple"},"jetpack_sharing_enabled":true,"_links":{"self":[{"href":"https:\/\/quintett.eu\/index.php?rest_route=\/wp\/v2\/product\/11489","targetHints":{"allow":["GET"]}}],"collection":[{"href":"https:\/\/quintett.eu\/index.php?rest_route=\/wp\/v2\/product"}],"about":[{"href":"https:\/\/quintett.eu\/index.php?rest_route=\/wp\/v2\/types\/product"}],"replies":[{"embeddable":true,"href":"https:\/\/quintett.eu\/index.php?rest_route=%2Fwp%2Fv2%2Fcomments&post=11489"}],"wp:featuredmedia":[{"embeddable":true,"href":"https:\/\/quintett.eu\/index.php?rest_route=\/wp\/v2\/media\/11500"}],"wp:attachment":[{"href":"https:\/\/quintett.eu\/index.php?rest_route=%2Fwp%2Fv2%2Fmedia&parent=11489"}],"wp:term":[{"taxonomy":"product_brand","embeddable":true,"href":"https:\/\/quintett.eu\/index.php?rest_route=%2Fwp%2Fv2%2Fproduct_brand&post=11489"},{"taxonomy":"product_cat","embeddable":true,"href":"https:\/\/quintett.eu\/index.php?rest_route=%2Fwp%2Fv2%2Fproduct_cat&post=11489"},{"taxonomy":"product_tag","embeddable":true,"href":"https:\/\/quintett.eu\/index.php?rest_route=%2Fwp%2Fv2%2Fproduct_tag&post=11489"}],"curies":[{"name":"wp","href":"https:\/\/api.w.org\/{rel}","templated":true}]}}