{"id":11813,"date":"2025-02-19T22:09:21","date_gmt":"2025-02-19T20:09:21","guid":{"rendered":"https:\/\/quintett.eu\/?post_type=product&#038;p=11813"},"modified":"2025-03-15T18:15:46","modified_gmt":"2025-03-15T16:15:46","slug":"tw-audio-b12","status":"publish","type":"product","link":"https:\/\/quintett.eu\/?product=tw-audio-b12","title":{"rendered":"TW AUDIO B12"},"content":{"rendered":"<p>Date tehnice :<br \/>\nDifuzor  1\u2005\u00d7\u200512&#8243;<br \/>\nInterval de frecven\u021b\u0103 37\u2005\u2013\u2005170 Hz<br \/>\nProgram  \/ v\u00e2rf 1500 \/\u20053000 W<br \/>\nImpedanta 12 \u03a9<br \/>\nAcoperire omni*<br \/>\nSensibilitate 1 W \/ 1 m 94\u2005dB<br \/>\nSPLmax \/ 1 m 129 dB<br \/>\nConexiune NL4 2\u00b1<br \/>\nDimensiuni (\u00een\u0103l\u021bime \u00d7 l\u0103\u021bime \u00d7 ad\u00e2ncime) 356 \u00d7\u2005506 \u00d7\u2005468 mm [14,02 \u00d7 19,92 \u00d7 18,43 inchi]<br \/>\nGreutate 19\u2005kg [42 lbs]<br \/>\nFinisaj acoperit cu poliuree<br \/>\nAccesorii BagB12, CoverB12<br \/>\n  *Cu 2 \u00d7 B12, acoperirea cardioid, hipercardioid sau endfire poate fi realizat\u0103 cu preseturile corespunz\u0103toare.<\/p>\n<p>ATENTIE : Func\u021bionarea optima este recomandat\u0103 cu preseturi TW AUDIO dedicate pe amplificatoarele Lab Gruppen , Linea Research ,Powersoft sau Dynacord seriile TGX, IPX \u0219i L .<\/p>\n","protected":false},"excerpt":{"rendered":"<p>B12 este o solu\u021bie complet nou dezvoltat\u0103, care a fost optimizat\u0103 \u00een fiecare detaliu &#8211; de la \u0219asiu p\u00e2n\u0103 la carcas\u0103. Ca un plus puternic, se armonizeaz\u0103 cu sistemul nostru ELLA6, precum \u0219i cu M8 \u0219i M10, de exemplu, \u0219i ofer\u0103 flexibilitate maxim\u0103 pentru o gam\u0103 larg\u0103 de aplica\u021bii. Carcasa sa extrem de compact\u0103 ad\u0103poste\u0219te un \u0219asiu nou proiectat, care combin\u0103 puterea extrem\u0103 cu greutatea uimitor de redus\u0103. B12 c\u00e2nt\u0103re\u0219te doar 19 kg. <\/p>\n","protected":false},"featured_media":11814,"comment_status":"open","ping_status":"closed","template":"","meta":[],"product_brand":[],"product_cat":[19],"product_tag":[1317,435,1313,1312,1315,1318,1316,1314,55],"class_list":{"0":"post-11813","1":"product","2":"type-product","3":"status-publish","4":"has-post-thumbnail","6":"product_cat-tw-audio","7":"product_tag-b12","8":"product_tag-b18","9":"product_tag-b21","10":"product_tag-boxe-profesionale","11":"product_tag-subwoofer","12":"product_tag-tw-audio-b12","13":"product_tag-tw-audio-b18","14":"product_tag-tw-audio-b21","15":"product_tag-tw-audio","17":"first","18":"instock","19":"product-type-simple"},"jetpack_sharing_enabled":true,"_links":{"self":[{"href":"https:\/\/quintett.eu\/index.php?rest_route=\/wp\/v2\/product\/11813","targetHints":{"allow":["GET"]}}],"collection":[{"href":"https:\/\/quintett.eu\/index.php?rest_route=\/wp\/v2\/product"}],"about":[{"href":"https:\/\/quintett.eu\/index.php?rest_route=\/wp\/v2\/types\/product"}],"replies":[{"embeddable":true,"href":"https:\/\/quintett.eu\/index.php?rest_route=%2Fwp%2Fv2%2Fcomments&post=11813"}],"wp:featuredmedia":[{"embeddable":true,"href":"https:\/\/quintett.eu\/index.php?rest_route=\/wp\/v2\/media\/11814"}],"wp:attachment":[{"href":"https:\/\/quintett.eu\/index.php?rest_route=%2Fwp%2Fv2%2Fmedia&parent=11813"}],"wp:term":[{"taxonomy":"product_brand","embeddable":true,"href":"https:\/\/quintett.eu\/index.php?rest_route=%2Fwp%2Fv2%2Fproduct_brand&post=11813"},{"taxonomy":"product_cat","embeddable":true,"href":"https:\/\/quintett.eu\/index.php?rest_route=%2Fwp%2Fv2%2Fproduct_cat&post=11813"},{"taxonomy":"product_tag","embeddable":true,"href":"https:\/\/quintett.eu\/index.php?rest_route=%2Fwp%2Fv2%2Fproduct_tag&post=11813"}],"curies":[{"name":"wp","href":"https:\/\/api.w.org\/{rel}","templated":true}]}}