{"id":11861,"date":"2025-02-27T12:17:39","date_gmt":"2025-02-27T10:17:39","guid":{"rendered":"https:\/\/quintett.eu\/?post_type=product&#038;p=11861"},"modified":"2025-07-04T10:44:33","modified_gmt":"2025-07-04T08:44:33","slug":"tw-audio-m18","status":"publish","type":"product","link":"https:\/\/quintett.eu\/?product=tw-audio-m18","title":{"rendered":"TW Audio M8"},"content":{"rendered":"<p>TW AUDIO M8| Monitor pasiv multifunctional 8&#8243;<\/p>\n<p>Box\u0103 multifunctional\u0103 1x 8&#8243; \/ 1&#8243;, 8ohm<br \/>\nInterval de acoperire 90 x 60 de grade (claxon rotativ)<br \/>\nSPLmax 124 dB\/1m<br \/>\nCapacitate program 400 W<br \/>\nGama de frecvente: 70-20000 Hz<br \/>\n\u0218asiu asimetric cu unghi de monitorizare de 55\/70 de grade<br \/>\nFlan\u0219\u0103 \u00eenalt\u0103 integrat\u0103<br \/>\nOpt filet M10 \u00eencorporat pentru accesorii pentru monitor<br \/>\nDimensiuni 440 x 240 x 240 mm<br \/>\nGreutate 10,1 kg<br \/>\nVersiune op\u021bional\u0103 cu \u0219asiu st\u00e2nga sau dreapta<\/p>\n<p>ATENTIE : Func\u021bionarea optima este recomandat\u0103 cu preseturi TW AUDIO dedicate pe amplificatoarele Lab Gruppen , Linea Research ,Powersoft sau Dynacord seriile TGX, IPX \u0219i L .<\/p>\n","protected":false},"excerpt":{"rendered":"<p>TW AUDIO M8 | Monitor pasiv multifunctional 8&#8243;<\/p>\n<p>Cel mai mic din gasca noastr\u0103. Dar nu-l subestima! M8 este o box\u0103 multifunc\u021bional\u0103 f\u0103r\u0103 compromisuri pentru loca\u021bii mici sau combinat\u0103 cu B15 sau chiar cu B30, de asemenea suficient de flexibil\u0103 pentru loca\u021bii mai mari, cum ar fi urm\u0103toarea petrecere techno.<br \/>\nCombina\u021bia pasiv\u0103 de M8 \u0219i B15p la un amplificator este foarte distractiv\u0103 \u0219i este \u00een acela\u0219i timp foarte compact\u0103 \u0219i joac\u0103 ca o combina\u021bie HiFi high-end, doar pu\u021bin mai tare, desigur\u0085<br \/>\nPrin urmare, este recomandat pentru o gam\u0103 \u00eentreag\u0103 de utiliz\u0103ri: de la \u00eent\u0103rirea vorbirii mici \u0219i discrete p\u00e2n\u0103 la utilizarea ca monitor de scen\u0103 p\u00e2n\u0103 la o cutie live \u0219i de petrecere.<br \/>\nBine\u00een\u021beles, combina\u021bia de driver de \u00eenalt\u0103 frecven\u021b\u0103 a M8 (rotativ\u0103 cu 90 de grade) folosind BEM (metoda elementelor limit\u0103) este de asemenea dezvoltat\u0103 \u0219i apoi optimizat\u0103 cu o munc\u0103 minu\u021bioas\u0103 \u0219i detaliat\u0103.<br \/>\nAdic\u0103 micu\u021bul emite p\u00e2n\u0103 la peste 15 kHz cu directivitate constant\u0103 \u0219i factor de distorsiune sc\u0103zut.<\/p>\n","protected":false},"featured_media":11863,"comment_status":"open","ping_status":"closed","template":"","meta":[],"product_brand":[],"product_cat":[19,96],"product_tag":[68,69,1322,1326,434,438,1329,1333,1323,1330,1320,1319,1321,1327,1332,1331,1328,1334,55],"class_list":{"0":"post-11861","1":"product","2":"type-product","3":"status-publish","4":"has-post-thumbnail","6":"product_cat-tw-audio","7":"product_cat-toate-produsele-tw-audio","8":"product_tag-b30","9":"product_tag-bas","10":"product_tag-c12","11":"product_tag-c5","12":"product_tag-m10","13":"product_tag-m12","14":"product_tag-m15","15":"product_tag-m8","16":"product_tag-monitor-coaxial","17":"product_tag-monitor-pasiv","18":"product_tag-tw-audio-b30","19":"product_tag-tw-audio-bs30","20":"product_tag-tw-audio-c12","21":"product_tag-tw-audio-c5","22":"product_tag-tw-audio-m10","23":"product_tag-tw-audio-m12","24":"product_tag-tw-audio-m15","25":"product_tag-tw-audio-m8","26":"product_tag-tw-audio","28":"first","29":"instock","30":"purchasable","31":"product-type-simple"},"jetpack_sharing_enabled":true,"_links":{"self":[{"href":"https:\/\/quintett.eu\/index.php?rest_route=\/wp\/v2\/product\/11861","targetHints":{"allow":["GET"]}}],"collection":[{"href":"https:\/\/quintett.eu\/index.php?rest_route=\/wp\/v2\/product"}],"about":[{"href":"https:\/\/quintett.eu\/index.php?rest_route=\/wp\/v2\/types\/product"}],"replies":[{"embeddable":true,"href":"https:\/\/quintett.eu\/index.php?rest_route=%2Fwp%2Fv2%2Fcomments&post=11861"}],"wp:featuredmedia":[{"embeddable":true,"href":"https:\/\/quintett.eu\/index.php?rest_route=\/wp\/v2\/media\/11863"}],"wp:attachment":[{"href":"https:\/\/quintett.eu\/index.php?rest_route=%2Fwp%2Fv2%2Fmedia&parent=11861"}],"wp:term":[{"taxonomy":"product_brand","embeddable":true,"href":"https:\/\/quintett.eu\/index.php?rest_route=%2Fwp%2Fv2%2Fproduct_brand&post=11861"},{"taxonomy":"product_cat","embeddable":true,"href":"https:\/\/quintett.eu\/index.php?rest_route=%2Fwp%2Fv2%2Fproduct_cat&post=11861"},{"taxonomy":"product_tag","embeddable":true,"href":"https:\/\/quintett.eu\/index.php?rest_route=%2Fwp%2Fv2%2Fproduct_tag&post=11861"}],"curies":[{"name":"wp","href":"https:\/\/api.w.org\/{rel}","templated":true}]}}