{"id":11987,"date":"2025-03-05T14:46:19","date_gmt":"2025-03-05T12:46:19","guid":{"rendered":"https:\/\/quintett.eu\/?post_type=product&#038;p=11987"},"modified":"2025-03-05T14:57:52","modified_gmt":"2025-03-05T12:57:52","slug":"lynx-audio-pro-laia28","status":"publish","type":"product","link":"https:\/\/quintett.eu\/?product=lynx-audio-pro-laia28","title":{"rendered":"Lynx Audio Pro &#8211; LAIA28"},"content":{"rendered":"<p>Line Array LAIA 2&#215;8 LF \u0219i 1X1,4 HF,  activa<\/p>\n<p>Line Array vertical<br \/>\nComponente<br \/>\nLF: 2 x 8\u201d, bobin\u0103 de 2\u201d, motor ultraliniar Tetracoil<br \/>\nHF: 1 x 1.4\u201d g\u00e2t de ie\u0219ire, (3\u201d bobin\u0103) cu diafragm\u0103 de titan<br \/>\nGama de frecvente &#8211; 65 Hz \u2013 20 KHz (-10 dB)<br \/>\nRaspuns in frecventa -75 Hz \u2013 18 KHz (\u00b1 3dB)<br \/>\nSPL maxim &#8211; 130 dB \/ 136 dB V\u00e2rf<br \/>\nAcoperire : 100\u00ba H x 10\u00ba V<br \/>\nPutere<br \/>\n1200 W Clasa D cu surs\u0103 de alimentare comutat\u0103 \u0219i amplificator PFC LF: 1 x 800 W RMS, 1600 W de v\u00e2rf Amplificator HF: 1 x 400 W RMS, 800 W de v\u00e2rf<br \/>\nProcesare DSP<br \/>\n96 KHz \/ 64 de bi\u021bi dubl\u0103 precizie<br \/>\nInterfa\u021b\u0103 de control utilizator<br \/>\nConexiuni de control<br \/>\nUSB (actualizare DSP) \/ Ethernet (OCS)<br \/>\nIntrare : Analogic<br \/>\nalimentare AC<br \/>\n90 \u2013 264V. 50\/60 Hz cu PFC<br \/>\nconexiuni AC<br \/>\n16A Neutrik powerCon true1 TOP cu ie\u0219ire \u00een bucl\u0103<br \/>\nAcoperire cu poliuree, vopsea rezistent\u0103 de \u00eenalt\u0103 calitate<br \/>\nMaterial- Placaj de mesteacan premium de 15 mm<br \/>\nDimensiuni : 248 x 279 x 645 mm (\u00cel x l x A) f\u0103r\u0103 \u0219tifturi<br \/>\nGreutate 25 kg (55,12 lbs)<\/p>\n","protected":false},"excerpt":{"rendered":"<p>LAIA-28 este un modul Line Array de format mediu care ofer\u0103 o solu\u021bie ideal\u0103 pentru o mare varietate de aplica\u021bii interioare \u0219i exterioare unde este necesar un sistem Line Array compact, practic \u0219i fiabil.<\/p>\n<p>LAIA- 28 este un sistem actic pe 2 cai cu un total de 1200W in clasa D, sursa de alimentare in comutatie universala si un sistem PFC pentru o mai buna optimizare a tensiunii si curentului de intrare si a consumului mai mic. Echipat cu o nou\u0103 genera\u021bie puternic\u0103<\/p>\n<p>DSP 64-bit\/96KHz proiectat \u0219i fabricat de Lynx Pro Audio, ofer\u0103 cele mai recente progrese \u00een procesarea digital\u0103, cum ar fi filtrele FIR, care ofer\u0103 r\u0103spuns liniar \u00een frecven\u021b\u0103 \u0219i faz\u0103. Cele mai recente convertoare AD\/DA pe 32 de bi\u021bi\/96 KHZ fac din sistemul unul dintre cele mai avansate \u0219i inovatoare line array de pe pia\u021b\u0103, rezult\u00e2nd o calitate superioar\u0103 a sunetului. \u00cen plus, sistemele din seria LAIA pot fi controlate de la distan\u021b\u0103 folosind platforma de control OCS, oferind utilizatorului posibilitatea de a controla sistemele f\u0103r\u0103 a fi nevoie de procesoare externe.<\/p>\n","protected":false},"featured_media":11989,"comment_status":"open","ping_status":"closed","template":"","meta":[],"product_brand":[],"product_cat":[178],"product_tag":[1366,354,138,445,1365,139,1337,1367,407,1341,1343,1338,55,1342,1344],"class_list":{"0":"post-11987","1":"product","2":"type-product","3":"status-publish","4":"has-post-thumbnail","6":"product_cat-boxe-systeme-audio","7":"product_tag-2x8-line-array-activ","8":"product_tag-cardioid","9":"product_tag-ella","10":"product_tag-ella-6","11":"product_tag-laia-line-array","12":"product_tag-line-array","13":"product_tag-line-array-sistem","14":"product_tag-lynx-audio-pro-laia28","15":"product_tag-sistem-sunet","16":"product_tag-tw-audio-vera-32","17":"product_tag-tw-audio-vera20","18":"product_tag-tw-audio-vera36","19":"product_tag-tw-audio","20":"product_tag-vera-20","21":"product_tag-vera20","23":"first","24":"instock","25":"sold-individually","26":"purchasable","27":"product-type-simple"},"jetpack_sharing_enabled":true,"_links":{"self":[{"href":"https:\/\/quintett.eu\/index.php?rest_route=\/wp\/v2\/product\/11987","targetHints":{"allow":["GET"]}}],"collection":[{"href":"https:\/\/quintett.eu\/index.php?rest_route=\/wp\/v2\/product"}],"about":[{"href":"https:\/\/quintett.eu\/index.php?rest_route=\/wp\/v2\/types\/product"}],"replies":[{"embeddable":true,"href":"https:\/\/quintett.eu\/index.php?rest_route=%2Fwp%2Fv2%2Fcomments&post=11987"}],"wp:featuredmedia":[{"embeddable":true,"href":"https:\/\/quintett.eu\/index.php?rest_route=\/wp\/v2\/media\/11989"}],"wp:attachment":[{"href":"https:\/\/quintett.eu\/index.php?rest_route=%2Fwp%2Fv2%2Fmedia&parent=11987"}],"wp:term":[{"taxonomy":"product_brand","embeddable":true,"href":"https:\/\/quintett.eu\/index.php?rest_route=%2Fwp%2Fv2%2Fproduct_brand&post=11987"},{"taxonomy":"product_cat","embeddable":true,"href":"https:\/\/quintett.eu\/index.php?rest_route=%2Fwp%2Fv2%2Fproduct_cat&post=11987"},{"taxonomy":"product_tag","embeddable":true,"href":"https:\/\/quintett.eu\/index.php?rest_route=%2Fwp%2Fv2%2Fproduct_tag&post=11987"}],"curies":[{"name":"wp","href":"https:\/\/api.w.org\/{rel}","templated":true}]}}