{"id":13002,"date":"2025-06-16T07:32:29","date_gmt":"2025-06-16T05:32:29","guid":{"rendered":"https:\/\/quintett.eu\/?post_type=product&#038;p=13002"},"modified":"2025-11-04T13:47:00","modified_gmt":"2025-11-04T11:47:00","slug":"mac-mah-aurora-150-bsw","status":"publish","type":"product","link":"https:\/\/quintett.eu\/?product=mac-mah-aurora-150-bsw","title":{"rendered":"Mac Mah &#8211; Aurora 150 BSW"},"content":{"rendered":"<p>Caracteristici:<br \/>\nMac Mah Aurora 150 BSW<br \/>\nCap mobil 3-\u00een-1 Hybrid Beam\/Spot\/Wash<br \/>\nLED alb de 150 W, unghi de fascicul de la 2\u00b0 la 28\u00b0<br \/>\nReductor de unghi pentru efect<br \/>\nFunc\u021bia Beam Frost pentru efect<br \/>\nMi\u0219care PAN\/TILT: 540\u00b0\/270\u00b0 cu corec\u021bie \u0219i vitez\u0103 de mi\u0219care reglabil\u0103<br \/>\nModuri de control: DMX, Auto, Master-Slave<br \/>\nCanale DMX: 17\/20<br \/>\nDimmer liniar de la 0 la 100%<br \/>\nFunc\u021bie strobo cu efecte \u00eencorporate<br \/>\n8 roat\u0103 de culoare + alb<br \/>\n7 Roat\u0103 Gobo fix\u0103 \u200b\u200bcu efect<br \/>\nRoata Gobo Shake cu 6 Roti Gobo rotative cu efect<br \/>\nGobo Shake 3-Facet Prism Rotating Bi-Direction<br \/>\nFocalizare electronic\u0103<br \/>\nFrost<br \/>\nAlimentare LCD: 100-240 VAC \/ 50-60 Hz prin powerCON<br \/>\nConsum de energie: 200 W<\/p>\n","protected":false},"excerpt":{"rendered":"<div>Mac Mah Aurora 150 BSW Spot Moving Head.<\/div>\n<div>Moving Head &#8211; Hybrid Beam\/Spot\/Wash cu LED alb de 150 W \u0219i zoom motorizat de 2\u00b0-28\u00b0. Gobo \u00eencorporat, prism\u0103 rotativ\u0103, Frost, Strobe \u0219i dimmer complet. DMX, audio sau control automat pentru toate configura\u021biile dvs.<\/div>\n","protected":false},"featured_media":13503,"comment_status":"open","ping_status":"closed","template":"","meta":[],"product_brand":[],"product_cat":[1472,496],"product_tag":[1415,1460,501,1417,513,1427,190,1459,505,1426,832,196,1416,515,516],"class_list":{"0":"post-13002","1":"product","2":"type-product","3":"status-publish","4":"has-post-thumbnail","6":"product_cat-black-friday-najlepsie-ceny","7":"product_cat-msc-lumini-si-scene","8":"product_tag-1915-aura","9":"product_tag-beam-spot-wash","10":"product_tag-lumini-inteligente","11":"product_tag-lumini-led","12":"product_tag-mac-mah","13":"product_tag-martin","14":"product_tag-moving-head","15":"product_tag-moving-head-150w","16":"product_tag-moving-head-7r","17":"product_tag-moving-head-led","18":"product_tag-robe","19":"product_tag-wash","20":"product_tag-wash-1915","21":"product_tag-wash-19x15","22":"product_tag-wash1915","24":"first","25":"instock","26":"sale","27":"purchasable","28":"product-type-simple"},"jetpack_sharing_enabled":true,"_links":{"self":[{"href":"https:\/\/quintett.eu\/index.php?rest_route=\/wp\/v2\/product\/13002","targetHints":{"allow":["GET"]}}],"collection":[{"href":"https:\/\/quintett.eu\/index.php?rest_route=\/wp\/v2\/product"}],"about":[{"href":"https:\/\/quintett.eu\/index.php?rest_route=\/wp\/v2\/types\/product"}],"replies":[{"embeddable":true,"href":"https:\/\/quintett.eu\/index.php?rest_route=%2Fwp%2Fv2%2Fcomments&post=13002"}],"wp:featuredmedia":[{"embeddable":true,"href":"https:\/\/quintett.eu\/index.php?rest_route=\/wp\/v2\/media\/13503"}],"wp:attachment":[{"href":"https:\/\/quintett.eu\/index.php?rest_route=%2Fwp%2Fv2%2Fmedia&parent=13002"}],"wp:term":[{"taxonomy":"product_brand","embeddable":true,"href":"https:\/\/quintett.eu\/index.php?rest_route=%2Fwp%2Fv2%2Fproduct_brand&post=13002"},{"taxonomy":"product_cat","embeddable":true,"href":"https:\/\/quintett.eu\/index.php?rest_route=%2Fwp%2Fv2%2Fproduct_cat&post=13002"},{"taxonomy":"product_tag","embeddable":true,"href":"https:\/\/quintett.eu\/index.php?rest_route=%2Fwp%2Fv2%2Fproduct_tag&post=13002"}],"curies":[{"name":"wp","href":"https:\/\/api.w.org\/{rel}","templated":true}]}}