{"id":255,"date":"2020-04-05T15:39:05","date_gmt":"2020-04-05T13:39:05","guid":{"rendered":"https:\/\/quintett.eu\/?post_type=product&#038;p=255"},"modified":"2025-07-04T11:28:15","modified_gmt":"2025-07-04T09:28:15","slug":"sysrack-x","status":"publish","type":"product","link":"https:\/\/quintett.eu\/?product=sysrack-x","title":{"rendered":"SYSRACK-X4-DANTE"},"content":{"rendered":"","protected":false},"excerpt":{"rendered":"<table id=\"descTable\" class=\"descTable no_phone_\" width=\"100%\">\n<tbody>\n<tr>\n<td class=\"descMarker\">Design<\/td>\n<td class=\"descContent\">&#8211; class-D technology with zero-latency<br \/>\n&#8211; switched-mode power supply with power factor correction and three phase load balancing<\/td>\n<\/tr>\n<tr>\n<td class=\"descMarker\">Operating modes<\/td>\n<td class=\"descContent\">&#8211; four channels<br \/>\n&#8211; two channels bridged<\/td>\n<\/tr>\n<tr>\n<td class=\"descMarker\">Power specifications<\/td>\n<td class=\"descContent\">4\u00d7 1600W @ 8 Ohms<br \/>\n4\u00d7 3000W @ 4 Ohms<br \/>\n4\u00d7 5200W @ 2 Ohms<\/td>\n<\/tr>\n<tr>\n<td class=\"descMarker\">Mains voltage<\/td>\n<td class=\"descContent\">100-240V, 50\/60Hz<\/td>\n<\/tr>\n<tr>\n<td class=\"descMarker\">Preset memory<\/td>\n<td class=\"descContent\">1000+<\/td>\n<\/tr>\n<tr>\n<td class=\"descMarker\">DSP<\/td>\n<td class=\"descContent\">&#8211; raised cosine equalization<br \/>\n&#8211; 2000+ 100ms delay<br \/>\n&#8211; FIR and parametric filters (IIR, highpass, lowpass, allpass)<br \/>\n&#8211; definable peak- and power-limiter per channel<br \/>\n&#8211; TruePower&#x2122;<br \/>\n&#8211; Active Damping Control&#x2122;<\/td>\n<\/tr>\n<tr>\n<td class=\"descMarker\">Operation \/ remote<\/td>\n<td class=\"descContent\">&#8211; via mobile browser on Android \/ iOS device<br \/>\n&#8211; via network and Powersoft\u00ae Armon\u00eda Pro Audio Suite&#x2122;<\/td>\n<\/tr>\n<tr>\n<td class=\"descMarker\">SYSRACK inputs and links<\/td>\n<td class=\"descContent\">APL6-X patch panel input section:<br \/>\n&#8211; 2\u00d7 AES3 in &amp; link via XLR<br \/>\n&#8211; 4\u00d7 analog in &amp; link via XLR<br \/>\n&#8211; ethernet primary\/secondary for Dante&#x2122; audio network and controlling<\/td>\n<\/tr>\n<tr>\n<td class=\"descMarker\">SYSRACK outputs<\/td>\n<td class=\"descContent\">APL6-X patch panel output section:<br \/>\n&#8211; 6\u00d7 speakON&#x2122; NL4<br \/>\n&#8211; 1\u00d7 speakON&#x2122; NL8<\/td>\n<\/tr>\n<tr>\n<td class=\"descMarker\">SYSRACK mains connector<\/td>\n<td class=\"descContent\">Neutrik powerCON 32A<\/td>\n<\/tr>\n<tr>\n<td class=\"descMarker\">SYSRACK dimensions<br \/>\n(H \u00d7 W \u00d7 D)<\/td>\n<td class=\"descContent\">185 \u00d7 560 \u00d7 500 mm [7.28 \u00d7 22.05 \u00d7 19.69\u00a0in]<\/td>\n<\/tr>\n<tr>\n<td class=\"descMarker\">SYSRACK weight<\/td>\n<td class=\"descContent\">28.6 kg [63\u00a0lbs]<\/td>\n<\/tr>\n<\/tbody>\n<\/table>\n","protected":false},"featured_media":99,"comment_status":"open","ping_status":"closed","template":"","meta":[],"product_brand":[],"product_cat":[61,42,19],"product_tag":[74,73,71,75,72],"class_list":{"0":"post-255","1":"product","2":"type-product","3":"status-publish","4":"has-post-thumbnail","6":"product_cat-amplificatoare","7":"product_cat-promotii","8":"product_cat-tw-audio","9":"product_tag-amplificatoare","10":"product_tag-amplificator","11":"product_tag-powersoft","12":"product_tag-sysrack","13":"product_tag-x4","15":"first","16":"instock","17":"purchasable","18":"product-type-simple"},"jetpack_sharing_enabled":true,"_links":{"self":[{"href":"https:\/\/quintett.eu\/index.php?rest_route=\/wp\/v2\/product\/255","targetHints":{"allow":["GET"]}}],"collection":[{"href":"https:\/\/quintett.eu\/index.php?rest_route=\/wp\/v2\/product"}],"about":[{"href":"https:\/\/quintett.eu\/index.php?rest_route=\/wp\/v2\/types\/product"}],"replies":[{"embeddable":true,"href":"https:\/\/quintett.eu\/index.php?rest_route=%2Fwp%2Fv2%2Fcomments&post=255"}],"wp:featuredmedia":[{"embeddable":true,"href":"https:\/\/quintett.eu\/index.php?rest_route=\/wp\/v2\/media\/99"}],"wp:attachment":[{"href":"https:\/\/quintett.eu\/index.php?rest_route=%2Fwp%2Fv2%2Fmedia&parent=255"}],"wp:term":[{"taxonomy":"product_brand","embeddable":true,"href":"https:\/\/quintett.eu\/index.php?rest_route=%2Fwp%2Fv2%2Fproduct_brand&post=255"},{"taxonomy":"product_cat","embeddable":true,"href":"https:\/\/quintett.eu\/index.php?rest_route=%2Fwp%2Fv2%2Fproduct_cat&post=255"},{"taxonomy":"product_tag","embeddable":true,"href":"https:\/\/quintett.eu\/index.php?rest_route=%2Fwp%2Fv2%2Fproduct_tag&post=255"}],"curies":[{"name":"wp","href":"https:\/\/api.w.org\/{rel}","templated":true}]}}