{"id":3867,"date":"2021-03-22T20:48:08","date_gmt":"2021-03-22T18:48:08","guid":{"rendered":"https:\/\/quintett.eu\/?product=casio-lk-136"},"modified":"2025-02-28T16:42:06","modified_gmt":"2025-02-28T14:42:06","slug":"casio-lk-135","status":"publish","type":"product","link":"https:\/\/quintett.eu\/?product=casio-lk-135","title":{"rendered":"Casio LK-135 Set"},"content":{"rendered":"<p>Set pian portabil\u00a0Casio LK-136<\/p>\n<p>Setul include:<\/p>\n<ul>\n<li>\n<ul>\n<li>1 x pian portabil\u00a0Casio LK-136<\/li>\n<li>1 x stativ clapa\u00a0Millenium KS-1001\u00a0(sau echivalentul)<\/li>\n<li>1 x casti\u00a0THE T.BONE HP-66<\/li>\n<li>imaginile sunt cu titlu informativ<\/li>\n<\/ul>\n<\/li>\n<\/ul>\n<div>Casio LK-136:<\/div>\n<ul>\n<li><span>61 de clape iluminate<\/span><\/li>\n<li><span>plifonie pe 32 note<\/span><\/li>\n<li><span>120 sunete<\/span><\/li>\n<li><span>100 de c\u00e2ntece presetate<\/span><\/li>\n<li><span>Dance Music Effects<\/span><\/li>\n<li><span>functia transpose<\/span><\/li>\n<li><span>70 de ritmuri<\/span><\/li>\n<li><span>Func\u021bia de \u00eenv\u0103\u021bare: m\u00e2na st\u00e2ng\u0103, m\u00e2na dreapt\u0103, ambele m\u00e2ini<\/span><\/li>\n<li><span>Fingerset, clasificare, evaluarea performan\u021bei<\/span><\/li>\n<li><span>Muf\u0103 pentru c\u0103\u0219ti<\/span><\/li>\n<li><span>Echipata cu doua difuzore de 2W<\/span><\/li>\n<li><span>functioneaza cu baterii (6 x tip AA)<\/span><\/li>\n<li><span>Dimensiuni (L x \u00ce x H):\u00a0<span>946 x 307 x 92 mm<\/span><\/span><\/li>\n<li><span>Greutate: 3,5 kg<\/span><\/li>\n<li>Alimentare adecvat\u0103 Casio AD-E95100LG\u00a0inclusa<\/li>\n<\/ul>\n","protected":false},"excerpt":{"rendered":"<p>Set pian portabil\u00a0Casio LK-136 ce include alimentator, stativ si casti<\/p>\n","protected":false},"featured_media":4736,"comment_status":"open","ping_status":"closed","template":"","meta":[],"product_brand":[],"product_cat":[294],"product_tag":[293],"class_list":{"0":"post-3867","1":"product","2":"type-product","3":"status-publish","4":"has-post-thumbnail","6":"product_cat-casio","7":"product_tag-casio","9":"first","10":"instock","11":"taxable","12":"shipping-taxable","13":"purchasable","14":"product-type-simple"},"jetpack_sharing_enabled":true,"_links":{"self":[{"href":"https:\/\/quintett.eu\/index.php?rest_route=\/wp\/v2\/product\/3867","targetHints":{"allow":["GET"]}}],"collection":[{"href":"https:\/\/quintett.eu\/index.php?rest_route=\/wp\/v2\/product"}],"about":[{"href":"https:\/\/quintett.eu\/index.php?rest_route=\/wp\/v2\/types\/product"}],"replies":[{"embeddable":true,"href":"https:\/\/quintett.eu\/index.php?rest_route=%2Fwp%2Fv2%2Fcomments&post=3867"}],"wp:featuredmedia":[{"embeddable":true,"href":"https:\/\/quintett.eu\/index.php?rest_route=\/wp\/v2\/media\/4736"}],"wp:attachment":[{"href":"https:\/\/quintett.eu\/index.php?rest_route=%2Fwp%2Fv2%2Fmedia&parent=3867"}],"wp:term":[{"taxonomy":"product_brand","embeddable":true,"href":"https:\/\/quintett.eu\/index.php?rest_route=%2Fwp%2Fv2%2Fproduct_brand&post=3867"},{"taxonomy":"product_cat","embeddable":true,"href":"https:\/\/quintett.eu\/index.php?rest_route=%2Fwp%2Fv2%2Fproduct_cat&post=3867"},{"taxonomy":"product_tag","embeddable":true,"href":"https:\/\/quintett.eu\/index.php?rest_route=%2Fwp%2Fv2%2Fproduct_tag&post=3867"}],"curies":[{"name":"wp","href":"https:\/\/api.w.org\/{rel}","templated":true}]}}