{"id":4070,"date":"2021-03-22T20:51:48","date_gmt":"2021-03-22T18:51:48","guid":{"rendered":"https:\/\/quintett.eu\/?product=alto-uber-fx"},"modified":"2023-08-31T16:30:44","modified_gmt":"2023-08-31T14:30:44","slug":"alto-uber-fx","status":"publish","type":"product","link":"https:\/\/quintett.eu\/?product=alto-uber-fx","title":{"rendered":"Alto Uber FX"},"content":{"rendered":"<p>Alto Uber FX<\/p>\n<ul class=\"prod-features\">\n<li><span><span><span>Putere: 100 W (v\u00e2rf)<\/span><\/span><\/span><\/li>\n<li><span><span><span>Echipat cu: woofer de 8 &#8222;, tweeter de 3&#8220;<\/span><\/span><\/span><\/li>\n<li><span><span><span>Dou\u0103 canale cu linie \/ microfon cu intr\u0103ri combo XLR \/ 1\/4 &#8222;<\/span><\/span><\/span><\/li>\n<li><span><span><span>Transmisie audio\u00a0wireless prin orice dispozitiv Bluetooth<\/span><\/span><\/span><\/li>\n<li><span><span><span>NFC de asociere \u0219i canale stereo AUX de 3,5 mm<\/span><\/span><\/span><\/li>\n<li><span><span><span>Volum, linie de ie\u0219ire \u0219i afi\u0219aj nivel baterie<\/span><\/span><\/span><\/li>\n<li><span><span><span>Baterie re\u00eenc\u0103rcabil\u0103 integrat\u0103 cu o durat\u0103 de func\u021bionare de p\u00e2n\u0103 la 45 de ore<\/span><\/span><\/span><\/li>\n<li><span><span><span>Port USB pentru \u00eenc\u0103rcarea telefoanelor mobile, a tabletelor sau a altor dispozitive<\/span><\/span><\/span><\/li>\n<li><span><span><span>Design robust cu m\u00e2ner \u0219i ro\u021bi telescopice \u00eencorporate pentru transportul facil<\/span><\/span><\/span><\/li>\n<li><span><span><span>Dimensiuni (\u00ce x L x \u00ce): 459 x 464 x 278 mm<\/span><\/span><\/span><\/li>\n<li><span><span><span>Greutate: 11,2 kg<\/span><\/span><\/span><\/li>\n<\/ul>\n","protected":false},"excerpt":{"rendered":"<p>Alto Uber FX &#8211; Boxa portabila cu baterie reincarcabila integrata cu o durata de functionare pana la 45 ore, design robust cu maner si roti telescopice incorporate pentru transportul facil, putere 100W (varf), echipat cu woofer de 8&#8243; si tweeter de 3&#8243;, doua canale cu linie\/microfon cu intrari combo XLR\/1\/4&#8243;, transmisie audio wireless prin orice dispozitiv Bluetooth.<\/p>\n","protected":false},"featured_media":4069,"comment_status":"open","ping_status":"closed","template":"","meta":[],"product_brand":[],"product_cat":[298],"product_tag":[297],"class_list":{"0":"post-4070","1":"product","2":"type-product","3":"status-publish","4":"has-post-thumbnail","6":"product_cat-alto","7":"product_tag-alto","9":"first","10":"outofstock","11":"taxable","12":"shipping-taxable","13":"purchasable","14":"product-type-simple"},"jetpack_sharing_enabled":true,"_links":{"self":[{"href":"https:\/\/quintett.eu\/index.php?rest_route=\/wp\/v2\/product\/4070","targetHints":{"allow":["GET"]}}],"collection":[{"href":"https:\/\/quintett.eu\/index.php?rest_route=\/wp\/v2\/product"}],"about":[{"href":"https:\/\/quintett.eu\/index.php?rest_route=\/wp\/v2\/types\/product"}],"replies":[{"embeddable":true,"href":"https:\/\/quintett.eu\/index.php?rest_route=%2Fwp%2Fv2%2Fcomments&post=4070"}],"wp:featuredmedia":[{"embeddable":true,"href":"https:\/\/quintett.eu\/index.php?rest_route=\/wp\/v2\/media\/4069"}],"wp:attachment":[{"href":"https:\/\/quintett.eu\/index.php?rest_route=%2Fwp%2Fv2%2Fmedia&parent=4070"}],"wp:term":[{"taxonomy":"product_brand","embeddable":true,"href":"https:\/\/quintett.eu\/index.php?rest_route=%2Fwp%2Fv2%2Fproduct_brand&post=4070"},{"taxonomy":"product_cat","embeddable":true,"href":"https:\/\/quintett.eu\/index.php?rest_route=%2Fwp%2Fv2%2Fproduct_cat&post=4070"},{"taxonomy":"product_tag","embeddable":true,"href":"https:\/\/quintett.eu\/index.php?rest_route=%2Fwp%2Fv2%2Fproduct_tag&post=4070"}],"curies":[{"name":"wp","href":"https:\/\/api.w.org\/{rel}","templated":true}]}}