{"id":4132,"date":"2021-03-22T20:53:02","date_gmt":"2021-03-22T18:53:02","guid":{"rendered":"https:\/\/quintett.eu\/?product=se-electronics-harp-blaster-hb52"},"modified":"2021-03-22T20:53:02","modified_gmt":"2021-03-22T18:53:02","slug":"se-electronics-harp-blaster-hb52","status":"publish","type":"product","link":"https:\/\/quintett.eu\/?product=se-electronics-harp-blaster-hb52","title":{"rendered":"sE Electronics Harp Blaster HB52"},"content":{"rendered":"<p>Microfon dinamic sE Electronics Harp Blaster HB52<\/p>\n<ul>\n<li>capsul\u0103 dinamic\u0103 modelat\u0103 dup\u0103 legendare microfoane vintage<\/li>\n<li>model polar omnidirec\u021bional<\/li>\n<li>bobina vocal\u0103 de cupru cu magnet de neodim<\/li>\n<li>controlul volumului cu poten\u021biometru Bourns\u00ae high-end pe carcas\u0103<\/li>\n<li>design compact<\/li>\n<li>carcas\u0103 din metal solid \u0219i vopsea de \u00eenalt\u0103 calitate<\/li>\n<li>r\u0103spuns la frecven\u021b\u0103: 22 Hz &#8211; 16 kHz<\/li>\n<li>sensibilitate: 17,8 mV \/ Pa (-35 dBV)<\/li>\n<li>contacte XLR placate cu aur<\/li>\n<li>impedanta de iesire: 45 kOhm<\/li>\n<li>diametru: 50mm<\/li>\n<li>lungime: 78mm<\/li>\n<li>greutate: 205 g<\/li>\n<li>in cutie:\n<ul>\n<li>husa din piele<\/li>\n<li>autocolant cu logo-ul Hohner \/ sE Electronics<\/li>\n<li>p\u00e2nz\u0103 din microfibr\u0103<\/li>\n<li>manual de utilizare<\/li>\n<\/ul>\n<\/li>\n<\/ul>\n<p><iframe width=\"425\" height=\"350\" src=\"https:\/\/www.youtube.com\/embed\/zWPtFy4aIJM\"><\/iframe><\/p>\n","protected":false},"excerpt":{"rendered":"<p>Microfon dinamic\u00a0sE Electronics Harp Blaster HB52\u00a0ce\u00a0este rezultatul unei cooper\u0103ri \u00eentre HOHNER \u0219i sE Electronics<\/p>\n","protected":false},"featured_media":4131,"comment_status":"open","ping_status":"closed","template":"","meta":[],"product_brand":[],"product_cat":[300],"product_tag":[299],"class_list":{"0":"post-4132","1":"product","2":"type-product","3":"status-publish","4":"has-post-thumbnail","6":"product_cat-se-electronics","7":"product_tag-se-electronics","9":"first","10":"instock","11":"taxable","12":"shipping-taxable","13":"purchasable","14":"product-type-simple"},"jetpack_sharing_enabled":true,"_links":{"self":[{"href":"https:\/\/quintett.eu\/index.php?rest_route=\/wp\/v2\/product\/4132","targetHints":{"allow":["GET"]}}],"collection":[{"href":"https:\/\/quintett.eu\/index.php?rest_route=\/wp\/v2\/product"}],"about":[{"href":"https:\/\/quintett.eu\/index.php?rest_route=\/wp\/v2\/types\/product"}],"replies":[{"embeddable":true,"href":"https:\/\/quintett.eu\/index.php?rest_route=%2Fwp%2Fv2%2Fcomments&post=4132"}],"wp:featuredmedia":[{"embeddable":true,"href":"https:\/\/quintett.eu\/index.php?rest_route=\/wp\/v2\/media\/4131"}],"wp:attachment":[{"href":"https:\/\/quintett.eu\/index.php?rest_route=%2Fwp%2Fv2%2Fmedia&parent=4132"}],"wp:term":[{"taxonomy":"product_brand","embeddable":true,"href":"https:\/\/quintett.eu\/index.php?rest_route=%2Fwp%2Fv2%2Fproduct_brand&post=4132"},{"taxonomy":"product_cat","embeddable":true,"href":"https:\/\/quintett.eu\/index.php?rest_route=%2Fwp%2Fv2%2Fproduct_cat&post=4132"},{"taxonomy":"product_tag","embeddable":true,"href":"https:\/\/quintett.eu\/index.php?rest_route=%2Fwp%2Fv2%2Fproduct_tag&post=4132"}],"curies":[{"name":"wp","href":"https:\/\/api.w.org\/{rel}","templated":true}]}}