{"id":4219,"date":"2021-03-22T20:54:31","date_gmt":"2021-03-22T18:54:31","guid":{"rendered":"https:\/\/quintett.eu\/?product=proel-kp875"},"modified":"2021-03-22T20:54:31","modified_gmt":"2021-03-22T18:54:31","slug":"proel-kp875","status":"publish","type":"product","link":"https:\/\/quintett.eu\/?product=proel-kp875","title":{"rendered":"Proel KP875"},"content":{"rendered":"<p>Suport profesional Proel KP875<\/p>\n<ul>\n<li>\u00cen\u0103l\u021bime minim\u0103: 920 mm<\/li>\n<li>\u00cen\u0103l\u021bimea maxim\u0103: 1400 mm<\/li>\n<li>Dimensiunea bazei: \u00d8 880 mm<\/li>\n<li>Dimensiunea pl\u0103cii superioare: 390 x 290 mm<\/li>\n<li>Greutate: 4,92 kg<\/li>\n<li>Greutate maxim\u0103 de \u00eenc\u0103rcare: 35 kg<\/li>\n<li>Culoare: negru mat<\/li>\n<\/ul>\n<p><iframe width=\"425\" height=\"350\" src=\"https:\/\/www.youtube.com\/embed\/u0D3VVLbpZU\"><\/iframe><\/p>\n","protected":false},"excerpt":{"rendered":"<p>Suport profesional Proel KP875 pentru laptop \/ proiector, reglabil pe \u00een\u0103l\u021bime, cu baz\u0103 tip trepied si plac\u0103 superioar\u0103 cu unghi variabil.<\/p>\n","protected":false},"featured_media":4218,"comment_status":"open","ping_status":"closed","template":"","meta":[],"product_brand":[],"product_cat":[292],"product_tag":[291],"class_list":{"0":"post-4219","1":"product","2":"type-product","3":"status-publish","4":"has-post-thumbnail","6":"product_cat-proel","7":"product_tag-proel","9":"first","10":"instock","11":"taxable","12":"shipping-taxable","13":"purchasable","14":"product-type-simple"},"jetpack_sharing_enabled":true,"_links":{"self":[{"href":"https:\/\/quintett.eu\/index.php?rest_route=\/wp\/v2\/product\/4219","targetHints":{"allow":["GET"]}}],"collection":[{"href":"https:\/\/quintett.eu\/index.php?rest_route=\/wp\/v2\/product"}],"about":[{"href":"https:\/\/quintett.eu\/index.php?rest_route=\/wp\/v2\/types\/product"}],"replies":[{"embeddable":true,"href":"https:\/\/quintett.eu\/index.php?rest_route=%2Fwp%2Fv2%2Fcomments&post=4219"}],"wp:featuredmedia":[{"embeddable":true,"href":"https:\/\/quintett.eu\/index.php?rest_route=\/wp\/v2\/media\/4218"}],"wp:attachment":[{"href":"https:\/\/quintett.eu\/index.php?rest_route=%2Fwp%2Fv2%2Fmedia&parent=4219"}],"wp:term":[{"taxonomy":"product_brand","embeddable":true,"href":"https:\/\/quintett.eu\/index.php?rest_route=%2Fwp%2Fv2%2Fproduct_brand&post=4219"},{"taxonomy":"product_cat","embeddable":true,"href":"https:\/\/quintett.eu\/index.php?rest_route=%2Fwp%2Fv2%2Fproduct_cat&post=4219"},{"taxonomy":"product_tag","embeddable":true,"href":"https:\/\/quintett.eu\/index.php?rest_route=%2Fwp%2Fv2%2Fproduct_tag&post=4219"}],"curies":[{"name":"wp","href":"https:\/\/api.w.org\/{rel}","templated":true}]}}