{"id":4221,"date":"2021-03-22T20:54:35","date_gmt":"2021-03-22T18:54:35","guid":{"rendered":"https:\/\/quintett.eu\/?product=proel-rsm300"},"modified":"2021-03-22T20:54:35","modified_gmt":"2021-03-22T18:54:35","slug":"proel-rsm300","status":"publish","type":"product","link":"https:\/\/quintett.eu\/?product=proel-rsm300","title":{"rendered":"Proel RSM300"},"content":{"rendered":"<p>Stativ partituri Proel RSM300<\/p>\n<ul>\n<li>\u00cen\u0103l\u021bimea minim\u0103 a pl\u0103cii de sus\u021binere: 400 mm<\/li>\n<li>\u00cen\u0103l\u021bimea maxim\u0103 a pl\u0103cii de sus\u021binere: 1040 mm<\/li>\n<li>Dimensiuni foaie muzical\u0103: L 510 x H 244 mm<\/li>\n<li>Diametrul bazei: 600 mm<\/li>\n<li>Greutate: 1,40 kg<\/li>\n<li>Greutate maxim\u0103 de \u00eenc\u0103rcare: 2 kg<\/li>\n<li>Culoarea neagra<\/li>\n<li>Note: Geanta de transport din nailon inclus\u0103<\/li>\n<\/ul>\n<p><iframe width=\"425\" height=\"350\" src=\"https:\/\/www.youtube.com\/embed\/Axe5SdgzRJU\"><\/iframe><\/p>\n<p><!--StartFragment--><\/p>\n","protected":false},"excerpt":{"rendered":"<p>Stativ partituri Proel RSM300 pliabil, reglabil pe inaltime si husa inclusa<\/p>\n","protected":false},"featured_media":4220,"comment_status":"open","ping_status":"closed","template":"","meta":[],"product_brand":[],"product_cat":[292],"product_tag":[291],"class_list":{"0":"post-4221","1":"product","2":"type-product","3":"status-publish","4":"has-post-thumbnail","6":"product_cat-proel","7":"product_tag-proel","9":"first","10":"instock","11":"taxable","12":"shipping-taxable","13":"purchasable","14":"product-type-simple"},"jetpack_sharing_enabled":true,"_links":{"self":[{"href":"https:\/\/quintett.eu\/index.php?rest_route=\/wp\/v2\/product\/4221","targetHints":{"allow":["GET"]}}],"collection":[{"href":"https:\/\/quintett.eu\/index.php?rest_route=\/wp\/v2\/product"}],"about":[{"href":"https:\/\/quintett.eu\/index.php?rest_route=\/wp\/v2\/types\/product"}],"replies":[{"embeddable":true,"href":"https:\/\/quintett.eu\/index.php?rest_route=%2Fwp%2Fv2%2Fcomments&post=4221"}],"wp:featuredmedia":[{"embeddable":true,"href":"https:\/\/quintett.eu\/index.php?rest_route=\/wp\/v2\/media\/4220"}],"wp:attachment":[{"href":"https:\/\/quintett.eu\/index.php?rest_route=%2Fwp%2Fv2%2Fmedia&parent=4221"}],"wp:term":[{"taxonomy":"product_brand","embeddable":true,"href":"https:\/\/quintett.eu\/index.php?rest_route=%2Fwp%2Fv2%2Fproduct_brand&post=4221"},{"taxonomy":"product_cat","embeddable":true,"href":"https:\/\/quintett.eu\/index.php?rest_route=%2Fwp%2Fv2%2Fproduct_cat&post=4221"},{"taxonomy":"product_tag","embeddable":true,"href":"https:\/\/quintett.eu\/index.php?rest_route=%2Fwp%2Fv2%2Fproduct_tag&post=4221"}],"curies":[{"name":"wp","href":"https:\/\/api.w.org\/{rel}","templated":true}]}}