{"id":4285,"date":"2021-03-22T20:55:56","date_gmt":"2021-03-22T18:55:56","guid":{"rendered":"https:\/\/quintett.eu\/?product=proel-rsm360m"},"modified":"2021-03-23T13:18:52","modified_gmt":"2021-03-23T11:18:52","slug":"proel-rsm360m","status":"publish","type":"product","link":"https:\/\/quintett.eu\/?product=proel-rsm360m","title":{"rendered":"Proel RSM360M"},"content":{"rendered":"<p>Stativ partituri\u00a0Proel RSM360M<\/p>\n<ul>\n<li>Dimensiunea bazei: \u00d8 650 mm<\/li>\n<li>\u00cen\u0103l\u021bime minim\u0103: 630 mm (marginea inferioar\u0103 a cadrului de partituri)<\/li>\n<li>\u00cen\u0103l\u021bime maxim\u0103: 1000 mm (marginea inferioar\u0103 a cadrului de partituri)<\/li>\n<li>Dimensiuni\u00a0partituri muzicale: 485 x 350 mm<\/li>\n<li>Greutate: 2,8 kg<\/li>\n<li>Greutate maxim\u0103 de \u00eenc\u0103rcare: 8 kg<\/li>\n<li>Culoarea neagra<\/li>\n<li>Geanta de transport inclus\u0103<\/li>\n<\/ul>\n<p><iframe width=\"425\" height=\"350\" src=\"https:\/\/www.youtube.com\/embed\/oTjP5TGuGGw\"><\/iframe><\/p>\n","protected":false},"excerpt":{"rendered":"<p>Stativ partituri\u00a0Proel RSM360M profesional cu suport perforat orientabil. Noul sistem de prindere cu bloc pentru o reglare rapid\u0103, anti-alunecare a \u00een\u0103l\u021bimii \u0219i o baz\u0103 larg\u0103\u00a0tip trepied.<\/p>\n","protected":false},"featured_media":4284,"comment_status":"open","ping_status":"closed","template":"","meta":[],"product_brand":[],"product_cat":[292],"product_tag":[291],"class_list":{"0":"post-4285","1":"product","2":"type-product","3":"status-publish","4":"has-post-thumbnail","6":"product_cat-proel","7":"product_tag-proel","9":"first","10":"instock","11":"taxable","12":"shipping-taxable","13":"purchasable","14":"product-type-simple"},"jetpack_sharing_enabled":true,"_links":{"self":[{"href":"https:\/\/quintett.eu\/index.php?rest_route=\/wp\/v2\/product\/4285","targetHints":{"allow":["GET"]}}],"collection":[{"href":"https:\/\/quintett.eu\/index.php?rest_route=\/wp\/v2\/product"}],"about":[{"href":"https:\/\/quintett.eu\/index.php?rest_route=\/wp\/v2\/types\/product"}],"replies":[{"embeddable":true,"href":"https:\/\/quintett.eu\/index.php?rest_route=%2Fwp%2Fv2%2Fcomments&post=4285"}],"wp:featuredmedia":[{"embeddable":true,"href":"https:\/\/quintett.eu\/index.php?rest_route=\/wp\/v2\/media\/4284"}],"wp:attachment":[{"href":"https:\/\/quintett.eu\/index.php?rest_route=%2Fwp%2Fv2%2Fmedia&parent=4285"}],"wp:term":[{"taxonomy":"product_brand","embeddable":true,"href":"https:\/\/quintett.eu\/index.php?rest_route=%2Fwp%2Fv2%2Fproduct_brand&post=4285"},{"taxonomy":"product_cat","embeddable":true,"href":"https:\/\/quintett.eu\/index.php?rest_route=%2Fwp%2Fv2%2Fproduct_cat&post=4285"},{"taxonomy":"product_tag","embeddable":true,"href":"https:\/\/quintett.eu\/index.php?rest_route=%2Fwp%2Fv2%2Fproduct_tag&post=4285"}],"curies":[{"name":"wp","href":"https:\/\/api.w.org\/{rel}","templated":true}]}}