{"id":5905,"date":"2021-04-02T18:41:42","date_gmt":"2021-04-02T16:41:42","guid":{"rendered":"https:\/\/quintett.eu\/?product=hercules-stands-hcgs-414b"},"modified":"2023-04-03T13:43:51","modified_gmt":"2023-04-03T11:43:51","slug":"hercules-stands-hcgs-414b","status":"publish","type":"product","link":"https:\/\/quintett.eu\/?product=hercules-stands-hcgs-414b","title":{"rendered":"Hercules Stands HCGS-414B+"},"content":{"rendered":"<p>Stativ chitara\u00a0Hercules Stands HCGS-414B+<\/p>\n<ul class=\"prod-features\">\n<li>Suport pentru toate\u00a0chitarele electrice, bass,\u00a0chitare acustice, mandoline, banjos \u0219i ukulele<\/li>\n<li>Suportul pentru prinderea automat\u0103 asigur\u0103 instrumentul s\u0103 nu cad\u0103<\/li>\n<li>Picioare tapitate din cauciuc-spum\u0103<\/li>\n<li>Suport pentru\u00a0l\u0103\u021bimea standard a g\u00e2tului de 40 &#8211; 52 mm<\/li>\n<li>Cu ajustarea pentru g\u00e2turile \u00eenguste p\u00e2n\u0103 la min.\u00a028 mm<\/li>\n<li>Ajustare \u00een\u0103l\u021bimii cu buton \u0219i grila metalic\u0103 pentru func\u021bionare<\/li>\n<li>aReglabil pe inaltime\u00a0\u00eentre 95 \u0219i 115 cm<\/li>\n<\/ul>\n","protected":false},"excerpt":{"rendered":"<p>Stativ chitara\u00a0Hercules Stands HCGS-414B+ potrivit pentru\u00a0chitarele electrice, bass,\u00a0chitare acustice, mandoline, banjos \u0219i ukulele<\/p>\n","protected":false},"featured_media":5794,"comment_status":"open","ping_status":"closed","template":"","meta":[],"product_brand":[],"product_cat":[186],"product_tag":[315,314,316],"class_list":{"0":"post-5905","1":"product","2":"type-product","3":"status-publish","4":"has-post-thumbnail","6":"product_cat-stative-accesorii-stavive","7":"product_tag-accesorii","8":"product_tag-hercules","9":"product_tag-stative","11":"first","12":"instock","13":"purchasable","14":"product-type-simple"},"jetpack_sharing_enabled":true,"_links":{"self":[{"href":"https:\/\/quintett.eu\/index.php?rest_route=\/wp\/v2\/product\/5905","targetHints":{"allow":["GET"]}}],"collection":[{"href":"https:\/\/quintett.eu\/index.php?rest_route=\/wp\/v2\/product"}],"about":[{"href":"https:\/\/quintett.eu\/index.php?rest_route=\/wp\/v2\/types\/product"}],"replies":[{"embeddable":true,"href":"https:\/\/quintett.eu\/index.php?rest_route=%2Fwp%2Fv2%2Fcomments&post=5905"}],"wp:featuredmedia":[{"embeddable":true,"href":"https:\/\/quintett.eu\/index.php?rest_route=\/wp\/v2\/media\/5794"}],"wp:attachment":[{"href":"https:\/\/quintett.eu\/index.php?rest_route=%2Fwp%2Fv2%2Fmedia&parent=5905"}],"wp:term":[{"taxonomy":"product_brand","embeddable":true,"href":"https:\/\/quintett.eu\/index.php?rest_route=%2Fwp%2Fv2%2Fproduct_brand&post=5905"},{"taxonomy":"product_cat","embeddable":true,"href":"https:\/\/quintett.eu\/index.php?rest_route=%2Fwp%2Fv2%2Fproduct_cat&post=5905"},{"taxonomy":"product_tag","embeddable":true,"href":"https:\/\/quintett.eu\/index.php?rest_route=%2Fwp%2Fv2%2Fproduct_tag&post=5905"}],"curies":[{"name":"wp","href":"https:\/\/api.w.org\/{rel}","templated":true}]}}