{"id":6409,"date":"2021-04-14T09:30:15","date_gmt":"2021-04-14T07:30:15","guid":{"rendered":"https:\/\/quintett.eu\/?product=radial-engineering-vocoloco"},"modified":"2024-04-26T09:44:42","modified_gmt":"2024-04-26T07:44:42","slug":"radial-engineering-vocoloco","status":"publish","type":"product","link":"https:\/\/quintett.eu\/?product=radial-engineering-vocoloco","title":{"rendered":"Radial Engineering Vocoloco"},"content":{"rendered":"<p>Comutator Efecte\u00a0Radial Engineering Vocoloco<\/p>\n<ul class=\"prod-features\">\n<li>Pentru voce si instrumente<\/li>\n<li><span>Ca \u0219i\u00a0effects loop, permite incorporarea efectelor de chitar\u0103 tip pedal\u0103 \u00een signal path<\/span><\/li>\n<li><span>Raport Dry\/Wet ajustabil<\/span><\/li>\n<li>Send \u0219i Return ajustabile<\/li>\n<li><span>EQ de joase\/\u00eenalte ajustabil<\/span><\/li>\n<li>Buton mute<\/li>\n<li><span>Buton Loop Wet \/ Dry<\/span><\/li>\n<li><span>Phantom power 48V<\/span><\/li>\n<li><span>Intrare\/Ie\u0219ire XLR<\/span><\/li>\n<li><span>Intrare\/Ie\u0219ire Jack 6.3 mm<\/span><\/li>\n<li><span>Include alimentator extern<\/span><\/li>\n<\/ul>\n","protected":false},"excerpt":{"rendered":"<p>Comutator Efecte\u00a0Radial Engineering Vocoloco\u00a0este un preamplificator de microfon controlat prin picior ca \u0219i foot switch care permite comutarea efectelor care ofer\u0103 soli\u0219tilor vocali sau instrumenti\u0219tilor acustici posibilitatea de a incorpora efecte de chitar\u0103 \u00een signal path-ul lor.<\/p>\n","protected":false},"featured_media":6398,"comment_status":"open","ping_status":"closed","template":"","meta":[],"product_brand":[],"product_cat":[317],"product_tag":[320,322,318,319,203,321,158],"class_list":{"0":"post-6409","1":"product","2":"type-product","3":"status-publish","4":"has-post-thumbnail","6":"product_cat-radial","7":"product_tag-activ","8":"product_tag-alimentator","9":"product_tag-di","10":"product_tag-di-box","11":"product_tag-mixer","12":"product_tag-pasiv","13":"product_tag-pedala","15":"first","16":"instock","17":"purchasable","18":"product-type-simple"},"jetpack_sharing_enabled":true,"_links":{"self":[{"href":"https:\/\/quintett.eu\/index.php?rest_route=\/wp\/v2\/product\/6409","targetHints":{"allow":["GET"]}}],"collection":[{"href":"https:\/\/quintett.eu\/index.php?rest_route=\/wp\/v2\/product"}],"about":[{"href":"https:\/\/quintett.eu\/index.php?rest_route=\/wp\/v2\/types\/product"}],"replies":[{"embeddable":true,"href":"https:\/\/quintett.eu\/index.php?rest_route=%2Fwp%2Fv2%2Fcomments&post=6409"}],"wp:featuredmedia":[{"embeddable":true,"href":"https:\/\/quintett.eu\/index.php?rest_route=\/wp\/v2\/media\/6398"}],"wp:attachment":[{"href":"https:\/\/quintett.eu\/index.php?rest_route=%2Fwp%2Fv2%2Fmedia&parent=6409"}],"wp:term":[{"taxonomy":"product_brand","embeddable":true,"href":"https:\/\/quintett.eu\/index.php?rest_route=%2Fwp%2Fv2%2Fproduct_brand&post=6409"},{"taxonomy":"product_cat","embeddable":true,"href":"https:\/\/quintett.eu\/index.php?rest_route=%2Fwp%2Fv2%2Fproduct_cat&post=6409"},{"taxonomy":"product_tag","embeddable":true,"href":"https:\/\/quintett.eu\/index.php?rest_route=%2Fwp%2Fv2%2Fproduct_tag&post=6409"}],"curies":[{"name":"wp","href":"https:\/\/api.w.org\/{rel}","templated":true}]}}