{"id":6785,"date":"2021-09-28T18:56:33","date_gmt":"2021-09-28T16:56:33","guid":{"rendered":"https:\/\/quintett.eu\/?post_type=product&#038;p=6785"},"modified":"2022-07-16T01:54:15","modified_gmt":"2022-07-15T23:54:15","slug":"nova-mx-3-2-k4","status":"publish","type":"product","link":"https:\/\/quintett.eu\/?product=nova-mx-3-2-k4","title":{"rendered":"Nova MX 3.2 K4"},"content":{"rendered":"<table width=\"465\">\n<tbody>\n<tr>\n<td width=\"283\">8 ohms per channel (watt):<\/td>\n<td width=\"6\"><\/td>\n<td width=\"176\">400 (x 4)<\/td>\n<\/tr>\n<tr>\n<td>4 ohms per channel (watt):<\/td>\n<td><\/td>\n<td>800 (x 4)<\/td>\n<\/tr>\n<tr>\n<td>THD+N at 1 kHz @ 8 ohms, 3 dB below rated power:<\/td>\n<td><\/td>\n<td>&lt;0.05 %<\/td>\n<\/tr>\n<tr>\n<td>IMD at 60 Hz+7kHz @ 8 ohms, 3 dB below rated power:<\/td>\n<td><\/td>\n<td>&lt; 0.05 %<\/td>\n<\/tr>\n<tr>\n<td>Slew rate:<\/td>\n<td><\/td>\n<td>30 V \/ us<\/td>\n<\/tr>\n<tr>\n<td>Damping factor:<\/td>\n<td><\/td>\n<td>&gt; 300<\/td>\n<\/tr>\n<tr>\n<td>Signal\/noise rate:<\/td>\n<td><\/td>\n<td>&gt; 105 dB<\/td>\n<\/tr>\n<tr>\n<td>Channel separation at 1 kHz:<\/td>\n<td><\/td>\n<td>&gt; 60 dB<\/td>\n<\/tr>\n<tr>\n<td>Input Impedance:<\/td>\n<td><\/td>\n<td>10 k ohms bal. (+\/- 1%)<\/td>\n<\/tr>\n<tr>\n<td>Common mode rejection:<\/td>\n<td><\/td>\n<td>&gt; 70 dB<\/td>\n<\/tr>\n<tr>\n<td>Gain controls:<\/td>\n<td><\/td>\n<td>4<\/td>\n<\/tr>\n<tr>\n<td>Clip \/ protect indicators:<\/td>\n<td><\/td>\n<td>LEDS<\/td>\n<\/tr>\n<tr>\n<td>Output headroom indicators:<\/td>\n<td><\/td>\n<td>LEDS<\/td>\n<\/tr>\n<tr>\n<td>Input connectors:<\/td>\n<td><\/td>\n<td>4 x XLR female (NEUTRIK\u00a9)<\/td>\n<\/tr>\n<tr>\n<td>Link connectors:<\/td>\n<td><\/td>\n<td>4 x XLR male (NEUTRIK\u00a9)<\/td>\n<\/tr>\n<tr>\n<td>Dynamic limiter:<\/td>\n<td><\/td>\n<td>full automatic<\/td>\n<\/tr>\n<tr>\n<td>Cooling:<\/td>\n<td><\/td>\n<td>air draft (fan with stepless speed)<\/td>\n<\/tr>\n<tr>\n<td>Output connectors:<\/td>\n<td><\/td>\n<td>4 x SPEAKON NL4 (NEUTRIK\u00a9)<\/td>\n<\/tr>\n<tr>\n<td>Operation voltage:<\/td>\n<td><\/td>\n<td>220 \u2013 245 volts<\/td>\n<\/tr>\n<tr>\n<td>Soft start:<\/td>\n<td><\/td>\n<td>Yes (5 sec.)<\/td>\n<\/tr>\n<tr>\n<td>Switch mode power supply (SMPS)<\/td>\n<td><\/td>\n<td>Yes<\/td>\n<\/tr>\n<tr>\n<td>Maximum power consumption:<\/td>\n<td><\/td>\n<td>10 A \/ 230 V (2.300 W max.)<\/td>\n<\/tr>\n<tr>\n<td>Dimensions unit (mm) W x H x D:<\/td>\n<td><\/td>\n<td>483 x 89 x 365<\/td>\n<\/tr>\n<tr>\n<td>Dimensions packing (mm) W x H x D:<\/td>\n<td><\/td>\n<td>544 x 123 x 500<\/td>\n<\/tr>\n<tr>\n<td>Weight (net \/ gross):<\/td>\n<td><\/td>\n<td>8 kg \/ 10 kg<\/td>\n<\/tr>\n<\/tbody>\n<\/table>\n","protected":false},"excerpt":{"rendered":"<p>NOVA MX3.2K4 este un amplificator de putere cu 4 canale, care ofer\u0103 o putere nominal\u0103 de 4 x 800 wa\u021bi RMS la 4 ohmi. Panoul frontal prezint\u0103 4 potentiometre de volum \u00a0pentru acces u\u0219or \u0219i comutatorul on\/ off . Afi\u0219ajul LED informeaz\u0103 despre starea canalelor amplificatorului. Partea din spate prezint\u0103 4 conectori de intrare (XLR mam\u0103), 4 conectori de leg\u0103tur\u0103 (XLR tat\u0103) \u0219i 4 conectori de ie\u0219ire (SPEAKON NL4). Sensibilitatea de intrare (gain) este de 32 dB pentru fiecare canal. Amplificatorul este echipat cu o \u00eent\u00e2rziere la pornire pentru a proteja difuzoarele conectate.<\/p>\n","protected":false},"featured_media":6786,"comment_status":"open","ping_status":"closed","template":"","meta":[],"product_brand":[],"product_cat":[175,42],"product_tag":[346,345,73,347,140],"class_list":{"0":"post-6785","1":"product","2":"type-product","3":"status-publish","4":"has-post-thumbnail","6":"product_cat-nova","7":"product_cat-promotii","8":"product_tag-3200w","9":"product_tag-4-canale","10":"product_tag-amplificator","11":"product_tag-mx3-2-k4","12":"product_tag-nova","14":"first","15":"instock","16":"sale","17":"purchasable","18":"product-type-simple"},"jetpack_sharing_enabled":true,"_links":{"self":[{"href":"https:\/\/quintett.eu\/index.php?rest_route=\/wp\/v2\/product\/6785","targetHints":{"allow":["GET"]}}],"collection":[{"href":"https:\/\/quintett.eu\/index.php?rest_route=\/wp\/v2\/product"}],"about":[{"href":"https:\/\/quintett.eu\/index.php?rest_route=\/wp\/v2\/types\/product"}],"replies":[{"embeddable":true,"href":"https:\/\/quintett.eu\/index.php?rest_route=%2Fwp%2Fv2%2Fcomments&post=6785"}],"wp:featuredmedia":[{"embeddable":true,"href":"https:\/\/quintett.eu\/index.php?rest_route=\/wp\/v2\/media\/6786"}],"wp:attachment":[{"href":"https:\/\/quintett.eu\/index.php?rest_route=%2Fwp%2Fv2%2Fmedia&parent=6785"}],"wp:term":[{"taxonomy":"product_brand","embeddable":true,"href":"https:\/\/quintett.eu\/index.php?rest_route=%2Fwp%2Fv2%2Fproduct_brand&post=6785"},{"taxonomy":"product_cat","embeddable":true,"href":"https:\/\/quintett.eu\/index.php?rest_route=%2Fwp%2Fv2%2Fproduct_cat&post=6785"},{"taxonomy":"product_tag","embeddable":true,"href":"https:\/\/quintett.eu\/index.php?rest_route=%2Fwp%2Fv2%2Fproduct_tag&post=6785"}],"curies":[{"name":"wp","href":"https:\/\/api.w.org\/{rel}","templated":true}]}}