{"id":6808,"date":"2021-10-15T16:32:55","date_gmt":"2021-10-15T14:32:55","guid":{"rendered":"https:\/\/quintett.eu\/?post_type=product&#038;p=6808"},"modified":"2025-11-04T10:09:31","modified_gmt":"2025-11-04T08:09:31","slug":"austrian-audio-od505","status":"publish","type":"product","link":"https:\/\/quintett.eu\/?product=austrian-audio-od505","title":{"rendered":"Austrian Audio OD505"},"content":{"rendered":"<div class=\"tech-specs-cell\">\n<div class=\"ts-inner-table\">\n<div class=\"ts-inner-cell\">Directional characteristic: \u00a0Supercardioid<\/div>\n<\/div>\n<\/div>\n<div class=\"tech-specs-cell\">\n<div class=\"ts-inner-table\">\n<div class=\"ts-inner-cell\">Frequency range:\u00a035 Hz \u2013 16 kHz<\/div>\n<\/div>\n<\/div>\n<div class=\"tech-specs-cell\">\n<div class=\"ts-inner-table\">\n<div class=\"ts-inner-cell\">Sensitivity :\u00a04.4 mV\/Pa<\/div>\n<\/div>\n<\/div>\n<div class=\"tech-specs-cell\">\n<div class=\"ts-inner-table\">\n<div class=\"ts-inner-cell\">Max. SPL:154 dB SPL<\/div>\n<\/div>\n<\/div>\n<div class=\"tech-specs-cell\">\n<div class=\"ts-inner-table\">\n<div class=\"ts-inner-cell\">Low cut filter:120 Hz (2nd order)<\/div>\n<\/div>\n<\/div>\n<div class=\"tech-specs-cell\">\n<div class=\"ts-inner-table\">\n<div class=\"ts-inner-cell\">Impedance:275 \u03a9 (symmetrical)<\/div>\n<\/div>\n<\/div>\n<div class=\"tech-specs-cell\">\n<div class=\"ts-inner-table\">\n<div class=\"ts-inner-cell\">Load impedance:&gt; 1 k\u03a9<\/div>\n<\/div>\n<\/div>\n<div class=\"tech-specs-cell\">\n<div class=\"ts-inner-table\">\n<div class=\"ts-inner-cell\">Supply voltage:48 V (&lt; 1 mA)<\/div>\n<\/div>\n<\/div>\n<div class=\"tech-specs-cell\">\n<div class=\"ts-inner-table\">\n<div class=\"ts-inner-cell\">Main Connector:XLR 3 pin<\/div>\n<\/div>\n<\/div>\n<div class=\"tech-specs-cell\">\n<div class=\"ts-inner-table\">\n<div class=\"ts-inner-cell\">Dimensions:194 x 53x 53 mm<\/div>\n<\/div>\n<\/div>\n<div class=\"tech-specs-cell\">\n<div class=\"ts-inner-table\">\n<div class=\"ts-inner-cell\">Weight:340g<\/div>\n<\/div>\n<\/div>\n<div><\/div>\n","protected":false},"excerpt":{"rendered":"<p>Microfonul vocal activ dinamic OD505 este conceput \u00een special pentru scen\u0103, de\u0219i este \u0219i un microfon foarte capabil pentru aplicatiile din studio. Robust f\u0103r\u0103 compromisuri, combin\u0103 toate avantajele unui microfon dinamic cu fine\u021bea tonal\u0103 a unui microfon cu condensator.<\/p>\n<p>OD505 este alegerea perfect\u0103 pentru solisti, podcast \u0219i broadcast. Sunetul s\u0103u uimitor de natural \u00eel face foarte u\u0219or de modelat \u0219i de eviden\u021biaza punctele forte ale unui vocalist.<\/p>\n<p>Dispun\u00e2nd de tehnologia Open Acoustics a propriet\u0103\u021bii Austrian Audio, OD505 ofer\u0103 un sunet curat, natural \u0219i f\u0103r\u0103 rezonan\u021b\u0103.<\/p>\n<p>&nbsp;<\/p>\n<p>&nbsp;<\/p>\n<p>https:\/\/youtu.be\/jqraUVnxfGI<\/p>\n<p>&nbsp;<\/p>\n","protected":false},"featured_media":13283,"comment_status":"open","ping_status":"closed","template":"","meta":[],"product_brand":[],"product_cat":[306,1472],"product_tag":[307,115,352,351],"class_list":{"0":"post-6808","1":"product","2":"type-product","3":"status-publish","4":"has-post-thumbnail","6":"product_cat-austrian-audio","7":"product_cat-black-friday-najlepsie-ceny","8":"product_tag-austrian-audio","9":"product_tag-microfon","10":"product_tag-microfone-dinamic","11":"product_tag-od505","12":"fb_product_set-austrian-audio","14":"first","15":"instock","16":"sale","17":"purchasable","18":"product-type-simple"},"jetpack_sharing_enabled":true,"_links":{"self":[{"href":"https:\/\/quintett.eu\/index.php?rest_route=\/wp\/v2\/product\/6808","targetHints":{"allow":["GET"]}}],"collection":[{"href":"https:\/\/quintett.eu\/index.php?rest_route=\/wp\/v2\/product"}],"about":[{"href":"https:\/\/quintett.eu\/index.php?rest_route=\/wp\/v2\/types\/product"}],"replies":[{"embeddable":true,"href":"https:\/\/quintett.eu\/index.php?rest_route=%2Fwp%2Fv2%2Fcomments&post=6808"}],"wp:featuredmedia":[{"embeddable":true,"href":"https:\/\/quintett.eu\/index.php?rest_route=\/wp\/v2\/media\/13283"}],"wp:attachment":[{"href":"https:\/\/quintett.eu\/index.php?rest_route=%2Fwp%2Fv2%2Fmedia&parent=6808"}],"wp:term":[{"taxonomy":"product_brand","embeddable":true,"href":"https:\/\/quintett.eu\/index.php?rest_route=%2Fwp%2Fv2%2Fproduct_brand&post=6808"},{"taxonomy":"product_cat","embeddable":true,"href":"https:\/\/quintett.eu\/index.php?rest_route=%2Fwp%2Fv2%2Fproduct_cat&post=6808"},{"taxonomy":"product_tag","embeddable":true,"href":"https:\/\/quintett.eu\/index.php?rest_route=%2Fwp%2Fv2%2Fproduct_tag&post=6808"}],"curies":[{"name":"wp","href":"https:\/\/api.w.org\/{rel}","templated":true}]}}