{"id":7193,"date":"2021-12-22T20:32:33","date_gmt":"2021-12-22T18:32:33","guid":{"rendered":"https:\/\/quintett.eu\/?post_type=product&#038;p=7193"},"modified":"2025-04-16T12:37:39","modified_gmt":"2025-04-16T10:37:39","slug":"viscount-legend-live","status":"publish","type":"product","link":"https:\/\/quintett.eu\/?product=viscount-legend-live","title":{"rendered":"Viscount Legend Live"},"content":{"rendered":"","protected":false},"excerpt":{"rendered":"<p>VISCOUNT LEGEND LIVE<br \/>\nOrga Legend Live este capabil\u0103 s\u0103 recreeze perfect sunetul orgilor cu ro\u021bi, oferindu-v\u0103 din nou \u201esenza\u021bia vintage\u201d. Cu patru seturi de drawbnars \u00a0\u0219i 2 tastaturi, aceast\u0103 org\u0103 se distinge de toate celelalte \u00een ceea ce prive\u0219te sunetul, senza\u021bia de tehnologie avansat\u0103 \u0219i pre\u021burile mult mai accesibile. Fiecare aspect al tastaturii \u0219i al sunetului unei ro\u021bi de ton este at\u00e2t de perfect recreat \u00eenc\u00e2t organistii din \u00eentreaga lume spun \u201eeste cel mai bun din toate timpurile!<\/p>\n","protected":false},"featured_media":7194,"comment_status":"open","ping_status":"closed","template":"","meta":[],"product_brand":[],"product_cat":[313],"product_tag":[400,402,401],"class_list":{"0":"post-7193","1":"product","2":"type-product","3":"status-publish","4":"has-post-thumbnail","6":"product_cat-viscount","7":"product_tag-orga","8":"product_tag-orga-de-biserica","9":"product_tag-viscount","11":"first","12":"instock","13":"sale","14":"purchasable","15":"product-type-simple"},"jetpack_sharing_enabled":true,"_links":{"self":[{"href":"https:\/\/quintett.eu\/index.php?rest_route=\/wp\/v2\/product\/7193","targetHints":{"allow":["GET"]}}],"collection":[{"href":"https:\/\/quintett.eu\/index.php?rest_route=\/wp\/v2\/product"}],"about":[{"href":"https:\/\/quintett.eu\/index.php?rest_route=\/wp\/v2\/types\/product"}],"replies":[{"embeddable":true,"href":"https:\/\/quintett.eu\/index.php?rest_route=%2Fwp%2Fv2%2Fcomments&post=7193"}],"wp:featuredmedia":[{"embeddable":true,"href":"https:\/\/quintett.eu\/index.php?rest_route=\/wp\/v2\/media\/7194"}],"wp:attachment":[{"href":"https:\/\/quintett.eu\/index.php?rest_route=%2Fwp%2Fv2%2Fmedia&parent=7193"}],"wp:term":[{"taxonomy":"product_brand","embeddable":true,"href":"https:\/\/quintett.eu\/index.php?rest_route=%2Fwp%2Fv2%2Fproduct_brand&post=7193"},{"taxonomy":"product_cat","embeddable":true,"href":"https:\/\/quintett.eu\/index.php?rest_route=%2Fwp%2Fv2%2Fproduct_cat&post=7193"},{"taxonomy":"product_tag","embeddable":true,"href":"https:\/\/quintett.eu\/index.php?rest_route=%2Fwp%2Fv2%2Fproduct_tag&post=7193"}],"curies":[{"name":"wp","href":"https:\/\/api.w.org\/{rel}","templated":true}]}}