{"id":7219,"date":"2021-12-22T20:41:39","date_gmt":"2021-12-22T18:41:39","guid":{"rendered":"https:\/\/quintett.eu\/?post_type=product&#038;p=7219"},"modified":"2025-04-16T12:37:30","modified_gmt":"2025-04-16T10:37:30","slug":"viscount-legend-solo","status":"publish","type":"product","link":"https:\/\/quintett.eu\/?product=viscount-legend-solo","title":{"rendered":"Viscount Legend Solo"},"content":{"rendered":"","protected":false},"excerpt":{"rendered":"<p>Viscount Legend Solo recreeaz\u0103 perfect sunetul orgii clasice cu roat\u0103, oferindu-v\u0103 acel \u201esentiment vintage\u201d. Aceast\u0103 org\u0103 se distinge de restul prin tehnologia avansat\u0103, sunetul, senza\u021bia \u0219i pre\u021burile mult mai accesibile dec\u00e2t concuren\u021ba noastr\u0103. Solo este echipat cu dou\u0103 seturi complete de bare de trac\u021biune, un set dedicat de bare de trac\u021biune pentru pedalele de bas \u0219i multe alte caracteristici legendare. Cu o greutate de doar 9,5 kg, Viscount Legend Solo ofer\u0103 o solu\u021bie u\u0219oar\u0103 \u0219i portabil\u0103 . Fiecare aspect al orgii clasice cu roat\u0103 este at\u00e2t de perfect recreat \u00eenc\u00e2t organistii din \u00eentreaga lume spun \u201eeste cel mai bun din toate timpurile!<\/p>\n","protected":false},"featured_media":7220,"comment_status":"open","ping_status":"closed","template":"","meta":[],"product_brand":[],"product_cat":[313],"product_tag":[400,402,401],"class_list":{"0":"post-7219","1":"product","2":"type-product","3":"status-publish","4":"has-post-thumbnail","6":"product_cat-viscount","7":"product_tag-orga","8":"product_tag-orga-de-biserica","9":"product_tag-viscount","11":"first","12":"instock","13":"sale","14":"purchasable","15":"product-type-simple"},"jetpack_sharing_enabled":true,"_links":{"self":[{"href":"https:\/\/quintett.eu\/index.php?rest_route=\/wp\/v2\/product\/7219","targetHints":{"allow":["GET"]}}],"collection":[{"href":"https:\/\/quintett.eu\/index.php?rest_route=\/wp\/v2\/product"}],"about":[{"href":"https:\/\/quintett.eu\/index.php?rest_route=\/wp\/v2\/types\/product"}],"replies":[{"embeddable":true,"href":"https:\/\/quintett.eu\/index.php?rest_route=%2Fwp%2Fv2%2Fcomments&post=7219"}],"wp:featuredmedia":[{"embeddable":true,"href":"https:\/\/quintett.eu\/index.php?rest_route=\/wp\/v2\/media\/7220"}],"wp:attachment":[{"href":"https:\/\/quintett.eu\/index.php?rest_route=%2Fwp%2Fv2%2Fmedia&parent=7219"}],"wp:term":[{"taxonomy":"product_brand","embeddable":true,"href":"https:\/\/quintett.eu\/index.php?rest_route=%2Fwp%2Fv2%2Fproduct_brand&post=7219"},{"taxonomy":"product_cat","embeddable":true,"href":"https:\/\/quintett.eu\/index.php?rest_route=%2Fwp%2Fv2%2Fproduct_cat&post=7219"},{"taxonomy":"product_tag","embeddable":true,"href":"https:\/\/quintett.eu\/index.php?rest_route=%2Fwp%2Fv2%2Fproduct_tag&post=7219"}],"curies":[{"name":"wp","href":"https:\/\/api.w.org\/{rel}","templated":true}]}}