{"id":7231,"date":"2021-12-22T21:03:53","date_gmt":"2021-12-22T19:03:53","guid":{"rendered":"https:\/\/quintett.eu\/?post_type=product&#038;p=7231"},"modified":"2025-04-16T12:37:25","modified_gmt":"2025-04-16T10:37:25","slug":"viscount-physis-piano-k4-ex","status":"publish","type":"product","link":"https:\/\/quintett.eu\/?product=viscount-physis-piano-k4-ex","title":{"rendered":"Viscount Physis Piano K4 EX"},"content":{"rendered":"","protected":false},"excerpt":{"rendered":"<p>Conceput pentru a satisface instrumentistii care au nevoie de puterea remarcabil\u0103 a unui controler MIDI profesional combinat\u0103 cu senza\u021bia unui pian adev\u0103rat, K4 dispune de o tastatur\u0103 hammer-action , cu 88 de note, capabil\u0103 s\u0103 ofere o senza\u021bie \u0219i un r\u0103spuns impresionante. Un set complet de 27 de controlere complet atribuibile \u00een timp real, 256 de canale Midi independente pe 8 zone, 4 porturi USB, tone de scene programabile, vor putea permite un control complet asupra software-urilor muzicale sau a celui mai complex mediu MIDI. Instrumentul este extins cu Physis Piano \u201ePhysical Modeling Piano Board\u201d, ceea ce face ca aceast\u0103 tastatur\u0103 s\u0103 fie o alegere cu adev\u0103rat interesant\u0103, fie pentru scen\u0103, c\u00e2t \u0219i pentru studio.<\/p>\n","protected":false},"featured_media":7232,"comment_status":"open","ping_status":"closed","template":"","meta":[],"product_brand":[],"product_cat":[313],"product_tag":[65,401],"class_list":{"0":"post-7231","1":"product","2":"type-product","3":"status-publish","4":"has-post-thumbnail","6":"product_cat-viscount","7":"product_tag-pian-digital","8":"product_tag-viscount","10":"first","11":"instock","12":"sale","13":"purchasable","14":"product-type-simple"},"jetpack_sharing_enabled":true,"_links":{"self":[{"href":"https:\/\/quintett.eu\/index.php?rest_route=\/wp\/v2\/product\/7231","targetHints":{"allow":["GET"]}}],"collection":[{"href":"https:\/\/quintett.eu\/index.php?rest_route=\/wp\/v2\/product"}],"about":[{"href":"https:\/\/quintett.eu\/index.php?rest_route=\/wp\/v2\/types\/product"}],"replies":[{"embeddable":true,"href":"https:\/\/quintett.eu\/index.php?rest_route=%2Fwp%2Fv2%2Fcomments&post=7231"}],"wp:featuredmedia":[{"embeddable":true,"href":"https:\/\/quintett.eu\/index.php?rest_route=\/wp\/v2\/media\/7232"}],"wp:attachment":[{"href":"https:\/\/quintett.eu\/index.php?rest_route=%2Fwp%2Fv2%2Fmedia&parent=7231"}],"wp:term":[{"taxonomy":"product_brand","embeddable":true,"href":"https:\/\/quintett.eu\/index.php?rest_route=%2Fwp%2Fv2%2Fproduct_brand&post=7231"},{"taxonomy":"product_cat","embeddable":true,"href":"https:\/\/quintett.eu\/index.php?rest_route=%2Fwp%2Fv2%2Fproduct_cat&post=7231"},{"taxonomy":"product_tag","embeddable":true,"href":"https:\/\/quintett.eu\/index.php?rest_route=%2Fwp%2Fv2%2Fproduct_tag&post=7231"}],"curies":[{"name":"wp","href":"https:\/\/api.w.org\/{rel}","templated":true}]}}