{"id":7868,"date":"2022-05-26T14:16:45","date_gmt":"2022-05-26T12:16:45","guid":{"rendered":"https:\/\/quintett.eu\/?post_type=product&#038;p=7868"},"modified":"2023-11-08T19:07:15","modified_gmt":"2023-11-08T17:07:15","slug":"evolite-heavy-fog-2000","status":"publish","type":"product","link":"https:\/\/quintett.eu\/?product=evolite-heavy-fog-2000","title":{"rendered":"Evolite HEAVY FOG 2000C"},"content":{"rendered":"<p>\u00cembun\u0103t\u0103\u021bi\u021bi-v\u0103 evenimentele cu acest frumos efect de fum intens, f\u0103r\u0103 constr\u00e2ngeri tehnice. Calitatea \u0219i fiabilitatea acestei ma\u0219ini de fum greu Evolite Heavy Fog 2000 v\u0103 vor mul\u021bumi f\u0103r\u0103 \u00eendoial\u0103. U\u0219or de utilizat: Pune aproximativ 12 litri de ap\u0103 \u00een rezervor, apoi adaug\u0103 lichid de fum greu (fluidul Evolite HeavyFog PRO a fost special conceput pentru ma\u0219in\u0103) \u0219i declan\u0219eaz\u0103! Ve\u021bi fi surprins de eficien\u021ba acestei ma\u0219ini.<\/p>\n<p>Specifica\u021bii :<br \/>\n&#8211; Ma\u0219in\u0103 profesional\u0103 de fum greu Evolite Heavy Fog 2000<br \/>\n&#8211; Produce un fum gros care ramane pe sol<br \/>\n&#8211; Utiliza\u021bi cu ap\u0103 \u0219i lichid de fum (de preferin\u021b\u0103 <a href=\"https:\/\/quintett.eu\/?product=evolite-heavyfog-fluid-pro-20l\">Evolite HeavyFog Fluid PRO<\/a>) <a href=\"https:\/\/quintett.eu\/?product=evolite-heavyfog-fluid-pro-5l\">Evolite heavy fog Fluid Pro 5L<\/a><\/p>\n<p>&#8211; Indicator de nivel al apei<br \/>\n&#8211; Capacitate rezervor de ap\u0103: aproximativ 12 litri<br \/>\n&#8211; Capacitate rezervor lichid de fum: 2.5L<br \/>\n&#8211; Putere: 2000W &#8211; Timp de pre\u00eenc\u0103lzire: 3 p\u00e2n\u0103 la 4 min<br \/>\n&#8211; Controlabil \u00een DMX, manual, temporizator, telecomand\u0103 HF inclus\u0103 cu reglarea debitului \u0219i a ventilatorului<br \/>\n&#8211; 2 canale DMX<br \/>\n&#8211; Consum de lichid de fum: 4-20 ml\/min<br \/>\n&#8211; Se livreaza cu tub extensibil negru (1m50) si difuzor<br \/>\n&#8211; Control DMX al debitului \u0219i vitezei ventilatorului<br \/>\n&#8211; Rezervor din otel inoxidabil SUS304<br \/>\n&#8211; Echipat cu 2 nebulizatoare cu ultrasunete de inalta calitate<br \/>\n&#8211; Tensiune: AC230V, 50Hz<br \/>\n&#8211; Siguranta: 10A<br \/>\n&#8211; Adresare DMX \u0219i navigare simplificat\u0103 prin meniu datorit\u0103 afi\u0219ajului LCD iluminat din spate<br \/>\n&#8211; Sistem de autocuratare<br \/>\n&#8211; Dimensiuni: 760x440x440x550 mm<br \/>\n&#8211; Greutate brut\u0103: 42 kg \u00a9<\/p>\n","protected":false},"excerpt":{"rendered":"<p>Ma\u0219in\u0103 profesional\u0103 de FUM greu Evolite Heavy Fog 2000, nu necesit\u0103 ghea\u021b\u0103. Pur \u0219i simplu ad\u0103uga\u021bi ap\u0103 \u0219i lichid de fum greu \u0219i ve\u021bi ob\u021bine un fum gros lipit de p\u0103m\u00e2nt. Un efect surprinz\u0103tor care v\u0103 va pune \u00een valoare evenimentele. Livrat in flightcase.<\/p>\n<p>https:\/\/www.youtube.com\/watch?v=qtJ_8V7REOU<\/p>\n","protected":false},"featured_media":7869,"comment_status":"open","ping_status":"closed","template":"","meta":[],"product_brand":[],"product_cat":[768,493],"product_tag":[498,507,508],"class_list":{"0":"post-7868","1":"product","2":"type-product","3":"status-publish","4":"has-post-thumbnail","6":"product_cat-20-years","7":"product_cat-msc","8":"product_tag-evolite","9":"product_tag-masina-de-fum","10":"product_tag-masina-fum-greu","12":"first","13":"instock","14":"sale","15":"purchasable","16":"product-type-simple"},"jetpack_sharing_enabled":true,"_links":{"self":[{"href":"https:\/\/quintett.eu\/index.php?rest_route=\/wp\/v2\/product\/7868","targetHints":{"allow":["GET"]}}],"collection":[{"href":"https:\/\/quintett.eu\/index.php?rest_route=\/wp\/v2\/product"}],"about":[{"href":"https:\/\/quintett.eu\/index.php?rest_route=\/wp\/v2\/types\/product"}],"replies":[{"embeddable":true,"href":"https:\/\/quintett.eu\/index.php?rest_route=%2Fwp%2Fv2%2Fcomments&post=7868"}],"wp:featuredmedia":[{"embeddable":true,"href":"https:\/\/quintett.eu\/index.php?rest_route=\/wp\/v2\/media\/7869"}],"wp:attachment":[{"href":"https:\/\/quintett.eu\/index.php?rest_route=%2Fwp%2Fv2%2Fmedia&parent=7868"}],"wp:term":[{"taxonomy":"product_brand","embeddable":true,"href":"https:\/\/quintett.eu\/index.php?rest_route=%2Fwp%2Fv2%2Fproduct_brand&post=7868"},{"taxonomy":"product_cat","embeddable":true,"href":"https:\/\/quintett.eu\/index.php?rest_route=%2Fwp%2Fv2%2Fproduct_cat&post=7868"},{"taxonomy":"product_tag","embeddable":true,"href":"https:\/\/quintett.eu\/index.php?rest_route=%2Fwp%2Fv2%2Fproduct_tag&post=7868"}],"curies":[{"name":"wp","href":"https:\/\/api.w.org\/{rel}","templated":true}]}}