{"id":7904,"date":"2022-05-26T16:52:37","date_gmt":"2022-05-26T14:52:37","guid":{"rendered":"https:\/\/quintett.eu\/?post_type=product&#038;p=7904"},"modified":"2025-03-17T11:51:31","modified_gmt":"2025-03-17T09:51:31","slug":"ms-player-mac-mah","status":"publish","type":"product","link":"https:\/\/quintett.eu\/?product=ms-player-mac-mah","title":{"rendered":"MS-player &#8211; MAC MAH"},"content":{"rendered":"<p>MS-Player 1 de la Mac Mah este un player SD cu montare \u00een rack 1 RU cu conexiune Bluetooth, redare USB, radio FM \u0219i intrare auxiliar\u0103 de 3,5 mm. Este destinat utiliz\u0103rii \u00een facilit\u0103\u021bi comerciale, cum ar fi magazine, hoteluri, s\u0103li de conferin\u021be sau pentru transportul la fa\u021ba locului pentru aplica\u021bii de educa\u021bie, instruire \u0219i divertisment. MS-Player 1 ofer\u0103 o serie de func\u021bii practice, cum ar fi \u00eemperecherea Bluetooth \u0219i ie\u0219iri XLR echilibrate pentru conectarea instala\u021biilor audio profesionale.<\/p>\n<p>Caracteristici:<br \/>\n&#8211; Cititor USB\/SD<br \/>\n&#8211; Receptor FM<br \/>\n&#8211; Player Bluetooth<br \/>\n&#8211; Intr\u0103ri de linie (4 x RCA) \u0219i microfon (Combo XLR)<br \/>\n&#8211; Format rack 19&#8220;\/1U<br \/>\n&#8211; Ie\u0219iri master echilibrate (XLR) \u0219i dezechilibrate (RCA).<br \/>\n&#8211; Reglarea tonului<br \/>\n&#8211; Ie\u0219ire pentru c\u0103\u0219ti pe mini-jack de 3,5 mm<br \/>\n&#8211; Intrare Aux pe panoul frontal pe mini-jack de 3,5 mm<br \/>\n&#8211; Ecran LCD cu etichet\u0103 ID3 &#8211; Func\u021bie de \u00eenregistrare<br \/>\n&#8211; Telecomanda cu infrarosu<br \/>\n&#8211; Alimentare 220-240VAC<br \/>\n&#8211; Consum de energie: 50W<\/p>\n","protected":false},"excerpt":{"rendered":"<p>Multi Player MAC MAH MS-PLAYER 1 Unitate de rack de 19 inchi cu USB \/ BLUETOOTH. MS-PLAYER se potrive\u0219te perfect \u00eentr-o instala\u021bie, iar numeroasele sale surse \u00eel fac foarte versatil pentru multe utiliz\u0103ri.<\/p>\n","protected":false},"featured_media":7905,"comment_status":"open","ping_status":"closed","template":"","meta":[],"product_brand":[],"product_cat":[495],"product_tag":[84,527,528,529],"class_list":{"0":"post-7904","1":"product","2":"type-product","3":"status-publish","4":"has-post-thumbnail","6":"product_cat-msc-sonorizare-si-profesional-audio-2","7":"product_tag-bluetooth","8":"product_tag-player","9":"product_tag-player-mp3","10":"product_tag-usb-sd","12":"first","13":"instock","14":"sale","15":"purchasable","16":"product-type-simple"},"jetpack_sharing_enabled":true,"_links":{"self":[{"href":"https:\/\/quintett.eu\/index.php?rest_route=\/wp\/v2\/product\/7904","targetHints":{"allow":["GET"]}}],"collection":[{"href":"https:\/\/quintett.eu\/index.php?rest_route=\/wp\/v2\/product"}],"about":[{"href":"https:\/\/quintett.eu\/index.php?rest_route=\/wp\/v2\/types\/product"}],"replies":[{"embeddable":true,"href":"https:\/\/quintett.eu\/index.php?rest_route=%2Fwp%2Fv2%2Fcomments&post=7904"}],"wp:featuredmedia":[{"embeddable":true,"href":"https:\/\/quintett.eu\/index.php?rest_route=\/wp\/v2\/media\/7905"}],"wp:attachment":[{"href":"https:\/\/quintett.eu\/index.php?rest_route=%2Fwp%2Fv2%2Fmedia&parent=7904"}],"wp:term":[{"taxonomy":"product_brand","embeddable":true,"href":"https:\/\/quintett.eu\/index.php?rest_route=%2Fwp%2Fv2%2Fproduct_brand&post=7904"},{"taxonomy":"product_cat","embeddable":true,"href":"https:\/\/quintett.eu\/index.php?rest_route=%2Fwp%2Fv2%2Fproduct_cat&post=7904"},{"taxonomy":"product_tag","embeddable":true,"href":"https:\/\/quintett.eu\/index.php?rest_route=%2Fwp%2Fv2%2Fproduct_tag&post=7904"}],"curies":[{"name":"wp","href":"https:\/\/api.w.org\/{rel}","templated":true}]}}