{"id":8053,"date":"2022-10-06T11:15:46","date_gmt":"2022-10-06T09:15:46","guid":{"rendered":"https:\/\/quintett.eu\/?post_type=product&#038;p=8053"},"modified":"2022-10-06T11:27:24","modified_gmt":"2022-10-06T09:27:24","slug":"osram-sirius-hri-190w-beam-5r","status":"publish","type":"product","link":"https:\/\/quintett.eu\/?product=osram-sirius-hri-190w-beam-5r","title":{"rendered":"Osram SIRIUS HRI 190W Beam 5R"},"content":{"rendered":"<p>OSRAM SIRIUS HRI 190W<\/p>\n<table>\n<tbody>\n<tr>\n<td>Specificatii<\/td>\n<td><\/td>\n<\/tr>\n<tr>\n<td>Putere<\/td>\n<td>190W<\/td>\n<\/tr>\n<tr>\n<td>Tensiune<\/td>\n<td>85V<\/td>\n<\/tr>\n<tr>\n<td>Intensitate curent<\/td>\n<td>2,5A<\/td>\n<\/tr>\n<tr>\n<td>Flux luminos<\/td>\n<td>8100 lm<\/td>\n<\/tr>\n<tr>\n<td>Temperatura de culoare<\/td>\n<td>8200K<\/td>\n<\/tr>\n<tr>\n<td>Diametru<\/td>\n<td>51 mm<\/td>\n<\/tr>\n<tr>\n<td>Indicele de redare a culorilor\u00a0Ra<\/td>\n<td>73<\/td>\n<\/tr>\n<tr>\n<td>Lungime<\/td>\n<td>54,5 mm<\/td>\n<\/tr>\n<tr>\n<td>Durata de functionare<\/td>\n<td>3000 ore<\/td>\n<\/tr>\n<\/tbody>\n<\/table>\n","protected":false},"excerpt":{"rendered":"<h2 class=\"h2\">Osram SIRIUS HRI 190W Beam 5R<\/h2>\n<p>Osram HRI 190W este destinat echipamentelor de lumini de scena, TV, opera, productie film, teatru, expo, club.<\/p>\n<p>Tensiune de lucru: 70 V Putere nominal\u0103: 190 W Baza: Speciala Tip lamp\u0103: lamp\u0103 cu mercur Temperatura de culoare: 8800K Forma: reflector Pozi\u021bie de ardere: S180 (universal) Durata de viata a lampii: 3000 h Flux luminos: 8200 lm Dimensiuni (LxD): 54,5&#215;51 mm Greutate: 70 g<\/p>\n<p>EAN 4008321866592<\/p>\n","protected":false},"featured_media":8055,"comment_status":"open","ping_status":"closed","template":"","meta":[],"product_brand":[],"product_cat":[580,581,42],"product_tag":[597,593,594,585,190,590,595,596],"class_list":{"0":"post-8053","1":"product","2":"type-product","3":"status-publish","4":"has-post-thumbnail","6":"product_cat-lampi","7":"product_cat-osram","8":"product_cat-promotii","9":"product_tag-5r","10":"product_tag-bec-hri-190w","11":"product_tag-ean-4008321866592","12":"product_tag-hri","13":"product_tag-moving-head","14":"product_tag-osram","15":"product_tag-osram-hri-190w","16":"product_tag-osram-sirius","18":"first","19":"instock","20":"purchasable","21":"product-type-simple"},"jetpack_sharing_enabled":true,"_links":{"self":[{"href":"https:\/\/quintett.eu\/index.php?rest_route=\/wp\/v2\/product\/8053","targetHints":{"allow":["GET"]}}],"collection":[{"href":"https:\/\/quintett.eu\/index.php?rest_route=\/wp\/v2\/product"}],"about":[{"href":"https:\/\/quintett.eu\/index.php?rest_route=\/wp\/v2\/types\/product"}],"replies":[{"embeddable":true,"href":"https:\/\/quintett.eu\/index.php?rest_route=%2Fwp%2Fv2%2Fcomments&post=8053"}],"wp:featuredmedia":[{"embeddable":true,"href":"https:\/\/quintett.eu\/index.php?rest_route=\/wp\/v2\/media\/8055"}],"wp:attachment":[{"href":"https:\/\/quintett.eu\/index.php?rest_route=%2Fwp%2Fv2%2Fmedia&parent=8053"}],"wp:term":[{"taxonomy":"product_brand","embeddable":true,"href":"https:\/\/quintett.eu\/index.php?rest_route=%2Fwp%2Fv2%2Fproduct_brand&post=8053"},{"taxonomy":"product_cat","embeddable":true,"href":"https:\/\/quintett.eu\/index.php?rest_route=%2Fwp%2Fv2%2Fproduct_cat&post=8053"},{"taxonomy":"product_tag","embeddable":true,"href":"https:\/\/quintett.eu\/index.php?rest_route=%2Fwp%2Fv2%2Fproduct_tag&post=8053"}],"curies":[{"name":"wp","href":"https:\/\/api.w.org\/{rel}","templated":true}]}}