{"id":8118,"date":"2022-11-05T18:30:58","date_gmt":"2022-11-05T16:30:58","guid":{"rendered":"https:\/\/quintett.eu\/?post_type=product&#038;p=8118"},"modified":"2022-11-05T18:33:19","modified_gmt":"2022-11-05T16:33:19","slug":"klark-teknik-di-10p-box","status":"publish","type":"product","link":"https:\/\/quintett.eu\/?product=klark-teknik-di-10p-box","title":{"rendered":"Klark Teknik DI 10P Box"},"content":{"rendered":"<div id=\"moreInfo\" class=\"descriere\">\n<p><strong>DI BOX KLARK TEKNIK DI 10P<\/strong><\/p>\n<ul>\n<li>DI Box pasiv cu intrare stereo \u0219i ie\u0219ire mono<\/li>\n<li>Transformator Midas construit special pentru integritatea semnalului<\/li>\n<li>Calitate superioar\u0103 a sunetului<\/li>\n<li>Designul pasiv nu necesit\u0103 nicio surs\u0103 de alimentare<\/li>\n<li>Intrare stereo pe conectori TRS \u0219i RCA de 1\/8 &#8222;<\/li>\n<li>Control complet al nivelului pentru ambele canale<\/li>\n<li>Conector XLR Neutrik de \u00eenalt\u0103 calitate<\/li>\n<li>Earth Lift elimin\u0103 problemele legate de \u00eemp\u0103m\u00e2ntare<\/li>\n<li>Designul complet izolat de transformator asigur\u0103 separarea electric\u0103<\/li>\n<li>Zgomot ultra-sc\u0103zut \u0219i sistem ultra-liniar pentru cea mai buna integritate a semnalului<\/li>\n<li>Design compact \u0219i robust<\/li>\n<li>Program de garan\u021bie pe 10 ani<\/li>\n<li>Proiectat \u00een Marea Britanie<\/li>\n<\/ul>\n<\/div>\n","protected":false},"excerpt":{"rendered":"<ul>\n<li>DI Box pasiv cu intrare stereo \u0219i ie\u0219ire mono<\/li>\n<li>Transformator Midas construit special pentru integritatea semnalului<\/li>\n<li>Calitate superioar\u0103 a sunetului<\/li>\n<\/ul>\n","protected":false},"featured_media":8120,"comment_status":"open","ping_status":"closed","template":"","meta":[],"product_brand":[],"product_cat":[447],"product_tag":[318,619,319,612,620],"class_list":{"0":"post-8118","1":"product","2":"type-product","3":"status-publish","4":"has-post-thumbnail","6":"product_cat-midas","7":"product_tag-di","8":"product_tag-di-10p","9":"product_tag-di-box","10":"product_tag-klark-teknik","11":"product_tag-klark-teknik-di-10p-box","13":"first","14":"instock","15":"purchasable","16":"product-type-simple"},"jetpack_sharing_enabled":true,"_links":{"self":[{"href":"https:\/\/quintett.eu\/index.php?rest_route=\/wp\/v2\/product\/8118","targetHints":{"allow":["GET"]}}],"collection":[{"href":"https:\/\/quintett.eu\/index.php?rest_route=\/wp\/v2\/product"}],"about":[{"href":"https:\/\/quintett.eu\/index.php?rest_route=\/wp\/v2\/types\/product"}],"replies":[{"embeddable":true,"href":"https:\/\/quintett.eu\/index.php?rest_route=%2Fwp%2Fv2%2Fcomments&post=8118"}],"wp:featuredmedia":[{"embeddable":true,"href":"https:\/\/quintett.eu\/index.php?rest_route=\/wp\/v2\/media\/8120"}],"wp:attachment":[{"href":"https:\/\/quintett.eu\/index.php?rest_route=%2Fwp%2Fv2%2Fmedia&parent=8118"}],"wp:term":[{"taxonomy":"product_brand","embeddable":true,"href":"https:\/\/quintett.eu\/index.php?rest_route=%2Fwp%2Fv2%2Fproduct_brand&post=8118"},{"taxonomy":"product_cat","embeddable":true,"href":"https:\/\/quintett.eu\/index.php?rest_route=%2Fwp%2Fv2%2Fproduct_cat&post=8118"},{"taxonomy":"product_tag","embeddable":true,"href":"https:\/\/quintett.eu\/index.php?rest_route=%2Fwp%2Fv2%2Fproduct_tag&post=8118"}],"curies":[{"name":"wp","href":"https:\/\/api.w.org\/{rel}","templated":true}]}}