{"id":8128,"date":"2022-11-05T18:34:05","date_gmt":"2022-11-05T16:34:05","guid":{"rendered":"https:\/\/quintett.eu\/?post_type=product&#038;p=8128"},"modified":"2025-09-08T19:31:28","modified_gmt":"2025-09-08T17:31:28","slug":"behringer-p2-powerplay-amplificator-casti","status":"publish","type":"product","link":"https:\/\/quintett.eu\/?product=behringer-p2-powerplay-amplificator-casti","title":{"rendered":"Behringer P2 Powerplay"},"content":{"rendered":"<p>Kompaktn\u00fd a \u013eahk\u00fd osobn\u00fd zosil\u0148ova\u010d pre In-Ear. Pon\u00faka sl\u00fachadlov\u00fd v\u00fdstup s vysok\u00fdm v\u00fdkonom, vstupn\u00fd XLR a TRS konektor so zamykac\u00edm mechanizmom, ovl\u00e1da\u010d \u00farovne s prep\u00edna\u010dom on\/off a prep\u00edna\u010d pre stereo\/mono. Zariadenie dok\u00e1\u017ee pracova\u0165 a\u017e 12 hod\u00edn a nap\u00e1ja sa pomocou 2 AAA bat\u00e9ri\u00ed. Stav bat\u00e9rie je mo\u017en\u00e9 kontrolova\u0165 pomocou LED indik\u00e1torov. Zosil\u0148ova\u010d je okrem toho vybaven\u00fd integrovan\u00fdm limitom pr\u00fadu. Kon\u0161trukcia je zhotoven\u00e1 z kovov\u00e9ho r\u00e1mu, ktor\u00fd je odoln\u00fd vo\u010di n\u00e1razom. S\u00fa\u010das\u0165ou balenia je aj praktick\u00e1 spona na opasok.<br \/>\n\u0160pecifik\u00e1cie:<\/p>\n<p>    V\u00fdstupn\u00fd v\u00fdkon: 2 x 100 mW do 16 ohmov<br \/>\n    Vstupy: Vstupn\u00fd konektor XLR\/TRS s uzamykac\u00edm mechanizmom<br \/>\n    V\u00fdstup pre sl\u00fachadl\u00e1: 3,5 mm stereo jack<br \/>\n    Ovl\u00e1danie: Ovl\u00e1danie \u00farovne s vyp\u00edna\u010dom On\/Off<br \/>\n    Nap\u00e1janie: 2x AAA bat\u00e9rie (nie s\u00fa s\u00fa\u010das\u0165ou dod\u00e1vky)<br \/>\n    \u017divotnos\u0165 bat\u00e9rie: A\u017e 12 hod\u00edn<br \/>\n    Materi\u00e1l kon\u0161trukcie: kovov\u00e1 kon\u0161trukcia odoln\u00e1 vo\u010di n\u00e1razu<br \/>\n    Rozmery: 33 x 38 x 132 mm<br \/>\n    Hmotnos\u0165: 140 g<\/p>\n","protected":false},"excerpt":{"rendered":"<p>Kompaktn\u00fd a \u013eahk\u00fd osobn\u00fd zosil\u0148ova\u010d pre In-Ear. Pon\u00faka sl\u00fachadlov\u00fd v\u00fdstup s vysok\u00fdm v\u00fdkonom, vstupn\u00fd XLR a TRS konektor so zamykac\u00edm mechanizmom, ovl\u00e1da\u010d \u00farovne s prep\u00edna\u010dom on\/off a prep\u00edna\u010d pre stereo\/mono. Zariadenie dok\u00e1\u017ee pracova\u0165 a\u017e 12 hod\u00edn a nap\u00e1ja sa pomocou 2 AAA bat\u00e9ri\u00ed. Stav bat\u00e9rie je mo\u017en\u00e9 kontrolova\u0165 pomocou LED indik\u00e1torov. Zosil\u0148ova\u010d je okrem toho vybaven\u00fd integrovan\u00fdm limitom pr\u00fadu. Kon\u0161trukcia je zhotoven\u00e1 z kovov\u00e9ho r\u00e1mu, ktor\u00fd je odoln\u00fd vo\u010di n\u00e1razom. S\u00fa\u010das\u0165ou balenia je aj praktick\u00e1 spona na opasok.<\/p>\n","protected":false},"featured_media":8130,"comment_status":"open","ping_status":"closed","template":"","meta":[],"product_brand":[],"product_cat":[447],"product_tag":[623,621,622],"class_list":{"0":"post-8128","1":"product","2":"type-product","3":"status-publish","4":"has-post-thumbnail","6":"product_cat-midas","7":"product_tag-amplificator-casti","8":"product_tag-behringer-p2","9":"product_tag-p2","11":"first","12":"instock","13":"purchasable","14":"product-type-simple"},"jetpack_sharing_enabled":true,"_links":{"self":[{"href":"https:\/\/quintett.eu\/index.php?rest_route=\/wp\/v2\/product\/8128","targetHints":{"allow":["GET"]}}],"collection":[{"href":"https:\/\/quintett.eu\/index.php?rest_route=\/wp\/v2\/product"}],"about":[{"href":"https:\/\/quintett.eu\/index.php?rest_route=\/wp\/v2\/types\/product"}],"replies":[{"embeddable":true,"href":"https:\/\/quintett.eu\/index.php?rest_route=%2Fwp%2Fv2%2Fcomments&post=8128"}],"wp:featuredmedia":[{"embeddable":true,"href":"https:\/\/quintett.eu\/index.php?rest_route=\/wp\/v2\/media\/8130"}],"wp:attachment":[{"href":"https:\/\/quintett.eu\/index.php?rest_route=%2Fwp%2Fv2%2Fmedia&parent=8128"}],"wp:term":[{"taxonomy":"product_brand","embeddable":true,"href":"https:\/\/quintett.eu\/index.php?rest_route=%2Fwp%2Fv2%2Fproduct_brand&post=8128"},{"taxonomy":"product_cat","embeddable":true,"href":"https:\/\/quintett.eu\/index.php?rest_route=%2Fwp%2Fv2%2Fproduct_cat&post=8128"},{"taxonomy":"product_tag","embeddable":true,"href":"https:\/\/quintett.eu\/index.php?rest_route=%2Fwp%2Fv2%2Fproduct_tag&post=8128"}],"curies":[{"name":"wp","href":"https:\/\/api.w.org\/{rel}","templated":true}]}}