{"id":8211,"date":"2022-12-17T13:20:26","date_gmt":"2022-12-17T11:20:26","guid":{"rendered":"https:\/\/quintett.eu\/?post_type=product&#038;p=8211"},"modified":"2025-07-04T11:26:01","modified_gmt":"2025-07-04T09:26:01","slug":"m-live-merish-5","status":"publish","type":"product","link":"https:\/\/quintett.eu\/?product=m-live-merish-5","title":{"rendered":"M-Live Merish 5+"},"content":{"rendered":"<p>Player live \u0219i modul de sunet<\/p>\n<p>512 Sunete<br \/>\n58 \u00a0Seturi de tobe<br \/>\n659 Percu\u021bii<br \/>\nPolifonie: 240 de voci<br \/>\n2 Efecte pentru midifile<br \/>\n2 Efecte pentru microfon<br \/>\nStocare \u00een mas\u0103: 512 GB SSD<br \/>\n2 intrari microfon incl. Alimentare fantom\u0103 de 48 V<br \/>\nCompresor si noise gate<br \/>\nIntrare microfon 1 cu vocalist cu 4 voci<br \/>\nMixer digital pentru editarea de fi\u0219iere midi \u0219i audio (de asemenea, multitrack) \u0219i EQ (parametric cu 3 benzi pe canal + EQ master cu 10 benzi)<br \/>\nInregistrare audio<br \/>\nConexiune direct\u0103 la internet la song-service.de sau songservice.it<br \/>\nPatch-uri de sunet controlate prin tastatura master midi sau USB<br \/>\nTransfer de fi\u0219iere prin WLAN sau Ethernet folosind software-ul Merish 5 Manager pentru PC\/Mac<br \/>\nDimensiuni (L x A x A): 350 x 240 x 80 mm<br \/>\nGreutate: 2,7 kg<br \/>\nIncl. 355 de piese secundare (300x MIDI, 50x mp3, 5x audio multitrack), M-Pen, Grinta Live, Prompter \u0219i Audio Pro PlugIns, cablu de alimentare, surs\u0103 de alimentare, certificat de garan\u021bie, instruc\u021biuni de utilizare, instruc\u021biuni suplimentare<\/p>\n<p>Conexiuni:<\/p>\n<p>Intrare microfon 1+2: mufa combo XLR\/jack<br \/>\nLine In 1 (L+R): 2x muf\u0103 de 6,3 mm<br \/>\nLine In 2 (L+R): 2x muf\u0103 de 6,3 mm<br \/>\nIe\u0219ire audio (L+R, echilibrat): 2x mufe de 6,3 mm<br \/>\nIe\u0219ire pentru c\u0103\u0219ti: jack stereo de 6,3 mm<br \/>\nIe\u0219ire Aux Mon (L+R): 2x cinch<br \/>\nClick afar\u0103: muf\u0103 de 6,3 mm<br \/>\nComutator de pedal\u0103: muf\u0103 de 6,3 mm<br \/>\nIe\u0219ire video HDMI<br \/>\nConexiune la alimentare 12V<br \/>\n4x USB la dispozitiv<br \/>\nEthernet<br \/>\nMidi In<br \/>\nMidi Out<br \/>\nUSB<\/p>\n","protected":false},"excerpt":{"rendered":"<p>\u00centr-un singur modul , tot ce ave\u021bi nevoie pentru a inregistra \u00a0\u0219i a c\u00e2nta la cele mai \u00eenalte niveluri. Merish5+ este evolu\u021bia versiunilor anterioare \u0219i reprezint\u0103 cele mai bune dispozitive de sine st\u0103t\u0103toare dedicate citirii, arhiv\u0103rii \u0219i red\u0103rii pieselor de suport digitale. Merish5+ include toate caracteristicile predecesorilor s\u0103i, dar a fost optimizat \u0219i complet reproiectat.<\/p>\n<p>&nbsp;<\/p>\n<p>https:\/\/www.youtube.com\/watch?v=WhuWmzs05O0<\/p>\n<p>&nbsp;<\/p>\n","protected":false},"featured_media":8212,"comment_status":"open","ping_status":"closed","template":"","meta":[],"product_brand":[],"product_cat":[634],"product_tag":[641,635,644,643,642],"class_list":{"0":"post-8211","1":"product","2":"type-product","3":"status-publish","4":"has-post-thumbnail","6":"product_cat-m-live","7":"product_tag-live-player","8":"product_tag-m-live","9":"product_tag-merish-5","10":"product_tag-modul-de-sunet","11":"product_tag-sound-module","13":"first","14":"instock","15":"purchasable","16":"product-type-simple"},"jetpack_sharing_enabled":true,"_links":{"self":[{"href":"https:\/\/quintett.eu\/index.php?rest_route=\/wp\/v2\/product\/8211","targetHints":{"allow":["GET"]}}],"collection":[{"href":"https:\/\/quintett.eu\/index.php?rest_route=\/wp\/v2\/product"}],"about":[{"href":"https:\/\/quintett.eu\/index.php?rest_route=\/wp\/v2\/types\/product"}],"replies":[{"embeddable":true,"href":"https:\/\/quintett.eu\/index.php?rest_route=%2Fwp%2Fv2%2Fcomments&post=8211"}],"wp:featuredmedia":[{"embeddable":true,"href":"https:\/\/quintett.eu\/index.php?rest_route=\/wp\/v2\/media\/8212"}],"wp:attachment":[{"href":"https:\/\/quintett.eu\/index.php?rest_route=%2Fwp%2Fv2%2Fmedia&parent=8211"}],"wp:term":[{"taxonomy":"product_brand","embeddable":true,"href":"https:\/\/quintett.eu\/index.php?rest_route=%2Fwp%2Fv2%2Fproduct_brand&post=8211"},{"taxonomy":"product_cat","embeddable":true,"href":"https:\/\/quintett.eu\/index.php?rest_route=%2Fwp%2Fv2%2Fproduct_cat&post=8211"},{"taxonomy":"product_tag","embeddable":true,"href":"https:\/\/quintett.eu\/index.php?rest_route=%2Fwp%2Fv2%2Fproduct_tag&post=8211"}],"curies":[{"name":"wp","href":"https:\/\/api.w.org\/{rel}","templated":true}]}}