{"id":8819,"date":"2023-03-14T18:25:34","date_gmt":"2023-03-14T16:25:34","guid":{"rendered":"https:\/\/quintett.eu\/?post_type=product&#038;p=8819"},"modified":"2024-06-20T12:08:32","modified_gmt":"2024-06-20T10:08:32","slug":"evolite-evo-spark-600","status":"publish","type":"product","link":"https:\/\/quintett.eu\/?product=evolite-evo-spark-600","title":{"rendered":"Evolite &#8211; Evo Spark 600"},"content":{"rendered":"<p>Specificatii :<\/p>\n<ul>\n<li>Ma\u0219in\u0103 profesional\u0103 cu sc\u00e2ntei<\/li>\n<li>U\u0219or \u0219i sigur de utilizat<\/li>\n<li>Utilizare cu Evolite Evo Spark Powder<\/li>\n<li>2 canale DMX<\/li>\n<li>Nu este necesar\u0103 autorizarea specific\u0103<\/li>\n<li>Timp de \u00eenc\u0103lzire: 3 minute<\/li>\n<li>Rezervor care permite utilizarea timp de 10 p\u00e2n\u0103 la 15 minute<\/li>\n<li>Corp de \u00eenc\u0103lzire: 400 W<\/li>\n<li>Func\u021bie de autocur\u0103\u021bare<\/li>\n<li>Produc\u021bia de sc\u00e2ntei continu\u0103 timp de max. 30 de secunde<\/li>\n<li>Debit maxim: de la 1 la 6 metri de proiectie<\/li>\n<li>Telecomanda radio inclusa<\/li>\n<li>Control putere DMX<\/li>\n<li>Carcasa robusta din aluminiu<\/li>\n<li>Siguranta: 6A \/ 230V Tensiune: AC230V, 50Hz Consum de energie: 650W \/ 2.3A<\/li>\n<li>Dimensiuni ambalaj: 305 x 305 x 340mm<\/li>\n<li>Dimensiuni (L x l) x H): 185 x 185 x 252mm<\/li>\n<li>Greutate net\u0103: 5,9 kg Greutate brut\u0103: 6,7 kg<\/li>\n<\/ul>\n","protected":false},"excerpt":{"rendered":"<p>Ma\u0219in\u0103 profesional\u0103 cu sc\u00e2ntei reci de \u00eenalt\u0103 calitate Evolite Evo Spark 600, \u00een\u0103l\u021bimea jetului reglabil\u0103 de la 1 la 6 metri, controlabil\u0103 prin telecomand\u0103 sau DMX. Un efect surprinz\u0103tor care va face furori la evenimentul t\u0103u!<\/p>\n","protected":false},"featured_media":8820,"comment_status":"open","ping_status":"closed","template":"","meta":[],"product_brand":[],"product_cat":[493,42],"product_tag":[725,498,728,723],"class_list":{"0":"post-8819","1":"product","2":"type-product","3":"status-publish","4":"has-post-thumbnail","6":"product_cat-msc","7":"product_cat-promotii","8":"product_tag-evo-spark","9":"product_tag-evolite","10":"product_tag-masina-cu-scantei","11":"product_tag-masina-pirotechnica","13":"first","14":"instock","15":"sale","16":"purchasable","17":"product-type-simple"},"jetpack_sharing_enabled":true,"_links":{"self":[{"href":"https:\/\/quintett.eu\/index.php?rest_route=\/wp\/v2\/product\/8819","targetHints":{"allow":["GET"]}}],"collection":[{"href":"https:\/\/quintett.eu\/index.php?rest_route=\/wp\/v2\/product"}],"about":[{"href":"https:\/\/quintett.eu\/index.php?rest_route=\/wp\/v2\/types\/product"}],"replies":[{"embeddable":true,"href":"https:\/\/quintett.eu\/index.php?rest_route=%2Fwp%2Fv2%2Fcomments&post=8819"}],"wp:featuredmedia":[{"embeddable":true,"href":"https:\/\/quintett.eu\/index.php?rest_route=\/wp\/v2\/media\/8820"}],"wp:attachment":[{"href":"https:\/\/quintett.eu\/index.php?rest_route=%2Fwp%2Fv2%2Fmedia&parent=8819"}],"wp:term":[{"taxonomy":"product_brand","embeddable":true,"href":"https:\/\/quintett.eu\/index.php?rest_route=%2Fwp%2Fv2%2Fproduct_brand&post=8819"},{"taxonomy":"product_cat","embeddable":true,"href":"https:\/\/quintett.eu\/index.php?rest_route=%2Fwp%2Fv2%2Fproduct_cat&post=8819"},{"taxonomy":"product_tag","embeddable":true,"href":"https:\/\/quintett.eu\/index.php?rest_route=%2Fwp%2Fv2%2Fproduct_tag&post=8819"}],"curies":[{"name":"wp","href":"https:\/\/api.w.org\/{rel}","templated":true}]}}