{"id":8964,"date":"2023-05-03T13:56:12","date_gmt":"2023-05-03T11:56:12","guid":{"rendered":"https:\/\/quintett.eu\/?post_type=product&#038;p=8964"},"modified":"2025-03-17T17:42:25","modified_gmt":"2025-03-17T15:42:25","slug":"austrian-audio-oc7-copiaza","status":"publish","type":"product","link":"https:\/\/quintett.eu\/?product=austrian-audio-oc7-copiaza","title":{"rendered":"Austrian Audio OD5"},"content":{"rendered":"<div class=\"text-original js-prod-text-original\">\n<p>Microfon de instrument activ-dinamic<\/p>\n<p>Caracteristica direc\u021bional\u0103: cardioid<br \/>\nGama de frecventa: 20 &#8211; 18.000 Hz<br \/>\nSensibilitate: 6,7 mV\/Pa<br \/>\nZgomot propriu: 21 dB SPL (A)<br \/>\nMax. SPL: 151 dB (&gt;160 dB SPL cu pad)<br \/>\nFiltru HP: 80 Hz (ordinea a doua) sau 120 Hz (ordinea a doua) comutabil<br \/>\nPreatenuare comutabil\u0103: -10 dB<br \/>\nNecesit\u0103 alimentare fantom de 48 V<br \/>\nDimensiuni: 147 x 82 x 54 mm<br \/>\nGreutate: 265 g<\/p>\n<\/div>\n","protected":false},"excerpt":{"rendered":"<p>Cu OD5, Austrian Audio introduce un microfon activ-dinamic optimizat pentru utilizarea pe instrumente.<\/p>\n<p>Fabricat manual \u00een Viena \u0219i supus celor mai stricte procese de asigurare a calit\u0103\u021bii, microfonul pentru instrument OD5 vine din nou cu c\u00e2teva caracteristici speciale \u00een modul obi\u0219nuit al audio austriac.<\/p>\n<p>Cel mai remarcabil este mecanismul \u201earticula\u021bie pivotant\u0103\u201d. Pentru a simplifica pozi\u021bionarea microfonului instrumentului, inginerii Austrian Audio au dezvoltat un sistem de suspensie pentru co\u0219ul microfonului care permite o rota\u021bie de 220\u00b0 a c\u00e2mpului. Acest lucru permite ca microfonul s\u0103 fie aliniat cu precizie la sursa de sunet sau \u00een func\u021bie de preferin\u021bele personale de sunet.<\/p>\n<p>O caracteristic\u0103 deja cunoscut\u0103 de la microfonul vocal OD505 este circuitul activ-dinamic. Acest lucru asigur\u0103 c\u0103 chiar \u0219i cablurile lungi nu au niciun efect negativ asupra semnalului. \u00cen plus, designul activ-dinamic permite integrarea unui filtru trece-\u00eenalt adecvat.<\/p>\n<p>Fiind un microfon pentru instrumente foarte versatil, OD5 va g\u0103si multe utiliz\u0103ri. Perfect potrivit pentru utilizarea pe diverse tobe, este, de asemenea, superb la amplificatoare de chitar\u0103, precum \u0219i \u00een fa\u021ba instrumentelor de suflat.<\/p>\n<p>Fabricat la Viena.<\/p>\n","protected":false},"featured_media":8965,"comment_status":"open","ping_status":"closed","template":"","meta":[],"product_brand":[],"product_cat":[768,306],"product_tag":[307,763,762,759,764],"class_list":{"0":"post-8964","1":"product","2":"type-product","3":"status-publish","4":"has-post-thumbnail","6":"product_cat-20-years","7":"product_cat-austrian-audio","8":"product_tag-austrian-audio","9":"product_tag-austrian-audio-od5","10":"product_tag-microfon-cardioid","11":"product_tag-microfon-condenser","12":"product_tag-od-5","14":"first","15":"instock","16":"sale","17":"purchasable","18":"product-type-simple"},"jetpack_sharing_enabled":true,"_links":{"self":[{"href":"https:\/\/quintett.eu\/index.php?rest_route=\/wp\/v2\/product\/8964","targetHints":{"allow":["GET"]}}],"collection":[{"href":"https:\/\/quintett.eu\/index.php?rest_route=\/wp\/v2\/product"}],"about":[{"href":"https:\/\/quintett.eu\/index.php?rest_route=\/wp\/v2\/types\/product"}],"replies":[{"embeddable":true,"href":"https:\/\/quintett.eu\/index.php?rest_route=%2Fwp%2Fv2%2Fcomments&post=8964"}],"wp:featuredmedia":[{"embeddable":true,"href":"https:\/\/quintett.eu\/index.php?rest_route=\/wp\/v2\/media\/8965"}],"wp:attachment":[{"href":"https:\/\/quintett.eu\/index.php?rest_route=%2Fwp%2Fv2%2Fmedia&parent=8964"}],"wp:term":[{"taxonomy":"product_brand","embeddable":true,"href":"https:\/\/quintett.eu\/index.php?rest_route=%2Fwp%2Fv2%2Fproduct_brand&post=8964"},{"taxonomy":"product_cat","embeddable":true,"href":"https:\/\/quintett.eu\/index.php?rest_route=%2Fwp%2Fv2%2Fproduct_cat&post=8964"},{"taxonomy":"product_tag","embeddable":true,"href":"https:\/\/quintett.eu\/index.php?rest_route=%2Fwp%2Fv2%2Fproduct_tag&post=8964"}],"curies":[{"name":"wp","href":"https:\/\/api.w.org\/{rel}","templated":true}]}}