{"id":9200,"date":"2023-05-15T17:10:41","date_gmt":"2023-05-15T15:10:41","guid":{"rendered":"https:\/\/quintett.eu\/?product=hpa-sc-2288r"},"modified":"2023-05-15T17:10:41","modified_gmt":"2023-05-15T15:10:41","slug":"hpa-sc-2288r","status":"publish","type":"product","link":"https:\/\/quintett.eu\/?product=hpa-sc-2288r","title":{"rendered":"HPA SC-2288R"},"content":{"rendered":"<p># R\u00e9ception et transmission UHF <\/p>\n<p># Fr\u00e9quence porteuse 610MHz # 659.75MHz<\/p>\n<p># R\u00e9ponse en fr\u00e9quence 50Hz # 15KHz<\/p>\n<p># Modulation FM<\/p>\n<p># Ecran LCD 160&#215;32<\/p>\n<p># Gestion jusqu&#8217;\u016f 256 micros<\/p>\n<p># Utilisation simultan\u00e9e de 5 micros (1 pr\u00e9sident + 4 d\u00e9l\u00e9gu\u00e9s) <\/p>\n<p># Mode prise de parole : FIFO (1\/2\/3\/4), limit\u00e9 (1\/2\/3\/4), pr\u00e9sident seul <\/p>\n<p># Port\u00e9e en conditions normales jusqu&#8217;\u016f 60 m\u0150tres<\/p>\n<p># Supporte le tracking auto avec cam\u00e9ra (n\u00e9cessite un module de gestion additionnel)<\/p>\n<p># Rapport signal bruit : > 85dB<\/p>\n<p># THD : < 0.8%\n\n# Sortie audio sur Jack et XLR (sym\u00e9trique)\n\n# Rackable 19pouces\n\n# Alimentation via adaptateur DC13.5V \/ 2A\n<\/p>\n","protected":false},"excerpt":{"rendered":"<p>R\u00e9cepteur de syst\u0150me de conf\u00e9rence sans-fil HPA SC-2288R<\/p>\n","protected":false},"featured_media":9201,"comment_status":"closed","ping_status":"open","template":"","meta":[],"product_brand":[],"product_cat":[783,16],"product_tag":[475,74,406,786,785,133],"class_list":{"0":"post-9200","1":"product","2":"type-product","3":"status-publish","4":"has-post-thumbnail","6":"product_cat-amplifier","7":"product_cat-sonorizare-pa","8":"product_tag-100v","9":"product_tag-amplificatoare","10":"product_tag-boxe","11":"product_tag-conferinta","12":"product_tag-hpa","13":"product_tag-microfoane","15":"first","16":"instock","17":"purchasable","18":"product-type-simple"},"jetpack_sharing_enabled":true,"_links":{"self":[{"href":"https:\/\/quintett.eu\/index.php?rest_route=\/wp\/v2\/product\/9200","targetHints":{"allow":["GET"]}}],"collection":[{"href":"https:\/\/quintett.eu\/index.php?rest_route=\/wp\/v2\/product"}],"about":[{"href":"https:\/\/quintett.eu\/index.php?rest_route=\/wp\/v2\/types\/product"}],"replies":[{"embeddable":true,"href":"https:\/\/quintett.eu\/index.php?rest_route=%2Fwp%2Fv2%2Fcomments&post=9200"}],"wp:featuredmedia":[{"embeddable":true,"href":"https:\/\/quintett.eu\/index.php?rest_route=\/wp\/v2\/media\/9201"}],"wp:attachment":[{"href":"https:\/\/quintett.eu\/index.php?rest_route=%2Fwp%2Fv2%2Fmedia&parent=9200"}],"wp:term":[{"taxonomy":"product_brand","embeddable":true,"href":"https:\/\/quintett.eu\/index.php?rest_route=%2Fwp%2Fv2%2Fproduct_brand&post=9200"},{"taxonomy":"product_cat","embeddable":true,"href":"https:\/\/quintett.eu\/index.php?rest_route=%2Fwp%2Fv2%2Fproduct_cat&post=9200"},{"taxonomy":"product_tag","embeddable":true,"href":"https:\/\/quintett.eu\/index.php?rest_route=%2Fwp%2Fv2%2Fproduct_tag&post=9200"}],"curies":[{"name":"wp","href":"https:\/\/api.w.org\/{rel}","templated":true}]}}