{"id":9381,"date":"2023-08-04T16:50:12","date_gmt":"2023-08-04T14:50:12","guid":{"rendered":"https:\/\/quintett.eu\/?post_type=product&#038;p=9381"},"modified":"2024-11-17T00:00:13","modified_gmt":"2024-11-16T22:00:13","slug":"pls-pro-led-beam-150-st-740mb","status":"publish","type":"product","link":"https:\/\/quintett.eu\/?product=pls-pro-led-beam-150-st-740mb","title":{"rendered":"PLS PRO LED Beam 150 &#8211; ST-740MB"},"content":{"rendered":"<p>Specifica\u021bii :<\/p>\n<p>Tensiune de intrare: AC100-240v\/50-60HZ<br \/>\nCantitati LED: OSRAM OSTAR S2WN 7x40w RGBW<br \/>\nConsum de energie: 350 W<br \/>\nConexiune de alimentare: intrare \u0219i ie\u0219ire Powercon<br \/>\nConexiune individual\u0103: intrare \u0219i ie\u0219ire 3pin-XLR \u0219i 5pin-XLR<br \/>\nZOOM angel: 5-50\u00b0 Durata de via\u021b\u0103: 50.000 ore<br \/>\nControl: Auto\/Sunet\/DMX512\/Master-slave<br \/>\nCanal: 17CH\/58CH\/18CH\/11CH<br \/>\nPan\/Tilt: rezolu\u021bie neted\u0103 de 8 bi\u021bi \u0219i rezolu\u021bie precis\u0103 de 16 bi\u021bi pentru<br \/>\nMi\u0219care PAN\/TILT 540\u00b0 pan \u0219i 270\u00b0 tilt<br \/>\nSistemul CTO\/MY<br \/>\nMicro USB<br \/>\nSuport\u0103 func\u021bia DM<br \/>\nGreutate neta: 5 kg<br \/>\nG.W: 11 kg<br \/>\nDimensiuni: 39\u00d729\u00d742 cm<\/p>\n","protected":false},"excerpt":{"rendered":"<p>Aceasta este \u00een prezent cea mai mic\u0103 lumin\u0103 cu cap mobil cu LED BEAM. Are 7 OSRAM OSTAR. Fiecare cip LED atinge o putere de 40W. Poate crea un fascicul de lumin\u0103 de mare intensitate la o distan\u021b\u0103 scurt\u0103. Dar are 4-60\u00b0 Distan\u021ba de zoom \u0219i efectul Wash au o acoperire mare. C\u00e2nt\u0103re\u0219te doar 5 kg. Este foarte potrivit pentru companiile de \u00eenchiriere s\u0103 fac\u0103 fa\u021b\u0103 diferitelor proiecte de instalare mobil\u0103. Ceea ce este surprinz\u0103tor este c\u0103 are un control liniar al temperaturii culorii de 2800K-8000K, care poate \u00eendeplini proiecte de instalare de \u00eenalt\u0103 calitate. De exemplu, Teatre, Studiouri TV&#8230; sunt \u00een prezent cele mai frecvent utilizate .<\/p>\n","protected":false},"featured_media":9382,"comment_status":"open","ping_status":"closed","template":"","meta":[],"product_brand":[],"product_cat":[768,798],"product_tag":[819,820,190,832,833],"class_list":{"0":"post-9381","1":"product","2":"type-product","3":"status-publish","4":"has-post-thumbnail","6":"product_cat-20-years","7":"product_cat-pls","8":"product_tag-led-beam","9":"product_tag-led-beam-7x40w","10":"product_tag-moving-head","11":"product_tag-robe","12":"product_tag-robe-ledbeam-150","14":"first","15":"instock","16":"purchasable","17":"product-type-simple"},"jetpack_sharing_enabled":true,"_links":{"self":[{"href":"https:\/\/quintett.eu\/index.php?rest_route=\/wp\/v2\/product\/9381","targetHints":{"allow":["GET"]}}],"collection":[{"href":"https:\/\/quintett.eu\/index.php?rest_route=\/wp\/v2\/product"}],"about":[{"href":"https:\/\/quintett.eu\/index.php?rest_route=\/wp\/v2\/types\/product"}],"replies":[{"embeddable":true,"href":"https:\/\/quintett.eu\/index.php?rest_route=%2Fwp%2Fv2%2Fcomments&post=9381"}],"wp:featuredmedia":[{"embeddable":true,"href":"https:\/\/quintett.eu\/index.php?rest_route=\/wp\/v2\/media\/9382"}],"wp:attachment":[{"href":"https:\/\/quintett.eu\/index.php?rest_route=%2Fwp%2Fv2%2Fmedia&parent=9381"}],"wp:term":[{"taxonomy":"product_brand","embeddable":true,"href":"https:\/\/quintett.eu\/index.php?rest_route=%2Fwp%2Fv2%2Fproduct_brand&post=9381"},{"taxonomy":"product_cat","embeddable":true,"href":"https:\/\/quintett.eu\/index.php?rest_route=%2Fwp%2Fv2%2Fproduct_cat&post=9381"},{"taxonomy":"product_tag","embeddable":true,"href":"https:\/\/quintett.eu\/index.php?rest_route=%2Fwp%2Fv2%2Fproduct_tag&post=9381"}],"curies":[{"name":"wp","href":"https:\/\/api.w.org\/{rel}","templated":true}]}}