{"id":9391,"date":"2023-08-04T17:30:48","date_gmt":"2023-08-04T15:30:48","guid":{"rendered":"https:\/\/quintett.eu\/?post_type=product&#038;p=9391"},"modified":"2025-04-17T18:40:48","modified_gmt":"2025-04-17T16:40:48","slug":"pls-pro-14-dj-led-pixel-bar","status":"publish","type":"product","link":"https:\/\/quintett.eu\/?product=pls-pro-14-dj-led-pixel-bar","title":{"rendered":"PLS PRO 1240 TETRA2 BAR"},"content":{"rendered":"","protected":false},"excerpt":{"rendered":"<p>1240 TETRA2 BAR<br \/>\nCapul mobil Zoom 12*40W este una din seria de lumini cu cap mobil WASH cu LED-uri de mare putere. De asemenea, folosind cipuri Osram 40W RGBW 4in1 Led, acest produs are performan\u021be excelente \u00een luminozitate. \u00cen compara\u021bie cu capul \u00een mi\u0219care Zoom 12*40W, este mai mic ca dimensiune \u0219i este utilizat pe scar\u0103 larg\u0103 nu numai \u00een scen\u0103 mare, ci \u0219i discoteci mici, evenimente \u0219i cluburi. Func\u021bia de zoom neted de 4,5-36\u00b0 permite controlul liber . Dimmerul electronic liniar 0-100% face trecerea culorii de la lumin\u0103 la \u00eentuneric \u00een mod natural. Pentru a avea o mai bun\u0103 disipare a c\u0103ldurii, am \u00eembun\u0103t\u0103\u021bit ventilatorul, care poate regla viteza \u00een func\u021bie de temperatur\u0103, de\u0219i poate func\u021biona normal chiar \u0219i dup\u0103 o perioad\u0103 lung\u0103 de timp. Controlul LED cu pixeli face schimb\u0103ri de culoare nesf\u00e2r\u0219ite.<\/p>\n","protected":false},"featured_media":12746,"comment_status":"open","ping_status":"closed","template":"","meta":[],"product_brand":[],"product_cat":[798,42],"product_tag":[829,830,1423,828,1425,1424],"class_list":{"0":"post-9391","1":"product","2":"type-product","3":"status-publish","4":"has-post-thumbnail","6":"product_cat-pls","7":"product_cat-promotii","8":"product_tag-led-bar","9":"product_tag-led-bar-14-x-3","10":"product_tag-ledbar-12x40","11":"product_tag-pixel-bar","12":"product_tag-squareled","13":"product_tag-tetra-bar","15":"first","16":"instock","17":"purchasable","18":"product-type-simple"},"jetpack_sharing_enabled":true,"_links":{"self":[{"href":"https:\/\/quintett.eu\/index.php?rest_route=\/wp\/v2\/product\/9391","targetHints":{"allow":["GET"]}}],"collection":[{"href":"https:\/\/quintett.eu\/index.php?rest_route=\/wp\/v2\/product"}],"about":[{"href":"https:\/\/quintett.eu\/index.php?rest_route=\/wp\/v2\/types\/product"}],"replies":[{"embeddable":true,"href":"https:\/\/quintett.eu\/index.php?rest_route=%2Fwp%2Fv2%2Fcomments&post=9391"}],"wp:featuredmedia":[{"embeddable":true,"href":"https:\/\/quintett.eu\/index.php?rest_route=\/wp\/v2\/media\/12746"}],"wp:attachment":[{"href":"https:\/\/quintett.eu\/index.php?rest_route=%2Fwp%2Fv2%2Fmedia&parent=9391"}],"wp:term":[{"taxonomy":"product_brand","embeddable":true,"href":"https:\/\/quintett.eu\/index.php?rest_route=%2Fwp%2Fv2%2Fproduct_brand&post=9391"},{"taxonomy":"product_cat","embeddable":true,"href":"https:\/\/quintett.eu\/index.php?rest_route=%2Fwp%2Fv2%2Fproduct_cat&post=9391"},{"taxonomy":"product_tag","embeddable":true,"href":"https:\/\/quintett.eu\/index.php?rest_route=%2Fwp%2Fv2%2Fproduct_tag&post=9391"}],"curies":[{"name":"wp","href":"https:\/\/api.w.org\/{rel}","templated":true}]}}