{"id":9406,"date":"2023-09-02T14:55:32","date_gmt":"2023-09-02T12:55:32","guid":{"rendered":"https:\/\/quintett.eu\/?post_type=product&#038;p=9406"},"modified":"2025-11-11T00:00:17","modified_gmt":"2025-11-10T22:00:17","slug":"mac-mah-mic-300-set-microfoane","status":"publish","type":"product","link":"https:\/\/quintett.eu\/?product=mac-mah-mic-300-set-microfoane","title":{"rendered":"Mac Mah &#8211; MIC 300 -set microfoane"},"content":{"rendered":"<p>Caracteristici:<br \/>\nMac Mah MIC 300 Pachet de 3 microfoane cu fir<br \/>\nLivrat cu cutie + 3 cleme pentru microfon<br \/>\nMicrofon profesional pentru voce \u0219i instrumente, oferind o calitate audio impecabil\u0103<br \/>\nComutator pornit\/oprit<br \/>\nNivel ridicat de ie\u0219ire pentru o reproducere clar\u0103 \u0219i precis\u0103 a vocii<br \/>\nRespingerea excep\u021bional\u0103 \u00een afara axei protejeaz\u0103 \u00eempotriva feedback-ului<br \/>\nL\u0103\u021bime de band\u0103: de la 80 Hz la 15 kHz<br \/>\nDirectivitate: super cardioid<br \/>\nImpedanta: 600 ohmi<br \/>\nSensibilitate: -52dBV (0dBV = 1V\/Pa), 2,5mV\/Pa<br \/>\nConector: muf\u0103 XLR echilibrat\u0103<\/p>\n","protected":false},"excerpt":{"rendered":"<p>Set de 3 microfoane dinamice voce speciale Mac Mah MIC 300. Setul include cutie de transport \u0219i cleme pentru microfon.<\/p>\n","protected":false},"featured_media":13371,"comment_status":"open","ping_status":"closed","template":"","meta":[],"product_brand":[],"product_cat":[1472,495],"product_tag":[115,836,837,839,838],"class_list":{"0":"post-9406","1":"product","2":"type-product","3":"status-publish","4":"has-post-thumbnail","6":"product_cat-black-friday-najlepsie-ceny","7":"product_cat-msc-sonorizare-si-profesional-audio-2","8":"product_tag-microfon","9":"product_tag-microfon-voce","10":"product_tag-set-microfoane","11":"product_tag-set-microfoane-voce","12":"product_tag-sm58","14":"first","15":"instock","16":"purchasable","17":"product-type-simple"},"jetpack_sharing_enabled":true,"_links":{"self":[{"href":"https:\/\/quintett.eu\/index.php?rest_route=\/wp\/v2\/product\/9406","targetHints":{"allow":["GET"]}}],"collection":[{"href":"https:\/\/quintett.eu\/index.php?rest_route=\/wp\/v2\/product"}],"about":[{"href":"https:\/\/quintett.eu\/index.php?rest_route=\/wp\/v2\/types\/product"}],"replies":[{"embeddable":true,"href":"https:\/\/quintett.eu\/index.php?rest_route=%2Fwp%2Fv2%2Fcomments&post=9406"}],"wp:featuredmedia":[{"embeddable":true,"href":"https:\/\/quintett.eu\/index.php?rest_route=\/wp\/v2\/media\/13371"}],"wp:attachment":[{"href":"https:\/\/quintett.eu\/index.php?rest_route=%2Fwp%2Fv2%2Fmedia&parent=9406"}],"wp:term":[{"taxonomy":"product_brand","embeddable":true,"href":"https:\/\/quintett.eu\/index.php?rest_route=%2Fwp%2Fv2%2Fproduct_brand&post=9406"},{"taxonomy":"product_cat","embeddable":true,"href":"https:\/\/quintett.eu\/index.php?rest_route=%2Fwp%2Fv2%2Fproduct_cat&post=9406"},{"taxonomy":"product_tag","embeddable":true,"href":"https:\/\/quintett.eu\/index.php?rest_route=%2Fwp%2Fv2%2Fproduct_tag&post=9406"}],"curies":[{"name":"wp","href":"https:\/\/api.w.org\/{rel}","templated":true}]}}