{"id":941,"date":"2020-05-26T15:16:44","date_gmt":"2020-05-26T13:16:44","guid":{"rendered":"https:\/\/quintett.eu\/?post_type=product&#038;p=941"},"modified":"2025-03-17T17:23:27","modified_gmt":"2025-03-17T15:23:27","slug":"audio-technica-at2050","status":"publish","type":"product","link":"https:\/\/quintett.eu\/?product=audio-technica-at2050","title":{"rendered":"Audio Technica AT2050"},"content":{"rendered":"<table class=\"table-data-sheet\">\n<tbody>\n<tr class=\"odd\">\n<td>Tip<\/td>\n<td>Condenser<\/td>\n<\/tr>\n<tr class=\"even\">\n<td>Caracteristica polara<\/td>\n<td>Multi-pattern<\/td>\n<\/tr>\n<tr class=\"odd\">\n<td>Impedanta<\/td>\n<td>120 ohmi<\/td>\n<\/tr>\n<tr class=\"even\">\n<td>Banda de frecvente<\/td>\n<td>20 Hz &#8211; 20 kHz<\/td>\n<\/tr>\n<tr class=\"odd\">\n<td>Alimentare<\/td>\n<td>11-52V DC (\u00b14V)<\/td>\n<\/tr>\n<tr class=\"even\">\n<td>SPL maxim<\/td>\n<td>149 dB SPL 159 dB SPL<\/td>\n<\/tr>\n<tr class=\"odd\">\n<td>Conexiuni<\/td>\n<td>XLR 3 pin<\/td>\n<\/tr>\n<tr class=\"even\">\n<td>Sensibilitate<\/td>\n<td>-42 dB<\/td>\n<\/tr>\n<tr class=\"odd\">\n<td>Microfon pentru<\/td>\n<td>Studio<\/td>\n<\/tr>\n<tr class=\"even\">\n<td>Raport semnal-zgomot<\/td>\n<td>77 dB<\/td>\n<\/tr>\n<tr class=\"odd\">\n<td>Greutate<\/td>\n<td>412 g<\/td>\n<\/tr>\n<tr class=\"even\">\n<td>Dimensiuni<\/td>\n<td>170 x 52 mm<\/td>\n<\/tr>\n<tr class=\"odd\">\n<td>Tip produs<\/td>\n<td>Microfon de studio<\/td>\n<\/tr>\n<tr class=\"even\">\n<td>Categorie Produs<\/td>\n<td>Microfoane de studio<\/td>\n<\/tr>\n<\/tbody>\n<\/table>\n<p>&nbsp;<\/p>\n","protected":false},"excerpt":{"rendered":"<h2>AT2050<\/h2>\n<h3>flexibilitate incredibila, fiabilitate si consecventa<\/h3>\n<p>Un model foarte adaptabil,\u00a0AT2050 garanteaz\u0103 o performan\u021b\u0103 consecvent\u0103, superioar\u0103 \u00een toate cele trei ipostaze: cardioid, omni sau figur\u0103 de opt. Diafragma dubl\u0103 este suflat\u0103 cu aur \u0219i maturat\u0103 \u00eentr-un mediu controlat pentru a atinge caracteristicile optime, pe care altfel le-ar fi dob\u00e2ndit doar dup\u0103 ani de folosire. Dotat cu un filtru high-pass comutabil la 80 Hz \u0219i pad de 10 dB, acest microfon este ideal pentru utilizarea \u00een studio \u0219i live, pentru voci, pian, coarde, overhead-uri de tobe, amplificatoare de chitar\u0103 \u0219i multe alte surse sonore.<\/p>\n<ul>\n<li>\u00cenalt\u0103 performan\u021b\u0103 \u0219i fiabilitate maxim\u0103<\/li>\n<li>Diafragm\u0103 mare, dubl\u0103, pentru un sunet fin, natural \u0219i zgomot propriu redus<\/li>\n<li>Trei figuri polare comutabile: omni, cardioid, figur\u0103 de opt<\/li>\n<li>Componente electronice de cea mai \u00eenalt\u0103 calitate \u0219i performan\u021b\u0103, \u00een conformitate cu cele mai stricte standarde de consecven\u021b\u0103 \u0219i fiabilitate ale Audio-Technica<\/li>\n<li>Filtru high-pass comutabil la 80 Hz \u0219i pad de 10 dB<\/li>\n<li>Extrem de adaptabil; ideal pentru voci, percu\u021bie, coarde, amplificatoare \u0219i seturi de tobe<\/li>\n<li>Construc\u021bie robust\u0103 din metal cu grilaj pentru protec\u021bie sporit\u0103 a capsulei<\/li>\n<\/ul>\n","protected":false},"featured_media":942,"comment_status":"open","ping_status":"closed","template":"","meta":[],"product_brand":[],"product_cat":[60],"product_tag":[123,118,117],"class_list":{"0":"post-941","1":"product","2":"type-product","3":"status-publish","4":"has-post-thumbnail","6":"product_cat-microfoane","7":"product_tag-at2050","8":"product_tag-audio-technica","9":"product_tag-microfon-de-studio","11":"first","12":"instock","13":"purchasable","14":"product-type-simple"},"jetpack_sharing_enabled":true,"_links":{"self":[{"href":"https:\/\/quintett.eu\/index.php?rest_route=\/wp\/v2\/product\/941","targetHints":{"allow":["GET"]}}],"collection":[{"href":"https:\/\/quintett.eu\/index.php?rest_route=\/wp\/v2\/product"}],"about":[{"href":"https:\/\/quintett.eu\/index.php?rest_route=\/wp\/v2\/types\/product"}],"replies":[{"embeddable":true,"href":"https:\/\/quintett.eu\/index.php?rest_route=%2Fwp%2Fv2%2Fcomments&post=941"}],"wp:featuredmedia":[{"embeddable":true,"href":"https:\/\/quintett.eu\/index.php?rest_route=\/wp\/v2\/media\/942"}],"wp:attachment":[{"href":"https:\/\/quintett.eu\/index.php?rest_route=%2Fwp%2Fv2%2Fmedia&parent=941"}],"wp:term":[{"taxonomy":"product_brand","embeddable":true,"href":"https:\/\/quintett.eu\/index.php?rest_route=%2Fwp%2Fv2%2Fproduct_brand&post=941"},{"taxonomy":"product_cat","embeddable":true,"href":"https:\/\/quintett.eu\/index.php?rest_route=%2Fwp%2Fv2%2Fproduct_cat&post=941"},{"taxonomy":"product_tag","embeddable":true,"href":"https:\/\/quintett.eu\/index.php?rest_route=%2Fwp%2Fv2%2Fproduct_tag&post=941"}],"curies":[{"name":"wp","href":"https:\/\/api.w.org\/{rel}","templated":true}]}}