{"id":9615,"date":"2024-01-09T19:48:41","date_gmt":"2024-01-09T17:48:41","guid":{"rendered":"https:\/\/quintett.eu\/?post_type=product&#038;p=9615"},"modified":"2024-01-09T19:49:43","modified_gmt":"2024-01-09T17:49:43","slug":"neutrik-nl2fxx-w-s-x-100-buc","status":"publish","type":"product","link":"https:\/\/quintett.eu\/?product=neutrik-nl2fxx-w-s-x-100-buc","title":{"rendered":"NEUTRIK NL2FXX-W-S x 100 buc"},"content":{"rendered":"<div class=\"product_section product_section_description\">\n<div class=\"product_section_content\">\n<div class=\"__i\">\n<div class=\"description\">\n<p><strong>SPECIFICA\u021aII:<\/strong><\/p>\n<ul>\n<li>Se potrive\u0219te cu conectorul de \u0219asiu cu 2 poli, precum \u0219i cu conectorul de \u0219asiu cu 4 poli (contacte +1\/-1)<\/li>\n<li>Design ergonomic cu carcas\u0103 turnat\u0103 din dou\u0103 componente anti-alunecare<\/li>\n<li>Curent nominal de p\u00e2n\u0103 la 37 A rms Buc\u0219\u0103 de blocare Neutrik unic\u0103 \u0219i detensionare pentru diametre de cablu de la 6 mm la 12 mm<\/li>\n<li>Standard superior de calitate NEUTRIK, extrem de robust \u0219i de \u00eencredere<\/li>\n<li>Sistem de blocare prin r\u0103sucire u\u0219or \u0219i fiabil<\/li>\n<li>U\u0219or de asamblat deoarece decuplarea se blocheaz\u0103 mecanic cu inser\u021bia \u0219i se aliniaz\u0103 cu carcasa Protec\u021bie \u00eembun\u0103t\u0103\u021bit\u0103 la \u00eendoire prin buc\u0219\u0103 din dou\u0103 componente<\/li>\n<\/ul>\n<p>&nbsp;<\/p>\n<\/div>\n<\/div>\n<\/div>\n<\/div>\n<div class=\"product_section product_section_specs\">\n<div class=\"product_section_link\">\n<div id=\"specificatii-produs\" class=\"link _mPS2id-t mPS2id-target\"><\/div>\n<div class=\"data\" data-icon=\"description\" data-id=\"specificatii-produs\" data-title=\"Specifica\u021bii\"><\/div>\n<\/div>\n<\/div>\n<div class=\"product_section product_section_reviews\">\n<div class=\"product_section_link\">\n<div id=\"comentarii-produs\" class=\"link _mPS2id-t mPS2id-target mPS2id-target-last\"><\/div>\n<div class=\"data\" data-icon=\"reviews\" data-id=\"comentarii-produs\" data-title=\"Recenzii\"><\/div>\n<\/div>\n<div class=\"product_section_title\">\n<div class=\"__i\">\n<div class=\"icon\"><\/div>\n<div class=\"title\">Recenzii<\/div>\n<\/div>\n<\/div>\n<div class=\"product_section_content\"><\/div>\n<\/div>\n","protected":false},"excerpt":{"rendered":"<p>Conector de cablu speakon cu 2 poli, ansamblu terminal cu \u0219urub, detensionare tip mandr\u0103 pentru diametre de cablu de la 6 la 12 mm<\/p>\n","protected":false},"featured_media":9616,"comment_status":"open","ping_status":"closed","template":"","meta":[],"product_brand":[],"product_cat":[184],"product_tag":[90,86,93,885,92],"class_list":{"0":"post-9615","1":"product","2":"type-product","3":"status-publish","4":"has-post-thumbnail","6":"product_cat-conectori-mufe","7":"product_tag-conector","8":"product_tag-neutrik","9":"product_tag-nl2fx","10":"product_tag-nl2fxx-w-s","11":"product_tag-speakon","13":"first","14":"instock","15":"purchasable","16":"product-type-simple"},"jetpack_sharing_enabled":true,"_links":{"self":[{"href":"https:\/\/quintett.eu\/index.php?rest_route=\/wp\/v2\/product\/9615","targetHints":{"allow":["GET"]}}],"collection":[{"href":"https:\/\/quintett.eu\/index.php?rest_route=\/wp\/v2\/product"}],"about":[{"href":"https:\/\/quintett.eu\/index.php?rest_route=\/wp\/v2\/types\/product"}],"replies":[{"embeddable":true,"href":"https:\/\/quintett.eu\/index.php?rest_route=%2Fwp%2Fv2%2Fcomments&post=9615"}],"wp:featuredmedia":[{"embeddable":true,"href":"https:\/\/quintett.eu\/index.php?rest_route=\/wp\/v2\/media\/9616"}],"wp:attachment":[{"href":"https:\/\/quintett.eu\/index.php?rest_route=%2Fwp%2Fv2%2Fmedia&parent=9615"}],"wp:term":[{"taxonomy":"product_brand","embeddable":true,"href":"https:\/\/quintett.eu\/index.php?rest_route=%2Fwp%2Fv2%2Fproduct_brand&post=9615"},{"taxonomy":"product_cat","embeddable":true,"href":"https:\/\/quintett.eu\/index.php?rest_route=%2Fwp%2Fv2%2Fproduct_cat&post=9615"},{"taxonomy":"product_tag","embeddable":true,"href":"https:\/\/quintett.eu\/index.php?rest_route=%2Fwp%2Fv2%2Fproduct_tag&post=9615"}],"curies":[{"name":"wp","href":"https:\/\/api.w.org\/{rel}","templated":true}]}}