{"id":9709,"date":"2024-02-24T12:48:27","date_gmt":"2024-02-24T10:48:27","guid":{"rendered":"https:\/\/quintett.eu\/?post_type=product&#038;p=9709"},"modified":"2024-03-25T17:44:59","modified_gmt":"2024-03-25T15:44:59","slug":"leyard-venue-pro-series","status":"publish","type":"product","link":"https:\/\/quintett.eu\/?product=leyard-venue-pro-series","title":{"rendered":"Leyard Venue Pro Series Ecran Led"},"content":{"rendered":"<p>Leyard Venue&#x2122; Pro Series<\/p>\n<p>Modele\u00a0 disponibile :<\/p>\n<p>1.9, 2.5, 3.9, 4.8, 5.9mm pixeli pitch<br \/>\nService \u0219i instalare fa\u021b\u0103 sau spate<br \/>\nManipularea unei singure persoane<br \/>\nAg\u0103\u021ba\u021bi, stivui\u021bi sau monta\u021bi pe perete<\/p>\n<div class=\"container\">\n<h2 class=\"ce_headline first\">Specifications<\/h2>\n<div class=\"block white last\">\n<div class=\"ce_table block\">\n<div class=\"tableContainer\">\n<table id=\"table_22350\">\n<thead>\n<tr>\n<th class=\"head_0 col_first unsortable\">Model<\/th>\n<th class=\"head_1\">VPI-1.9<\/th>\n<th class=\"head_2\">VPI-2.5<\/th>\n<th class=\"head_3\">VPI-3.9<\/th>\n<th class=\"head_4\">VPI-4.8<\/th>\n<th class=\"head_5 col_last\">VPI-5.9<\/th>\n<\/tr>\n<\/thead>\n<tbody>\n<tr class=\"row_0 row_first odd\">\n<th class=\"col_0 col_first\" scope=\"row\">Pitch (mm)<\/th>\n<td class=\"col_1\">1.95<\/td>\n<td class=\"col_2\">2.50<\/td>\n<td class=\"col_3\">3.91<\/td>\n<td class=\"col_4\">4.81<\/td>\n<td class=\"col_5 col_last\">5.59<\/td>\n<\/tr>\n<tr class=\"row_1 even\">\n<th class=\"col_0 col_first\" scope=\"row\">Pixel Configuration<\/th>\n<td class=\"col_1\">SMD<\/td>\n<td class=\"col_2\">SMD<\/td>\n<td class=\"col_3\">SMD<\/td>\n<td class=\"col_4\">SMD<\/td>\n<td class=\"col_5 col_last\">SMD<\/td>\n<\/tr>\n<tr class=\"row_2 odd\">\n<th class=\"col_0 col_first\" scope=\"row\">LED Drive Mode<\/th>\n<td class=\"col_1\">Constant Current Drive<\/td>\n<td class=\"col_2\">Constant Current Drive<\/td>\n<td class=\"col_3\">Constant Current Drive<\/td>\n<td class=\"col_4\">Constant Current Drive<\/td>\n<td class=\"col_5 col_last\">Constant Current Drive<\/td>\n<\/tr>\n<tr class=\"row_3 even\">\n<th class=\"col_0 col_first\" scope=\"row\">Cabinet Size (W x H x D)<\/th>\n<td class=\"col_1\">500 x 500 x 74 mm<\/td>\n<td class=\"col_2\">500 x 500 x 77 mm<\/td>\n<td class=\"col_3\">500 x 500 x 77 mm<\/td>\n<td class=\"col_4\">500 x 500 x 77 mm<\/td>\n<td class=\"col_5 col_last\">500 x 500 x 77 mm<\/td>\n<\/tr>\n<tr class=\"row_4 odd\">\n<th class=\"col_0 col_first\" scope=\"row\">Cabinet Diagonal<\/th>\n<td class=\"col_1\">707.10mm<\/td>\n<td class=\"col_2\">707.10mm<\/td>\n<td class=\"col_3\">707.10mm<\/td>\n<td class=\"col_4\">707.10mm<\/td>\n<td class=\"col_5 col_last\">707.10mm<\/td>\n<\/tr>\n<tr class=\"row_5 even\">\n<th class=\"col_0 col_first\" scope=\"row\">Cabinet Resolution<\/th>\n<td class=\"col_1\">256&#215;256<\/td>\n<td class=\"col_2\">200&#215;200<\/td>\n<td class=\"col_3\">128&#215;128<\/td>\n<td class=\"col_4\">104&#215;104<\/td>\n<td class=\"col_5 col_last\">84&#215;84<\/td>\n<\/tr>\n<tr class=\"row_6 odd\">\n<th class=\"col_0 col_first\" scope=\"row\">Pixel Density (pixels\/m\u00b2)<\/th>\n<td class=\"col_1\">262,144<\/td>\n<td class=\"col_2\">160,000<\/td>\n<td class=\"col_3\">65,536<\/td>\n<td class=\"col_4\">43,264<\/td>\n<td class=\"col_5 col_last\">28,224<\/td>\n<\/tr>\n<tr class=\"row_7 even\">\n<th class=\"col_0 col_first\" scope=\"row\">Modules\/Display (W x H)<\/th>\n<td class=\"col_1\">2&#215;2<\/td>\n<td class=\"col_2\">2&#215;2<\/td>\n<td class=\"col_3\">2&#215;2<\/td>\n<td class=\"col_4\">2&#215;2<\/td>\n<td class=\"col_5 col_last\">2&#215;2<\/td>\n<\/tr>\n<tr class=\"row_8 odd\">\n<th class=\"col_0 col_first\" scope=\"row\">Module Resolution (WxH)<\/th>\n<td class=\"col_1\">128&#215;128<\/td>\n<td class=\"col_2\">100&#215;100<\/td>\n<td class=\"col_3\">64&#215;64<\/td>\n<td class=\"col_4\">52&#215;52<\/td>\n<td class=\"col_5 col_last\">42&#215;42<\/td>\n<\/tr>\n<tr class=\"row_9 even\">\n<th class=\"col_0 col_first\" scope=\"row\">Module Size (W x H)<\/th>\n<td class=\"col_1\">250 x 250 mm<\/td>\n<td class=\"col_2\">250 x 250 mm<\/td>\n<td class=\"col_3\">250 x 250 mm<\/td>\n<td class=\"col_4\">250 x 250 mm<\/td>\n<td class=\"col_5 col_last\">250 x 250 mm<\/td>\n<\/tr>\n<tr class=\"row_10 odd\">\n<th class=\"col_0 col_first\" scope=\"row\">Power Consumption, Maximum (watts)<\/th>\n<td class=\"col_1\">160<\/td>\n<td class=\"col_2\">160<\/td>\n<td class=\"col_3\">160<\/td>\n<td class=\"col_4\">160<\/td>\n<td class=\"col_5 col_last\">160<\/td>\n<\/tr>\n<tr class=\"row_11 even\">\n<th class=\"col_0 col_first\" scope=\"row\">Line Voltage<\/th>\n<td class=\"col_1\">100~240v AC, 50\/60Hz<\/td>\n<td class=\"col_2\">100~240v AC, 50\/60Hz<\/td>\n<td class=\"col_3\">100~240v AC, 50\/60Hz<\/td>\n<td class=\"col_4\">100~240v AC, 50\/60Hz<\/td>\n<td class=\"col_5 col_last\">100~240v AC, 50\/60Hz<\/td>\n<\/tr>\n<tr class=\"row_12 odd\">\n<th class=\"col_0 col_first\" scope=\"row\">Cabinet Weight (per display)<\/th>\n<td class=\"col_1\">\u2264 8.00 kg \/ 17.64 lbs<\/td>\n<td class=\"col_2\">\u2264 8.00 kg \/ 17.64 lbs<\/td>\n<td class=\"col_3\">\u2264 8.00 kg \/ 17.64 lbs<\/td>\n<td class=\"col_4\">\u2264 8.00 kg \/ 17.64 lbs<\/td>\n<td class=\"col_5 col_last\">\u2264 8.00 kg \/ 17.64 lbs<\/td>\n<\/tr>\n<tr class=\"row_13 even\">\n<th class=\"col_0 col_first\" scope=\"row\">Brightness Max, Calibration On (cd\/sq)<\/th>\n<td class=\"col_1\">1000<\/td>\n<td class=\"col_2\">1000<\/td>\n<td class=\"col_3\">1000<\/td>\n<td class=\"col_4\">1000<\/td>\n<td class=\"col_5 col_last\">1000<\/td>\n<\/tr>\n<tr class=\"row_14 odd\">\n<th class=\"col_0 col_first\" scope=\"row\">Frame Rate (Hz)<\/th>\n<td class=\"col_1\">50Hz\/60Hz<\/td>\n<td class=\"col_2\">50Hz\/60Hz<\/td>\n<td class=\"col_3\">50Hz\/60Hz<\/td>\n<td class=\"col_4\">50Hz\/60Hz<\/td>\n<td class=\"col_5 col_last\">50Hz\/60Hz<\/td>\n<\/tr>\n<tr class=\"row_15 even\">\n<th class=\"col_0 col_first\" scope=\"row\">Colour Temperature (K)<\/th>\n<td class=\"col_1\">3000-10000 adjustable<\/td>\n<td class=\"col_2\">3000-10000 adjustable<\/td>\n<td class=\"col_3\">3000-10000 adjustable<\/td>\n<td class=\"col_4\">3000-10000 adjustable<\/td>\n<td class=\"col_5 col_last\">3000-10000 adjustable<\/td>\n<\/tr>\n<tr class=\"row_16 odd\">\n<th class=\"col_0 col_first\" scope=\"row\">Contrast Ratio<\/th>\n<td class=\"col_1\">6000:1<\/td>\n<td class=\"col_2\">6000:1<\/td>\n<td class=\"col_3\">6000:1<\/td>\n<td class=\"col_4\">6000:1<\/td>\n<td class=\"col_5 col_last\">6000:1<\/td>\n<\/tr>\n<tr class=\"row_17 even\">\n<th class=\"col_0 col_first\" scope=\"row\">Viewing Angle (50% of brightness)<\/th>\n<td class=\"col_1\">&gt;150\u00b0 horizontal; &gt;130\u00b0 vertical<\/td>\n<td class=\"col_2\">&gt;150\u00b0 horizontal; &gt;130\u00b0 vertical<\/td>\n<td class=\"col_3\">&gt;150\u00b0 horizontal; &gt;130\u00b0 vertical<\/td>\n<td class=\"col_4\">&gt;150\u00b0 horizontal; &gt;130\u00b0 vertical<\/td>\n<td class=\"col_5 col_last\">&gt;150\u00b0 horizontal; &gt;130\u00b0 vertical<\/td>\n<\/tr>\n<tr class=\"row_18 odd\">\n<th class=\"col_0 col_first\" scope=\"row\">Front Access Install\/Service<\/th>\n<td class=\"col_1\">Yes<\/td>\n<td class=\"col_2\">Yes<\/td>\n<td class=\"col_3\">Yes<\/td>\n<td class=\"col_4\">Yes<\/td>\n<td class=\"col_5 col_last\">Yes<\/td>\n<\/tr>\n<tr class=\"row_19 even\">\n<th class=\"col_0 col_first\" scope=\"row\">Refresh Rate (Hz)<\/th>\n<td class=\"col_1\">3840 Hz<\/td>\n<td class=\"col_2\">3840 Hz<\/td>\n<td class=\"col_3\">3840 Hz<\/td>\n<td class=\"col_4\">3840 Hz<\/td>\n<td class=\"col_5 col_last\">3840 Hz<\/td>\n<\/tr>\n<tr class=\"row_20 odd\">\n<th class=\"col_0 col_first\" scope=\"row\">LED Lifetime (Half Brightness)<\/th>\n<td class=\"col_1\">100,000 hours<\/td>\n<td class=\"col_2\">100,000 hours<\/td>\n<td class=\"col_3\">100,000 hours<\/td>\n<td class=\"col_4\">100,000 hours<\/td>\n<td class=\"col_5 col_last\">100,000 hours<\/td>\n<\/tr>\n<tr class=\"row_21 even\">\n<th class=\"col_0 col_first\" scope=\"row\">Operating Temperature\/Humidity (degrees C)<\/th>\n<td class=\"col_1\">-20\u00b0 to 40\u00b0 C (10-80% RH, non-condensing)<\/td>\n<td class=\"col_2\">-20\u00b0 to 40\u00b0 C (10-80% RH, non-condensing)<\/td>\n<td class=\"col_3\">-20\u00b0 to 40\u00b0 C (10-80% RH, non-condensing)<\/td>\n<td class=\"col_4\">-20\u00b0 to 40\u00b0 C (10-80% RH, non-condensing)<\/td>\n<td class=\"col_5 col_last\">-20\u00b0 to 40\u00b0 C (10-80% RH, non-condensing)<\/td>\n<\/tr>\n<tr class=\"row_22 odd\">\n<th class=\"col_0 col_first\" scope=\"row\">Storage Temperature\/Humidity (degrees C)<\/th>\n<td class=\"col_1\">-40\u00b0 to 60\u00b0 C (10-85% RH, non-condensing)<\/td>\n<td class=\"col_2\">-40\u00b0 to 60\u00b0 C (10-85% RH, non-condensing)<\/td>\n<td class=\"col_3\">-40\u00b0 to 60\u00b0 C (10-85% RH, non-condensing)<\/td>\n<td class=\"col_4\">-40\u00b0 to 60\u00b0 C (10-85% RH, non-condensing)<\/td>\n<td class=\"col_5 col_last\">-40\u00b0 to 60\u00b0 C (10-85% RH, non-condensing)<\/td>\n<\/tr>\n<tr class=\"row_23 row_last even\">\n<th class=\"col_0 col_first\" scope=\"row\">IP Rating<\/th>\n<td class=\"col_1\">IP30<\/td>\n<td class=\"col_2\">IP30<\/td>\n<td class=\"col_3\">IP30<\/td>\n<td class=\"col_4\">IP30<\/td>\n<td class=\"col_5 col_last\">IP30<\/td>\n<\/tr>\n<\/tbody>\n<\/table>\n<\/div>\n<\/div>\n<\/div>\n<\/div>\n","protected":false},"excerpt":{"rendered":"<div class=\"ce_text box60 block\">\n<p>Ecranele video LED de interior Leyard Venue&#x2122; Pro Series sunt proiectate pentru a r\u0103spunde nevoilor evenimentelor temporare, loca\u021biilor mari \u0219i instala\u021biilor fixe. Ele ofer\u0103 acces complet \u00een fa\u021b\u0103 sau \u00een spate la electronice pentru o configura\u021bie versatil\u0103 \u0219i dulapuri ata\u0219abile magnetic, cu un sistem de blocare rapid\u0103 care accept\u0103 manipularea de c\u0103tre o singur\u0103 persoan\u0103.<br \/>\nVarietate de instalare dup\u0103 design<\/p>\n<p>Ecranele video LED din seria Leyard Venue Pro sunt u\u0219or de adaptat la diferite modele, cum ar fi ag\u0103\u021ba\u021bi, stivuibili, monta\u021bi pe perete, monta\u021bi pe podea, ata\u0219a\u021bi la rame tradi\u021bionale \u0219i personalizate. Cu o gam\u0103 larg\u0103 de configura\u021bii, aceast\u0103 serie este ideal\u0103 pentru aplica\u021bii precum concerte, festivaluri, conferin\u021be, \u00eent\u00e2lniri publice, t\u00e2rguri sau expozi\u021bii.<br \/>\nProiectat pentru configurare \u0219i demontare frecvent\u0103<\/p>\n<p>Seria Leyard Venue Pro ofer\u0103 cel mai \u00eenalt nivel de flexibilitate de afi\u0219are \u0219i u\u0219urin\u021b\u0103 de configurare. Pentru a permite instalarea unei singure persoane, seria dispune de puncte magnetice care \u021bin pentru scurt timp dulapul cu LED-uri pe loc, \u00een timp ce un instalator ata\u0219eaz\u0103 dulapul cu LED-uri \u0219i completeaz\u0103 cablarea. Cabinetii dispun, de asemenea, de un sistem de blocare rapid\u0103 integrat care permite cabinetelor s\u0103 fie conectati u\u0219or \u0219i eficient \u00eentre ei.<br \/>\nComponente compacte \u0219i fiabile<\/p>\n<p>Seria Leyard Venue Pro folose\u0219te cabluri de alimentare \u0219i semnal care sunt compatibile cu standardele din industrie \u0219i dispune de un sistem de blocare rapid \u0219i u\u0219or cu blocare prin r\u0103sucire. Toate componentele electronice sunt g\u0103zduite \u00eentr-un singur compartiment pe spatele cabinetului. Compartimentul electronic este u\u0219or de demontat pentru a permite accesul rapid \u0219i \u00eentre\u021binerea tuturor componentelor.<br \/>\nUimitor vizual \u00een orice mediu<\/p>\n<p>Cu luminozitate ridicat\u0103, contrast excelent \u0219i o gam\u0103 larg\u0103 de culori, seria Leyard Venue Pro ofer\u0103 o calitate excep\u021bional\u0103 a imaginii pentru a \u00eembun\u0103t\u0103\u021bi aplica\u021biile dinamice. Seria este potrivit\u0103 pentru aplica\u021bii cu lumin\u0103 ambiental\u0103 ridicat\u0103, modelele de interior oferind 1000 nits de luminozitate.<\/p>\n<\/div>\n","protected":false},"featured_media":9714,"comment_status":"open","ping_status":"closed","template":"","meta":[],"product_brand":[],"product_cat":[895],"product_tag":[965,382,898,906,903,900,897,899,904,905,901,902],"class_list":{"0":"post-9709","1":"product","2":"type-product","3":"status-publish","4":"has-post-thumbnail","6":"product_cat-leyard-led","7":"product_tag-cel-mai-bun-ecran-led","8":"product_tag-ecran-led","9":"product_tag-ecran-led-1-9","10":"product_tag-ecran-led-10-4","11":"product_tag-ecran-led-2-5","12":"product_tag-ecran-led-2-9","13":"product_tag-ecran-led-3-9","14":"product_tag-ecran-led-4-8","15":"product_tag-ecran-led-5-9","16":"product_tag-ecran-led-7-8","17":"product_tag-led-screen","18":"product_tag-leyard","20":"first","21":"onbackorder","22":"product-type-simple"},"jetpack_sharing_enabled":true,"_links":{"self":[{"href":"https:\/\/quintett.eu\/index.php?rest_route=\/wp\/v2\/product\/9709","targetHints":{"allow":["GET"]}}],"collection":[{"href":"https:\/\/quintett.eu\/index.php?rest_route=\/wp\/v2\/product"}],"about":[{"href":"https:\/\/quintett.eu\/index.php?rest_route=\/wp\/v2\/types\/product"}],"replies":[{"embeddable":true,"href":"https:\/\/quintett.eu\/index.php?rest_route=%2Fwp%2Fv2%2Fcomments&post=9709"}],"wp:featuredmedia":[{"embeddable":true,"href":"https:\/\/quintett.eu\/index.php?rest_route=\/wp\/v2\/media\/9714"}],"wp:attachment":[{"href":"https:\/\/quintett.eu\/index.php?rest_route=%2Fwp%2Fv2%2Fmedia&parent=9709"}],"wp:term":[{"taxonomy":"product_brand","embeddable":true,"href":"https:\/\/quintett.eu\/index.php?rest_route=%2Fwp%2Fv2%2Fproduct_brand&post=9709"},{"taxonomy":"product_cat","embeddable":true,"href":"https:\/\/quintett.eu\/index.php?rest_route=%2Fwp%2Fv2%2Fproduct_cat&post=9709"},{"taxonomy":"product_tag","embeddable":true,"href":"https:\/\/quintett.eu\/index.php?rest_route=%2Fwp%2Fv2%2Fproduct_tag&post=9709"}],"curies":[{"name":"wp","href":"https:\/\/api.w.org\/{rel}","templated":true}]}}